{"id":99,"date":"2017-07-05T11:12:27","date_gmt":"2017-07-05T09:12:27","guid":{"rendered":"http:\/\/www.imf.asso.fr\/pages\/?page_id=99"},"modified":"2026-03-25T15:55:07","modified_gmt":"2026-03-25T14:55:07","slug":"deaes","status":"publish","type":"page","link":"https:\/\/www.imf.asso.fr\/pages\/?page_id=99","title":{"rendered":"DEAES"},"content":{"rendered":"<div class=\"post_sous-title\"><a title=\"Permalien vers DEAES\" href=\"\/pages\/?page_id=99\" rel=\"bookmark\">Dipl\u00f4me d&rsquo;Etat d&rsquo;Accompagnant Educatif et Social<\/a><\/div>\n<div class=\"post_sous-title\"><span style=\"font-size: 10pt;\"><span style=\"font-size: 12pt; padding: 0 0 0 7px;\">Niveau du dipl\u00f4me : <strong>Niveau 3 <\/strong>&#8211; R\u00e9forme ao\u00fbt 2021<\/span><\/span><!--more--><\/div>\n<div style=\"margin: 0 30px 0 0; max-width: 600px; height: 100%; float: left;\">\n<p>\nL\u2019accompagnant \u00e9ducatif et social <span style=\"color: #1d60ab;\"><strong>r\u00e9alise une intervention sociale au quotidien<\/strong><\/span>\u00a0visant \u00e0\u00a0<span style=\"color: #1d60ab;\"><strong>compenser les cons\u00e9quences d\u2019un handicap<\/strong><\/span>, quelles qu\u2019en soient l\u2019origine ou la nature. Il prend en compte les difficult\u00e9s li\u00e9es \u00e0 l\u2019\u00e2ge, \u00e0 la maladie, au mode de vie ou les cons\u00e9quences d\u2019une situation sociale de vuln\u00e9rabilit\u00e9, pour permettre \u00e0 la personne d\u2019\u00eatre actrice de son projet de vie.<\/p>\n<p>Il accompagne les personnes tant\u00a0<span style=\"color: #1d60ab;\"><strong>dans les actes essentiels de ce quotidien<\/strong><\/span>\u00a0que dans les activit\u00e9s de vie sociale, scolaire et de loisirs.<br \/>\nIl veille \u00e0 l\u2019acquisition, la pr\u00e9servation ou \u00e0 la restauration de l\u2019<span style=\"color: #1d60ab;\"><strong>autonomie<\/strong><\/span>\u00a0d\u2019enfants, d\u2019adolescents, d\u2019adultes, de personnes vieillissantes ou de familles, et les accompagne dans leur vie sociale et<br \/>\nrelationnelle.<\/p>\n<\/div>\n<div style=\"width: 200px; float: left; margin: 20px 0 0 0;\">\n<p><a style=\"background-color: #fff; padding: 10px 10px; border-radius: 45px; border: 1px solid #cb6ce6;\" href=\"https:\/\/www.imf.asso.fr\/pages\/?page_id=624\"><strong>Se pr\u00e9-inscrire<\/strong><\/a><\/p>\n<p><a style=\"background-color: #fff; padding: 10px 10px; border-radius: 45px; border: 1px solid #cb6ce6;\" href=\"https:\/\/www.imf.asso.fr\/pages\/?page_id=193\"><strong>La formation en d\u00e9tail<\/strong><\/a><\/p>\n<p><a style=\"background-color: #fff; padding: 10px 10px; border-radius: 45px; border: 1px solid #cb6ce6;\" href=\"https:\/\/www.imf.asso.fr\/pages\/wp-content\/uploads\/AES-Sept-2025-Calendrier-1.pdf\"><strong>Calendrier de formation<\/strong><\/a>\u00a0<\/p>\n<p><a style=\"background-color: #fff; padding: 10px 10px; border-radius: 45px; border: 1px solid #cb6ce6;\" href=\"https:\/\/www.imf.asso.fr\/pages\/wp-content\/uploads\/f_deaes_260305-1.pdf\"><strong>La fiche formation (pdf)<\/strong><\/a><\/p>\n<p><a style=\"background-color: #fff; padding: 10px 10px; border-radius: 45px; border: 1px solid #cb6ce6;\" href=\"https:\/\/www.imf.asso.fr\/pages\/?page_id=1641\"><strong>Les taux de r\u00e9ussite\u00a0<\/strong><\/a><\/p>\n<p>RNCP <em><strong>36004<\/strong><\/em><strong><br \/>\n<\/strong><\/p>\n<\/div>\n<p style=\"clear: both;\">\u00a0<\/p>\n<p>&nbsp;<\/p>\n<p><span style=\"font-size: 18pt; color: #1d60ab;\"><strong>L\u2019exercice professionnel<\/strong><\/span><\/p>\n<div>\n<p>Ses interventions d\u2019aides et d\u2019accompagnement contribuent \u00e0\u00a0<strong>l\u2019\u00e9panouissement de la personne \u00e0 son domicile, en structure et dans le cadre scolaire et social<\/strong>. Dans le cadre de ses missions, en lien avec une \u00e9quipe et sous la responsabilit\u00e9 d\u2019un professionnel encadrant ou r\u00e9f\u00e9rent, <strong>il participe \u00e0 l\u2019\u00e9laboration et la mise en \u0153uvre d\u2019un accompagnement adapt\u00e9 \u00e0 la situation de la personne<\/strong>, de ses besoins, de ses attentes, de ses droits et libert\u00e9s.<\/p>\n<ul>\n<li><strong>Il \u00e9tablit une relation attentive de proximit\u00e9<\/strong>, en fonction des capacit\u00e9s et potentialit\u00e9s de la personne dans toutes ses dimensions (physiques, physiologiques, cognitives, psychologiques, psychiques, relationnelles et sociales).<\/li>\n<li><strong>Il soutient et favorise la communication<\/strong>\u00a0et l\u2019expression de la personne qu\u2019elle soit verbale ou non verbale.<\/li>\n<li><strong>Il participe \u00e0 son bien-\u00eatre physique et psychologique<\/strong>\u00a0dans les diff\u00e9rentes \u00e9tapes de sa vie<\/li>\n<li><strong>Il contribue \u00e0 la pr\u00e9vention de la rupture<\/strong>\u00a0et\/ou \u00e0 la r\u00e9activation du lien social.<\/li>\n<\/ul>\n<\/div>\n<div>\u00a0<\/div>\n<div class=\"factice-child-page\"><a href=\"https:\/\/www.imf.asso.fr\/pages\/?page_id=624\">La s\u00e9lection<\/a><\/div>\n","protected":false},"excerpt":{"rendered":"<div class=\"post_sous-title\"><a title=\"Permalien vers DEAES\" href=\"\/pages\/?page_id=99\" rel=\"bookmark\">Dipl\u00f4me d&rsquo;Etat d&rsquo;Accompagnant Educatif et Social<\/a><\/div>\n<div class=\"post_sous-title\"><span style=\"font-size: 10pt;\"><span style=\"font-size: 12pt; padding: 0 0 0 7px;\">Niveau du dipl\u00f4me : <strong>Niveau 3 <\/strong>&#8211; R\u00e9forme ao\u00fbt 2021<\/span><\/span><\/div>\n","protected":false},"author":1,"featured_media":0,"parent":85,"menu_order":9,"comment_status":"closed","ping_status":"closed","template":"template-twocolumnsleft.php","meta":{"footnotes":""},"_links":{"self":[{"href":"https:\/\/www.imf.asso.fr\/pages\/index.php?rest_route=\/wp\/v2\/pages\/99"}],"collection":[{"href":"https:\/\/www.imf.asso.fr\/pages\/index.php?rest_route=\/wp\/v2\/pages"}],"about":[{"href":"https:\/\/www.imf.asso.fr\/pages\/index.php?rest_route=\/wp\/v2\/types\/page"}],"author":[{"embeddable":true,"href":"https:\/\/www.imf.asso.fr\/pages\/index.php?rest_route=\/wp\/v2\/users\/1"}],"replies":[{"embeddable":true,"href":"https:\/\/www.imf.asso.fr\/pages\/index.php?rest_route=%2Fwp%2Fv2%2Fcomments&post=99"}],"version-history":[{"count":5,"href":"https:\/\/www.imf.asso.fr\/pages\/index.php?rest_route=\/wp\/v2\/pages\/99\/revisions"}],"predecessor-version":[{"id":16839,"href":"https:\/\/www.imf.asso.fr\/pages\/index.php?rest_route=\/wp\/v2\/pages\/99\/revisions\/16839"}],"up":[{"embeddable":true,"href":"https:\/\/www.imf.asso.fr\/pages\/index.php?rest_route=\/wp\/v2\/pages\/85"}],"wp:attachment":[{"href":"https:\/\/www.imf.asso.fr\/pages\/index.php?rest_route=%2Fwp%2Fv2%2Fmedia&parent=99"}],"curies":[{"name":"wp","href":"https:\/\/api.w.org\/{rel}","templated":true}]}}

<div class="post_sous-title"><a title="Permalien vers DEAES" href="/pages/?page_id=99" rel="bookmark">Diplôme d&rsquo;Etat d&rsquo;Accompagnant Educatif et Social</a></div>
<div class="post_sous-title"><span style="font-size: 10pt;"><span style="font-size: 12pt; padding: 0 0 0 7px;">Niveau du diplôme : <strong>Niveau 3 </strong>&#8211; Réforme août 2021</span></span><!--more--></div>
<div style="margin: 0 30px 0 0; max-width: 600px; height: 100%; float: left;">
<p>
L’accompagnant éducatif et social <span style="color: #1d60ab;"><strong>réalise une intervention sociale au quotidien</strong></span> visant à <span style="color: #1d60ab;"><strong>compenser les conséquences d’un handicap</strong></span>, quelles qu’en soient l’origine ou la nature. Il prend en compte les difficultés liées à l’âge, à la maladie, au mode de vie ou les conséquences d’une situation sociale de vulnérabilité, pour permettre à la personne d’être actrice de son projet de vie.</p>
<p>Il accompagne les personnes tant <span style="color: #1d60ab;"><strong>dans les actes essentiels de ce quotidien</strong></span> que dans les activités de vie sociale, scolaire et de loisirs.<br />
Il veille à l’acquisition, la préservation ou à la restauration de l’<span style="color: #1d60ab;"><strong>autonomie</strong></span> d’enfants, d’adolescents, d’adultes, de personnes vieillissantes ou de familles, et les accompagne dans leur vie sociale et<br />
relationnelle.</p>
</div>
<div style="width: 200px; float: left; margin: 20px 0 0 0;">
<p><a style="background-color: #fff; padding: 10px 10px; border-radius: 45px; border: 1px solid #cb6ce6;" href="https://www.imf.asso.fr/pages/?page_id=624"><strong>Se pré-inscrire</strong></a></p>
<p><a style="background-color: #fff; padding: 10px 10px; border-radius: 45px; border: 1px solid #cb6ce6;" href="https://www.imf.asso.fr/pages/?page_id=193"><strong>La formation en détail</strong></a></p>
<p><a style="background-color: #fff; padding: 10px 10px; border-radius: 45px; border: 1px solid #cb6ce6;" href="https://www.imf.asso.fr/pages/wp-content/uploads/AES-Sept-2025-Calendrier-1.pdf"><strong>Calendrier de formation</strong></a> </p>
<p><a style="background-color: #fff; padding: 10px 10px; border-radius: 45px; border: 1px solid #cb6ce6;" href="https://www.imf.asso.fr/pages/wp-content/uploads/f_deaes_260305-1.pdf"><strong>La fiche formation (pdf)</strong></a></p>
<p><a style="background-color: #fff; padding: 10px 10px; border-radius: 45px; border: 1px solid #cb6ce6;" href="https://www.imf.asso.fr/pages/?page_id=1641"><strong>Les taux de réussite </strong></a></p>
<p>RNCP <em><strong>36004</strong></em><strong><br />
</strong></p>
</div>
<p style="clear: both;"> </p>
<p>&nbsp;</p>
<p><span style="font-size: 18pt; color: #1d60ab;"><strong>L’exercice professionnel</strong></span></p>
<div>
<p>Ses interventions d’aides et d’accompagnement contribuent à <strong>l’épanouissement de la personne à son domicile, en structure et dans le cadre scolaire et social</strong>. Dans le cadre de ses missions, en lien avec une équipe et sous la responsabilité d’un professionnel encadrant ou référent, <strong>il participe à l’élaboration et la mise en œuvre d’un accompagnement adapté à la situation de la personne</strong>, de ses besoins, de ses attentes, de ses droits et libertés.</p>
<ul>
<li><strong>Il établit une relation attentive de proximité</strong>, en fonction des capacités et potentialités de la personne dans toutes ses dimensions (physiques, physiologiques, cognitives, psychologiques, psychiques, relationnelles et sociales).</li>
<li><strong>Il soutient et favorise la communication</strong> et l’expression de la personne qu’elle soit verbale ou non verbale.</li>
<li><strong>Il participe à son bien-être physique et psychologique</strong> dans les différentes étapes de sa vie</li>
<li><strong>Il contribue à la prévention de la rupture</strong> et/ou à la réactivation du lien social.</li>
</ul>
</div>
<div> </div>
<div class="factice-child-page"><a href="https://www.imf.asso.fr/pages/?page_id=624">La sélection</a></div>

<div class="post_sous-title"><a title="Permalien vers DEAES" href="/pages/?page_id=99" rel="bookmark">Diplôme d&rsquo;Etat d&rsquo;Accompagnant Educatif et Social</a></div>
<div class="post_sous-title"><span style="font-size: 10pt;"><span style="font-size: 12pt; padding: 0 0 0 7px;">Niveau du diplôme : <strong>Niveau 3 </strong>&#8211; Réforme août 2021</span></span></div>
