{"id":9449,"date":"2023-06-13T09:52:34","date_gmt":"2023-06-13T07:52:34","guid":{"rendered":"https:\/\/www.imf.asso.fr\/pages\/?page_id=9449"},"modified":"2026-02-10T16:08:16","modified_gmt":"2026-02-10T15:08:16","slug":"dispense-et-allegement-de-formation-pour-les-formations-ass-es-eje","status":"publish","type":"page","link":"https:\/\/www.imf.asso.fr\/pages\/?page_id=9449","title":{"rendered":"Dispense et all\u00e8gement de formation pour les formations ASS-ES-EJE"},"content":{"rendered":"<p><!--more--><\/p>\n<table style=\"width: 100%; height: 570px;\">\n<tbody>\n<tr style=\"height: 62px;\">\n<td style=\"height: 62px;\"><span style=\"color: #1d60ab;\"><strong>Vous souhaitez reprendre une formation de niveau 6, vous \u00eates d\u00e9j\u00e0 en possession d\u2019un dipl\u00f4me de niveau 6 ou plus et vous souhaitez faire une demande d\u2019all\u00e8gements de formation.<\/strong><\/span><\/td>\n<\/tr>\n<tr style=\"height: 177px;\">\n<td style=\"height: 177px;\">\n<p>T\u00e9l\u00e9charger et renvoyer le <a href=\"https:\/\/www.imf.asso.fr\/pages\/wp-content\/uploads\/dossier_dispense-allegement-1.pdf\" target=\"_blank\" rel=\"noopener\">dossier suivant<\/a>.<\/p>\n<p>Votre dossier sera \u00e9tudi\u00e9 en commission afin d\u2019\u00e9valuer les connaissances acquises lors de vos diff\u00e9rentes exp\u00e9riences et de ce fait v\u00e9rifier que vous poss\u00e9dez les pr\u00e9-requis pour suivre la formation souhait\u00e9e. Si la commission \u00e9met un avis favorable, le responsable de formation vous convoquera \u00e0 un entretien individuel pour \u00e9laborer avec vous votre parcours personnalis\u00e9.<\/p>\n<\/td>\n<\/tr>\n<tr style=\"height: 62px;\">\n<td style=\"height: 62px;\">\n<p><span style=\"color: #1d60ab;\"><strong>Vous \u00eates en possession du dipl\u00f4me de Moniteur Educateur et vous avez r\u00e9ussi les s\u00e9lections d\u2019entr\u00e9e en formation ES, vous pouvez faire une demande d\u2019all\u00e8gements de formation.<\/strong><\/span><\/p>\n<\/td>\n<\/tr>\n<tr style=\"height: 269px;\">\n<td style=\"height: 269px;\">\n<p>Les passerelles entre le dipl\u00f4me de niveau 4 et le niveau dipl\u00f4me de niveau 6 ont \u00e9t\u00e9 supprim\u00e9es par la r\u00e9forme d\u2019Ao\u00fbt 2018. Le texte propose cependant une possibilit\u00e9 d\u2019all\u00e9gement allant jusqu\u2019\u00e0 un maximum de 33% de la formation th\u00e9orique sans dispense de domaine de comp\u00e9tences lors de la pr\u00e9sentation au dipl\u00f4me, ce qui signifie que les candidats doivent avoir pass\u00e9s l\u2019ensemble des \u00e9preuves de certifications d\u00e9l\u00e9gu\u00e9es organis\u00e9es par les centres de formation.<\/p>\n<p>L\u2019<strong>IMF RIS<\/strong> propose donc la mise en place d\u2019une proc\u00e9dure d\u2019\u00e9valuation des possibilit\u00e9s d\u2019all\u00e9gement individualis\u00e9es \u00e0 partir du parcours ant\u00e9rieur du demandeur d\u2019une formation d\u2019\u00e9ducateur sp\u00e9cialis\u00e9.<\/p>\n<p>T\u00e9l\u00e9charger et renvoyer le <a href=\"https:\/\/www.imf.asso.fr\/pages\/wp-content\/uploads\/Dossier-dispense-allegement-me-es-imf-2.pdf\">dossier suivant<\/a>.<\/p>\n<div class=\"x_elementToProof\"><span style=\"color: #1d60ab; font-size: 12pt;\"><b><br \/>\n<span style=\"font-size: 14pt;\">Information candidats<\/span><br \/>\nDispenses et all\u00e8gements de formation<\/b><\/span><\/div>\n<div class=\"x_elementToProof\">\u00a0<\/div>\n<div class=\"x_elementToProof\"><b>R\u00e9forme des dipl\u00f4mes du travail social \u2013 Rentr\u00e9e 2026 :\u00a0<\/b><\/div>\n<div class=\"x_elementToProof\">Les formations DEES, DEASS et DEEJE sont organis\u00e9es en blocs de comp\u00e9tences. Selon votre dipl\u00f4me d\u00e9j\u00e0 obtenu et votre exp\u00e9rience professionnelle, des <u>all\u00e8gements<\/u> de formation peuvent\u00a0\u00eatre accord\u00e9s <b>apr\u00e8s admission, \u00e0 l\u2019issue d\u2019un entretien de positionnement.<\/b><\/div>\n<div>\u00a0<\/div>\n<div class=\"x_elementToProof\"><b>Aucune dispense totale de dipl\u00f4me n\u2019est automatique hors d\u00e9marche de VAE.<\/b><\/div>\n<div>\u00a0<\/div>\n<div>\u00a0<\/div>\n<div class=\"x_elementToProof\"><span style=\"color: #1d60ab; font-size: 14pt;\"><b>Foire Aux Questions\u00a0<\/b><\/span><\/p>\n<ul>\n<li class=\"x_elementToProof\"><strong>Les all\u00e8gements sont-ils automatiques ?<\/strong> <br \/>\nNon. Ils sont d\u00e9cid\u00e9s par la commission p\u00e9dagogique apr\u00e8s \u00e9tude de votre dossier.<\/li>\n<li class=\"x_elementToProof\"><strong>Peut-on \u00eatre dispens\u00e9 d\u2019un dipl\u00f4me complet ?<\/strong> <br \/>\nNon, sauf dans le cadre d\u2019une Validation des Acquis de l\u2019Exp\u00e9rience (VAE).<\/li>\n<li class=\"x_elementToProof\"><strong>Quand a lieu l\u2019entretien de positionnement ?<\/strong> <br \/>\nApr\u00e8s l\u2019admission d\u00e9finitive en formation.<\/li>\n<li class=\"x_elementToProof\"><strong>Les all\u00e8gements r\u00e9duisent-ils les exigences de certification ?<\/strong> <br \/>\nNon. Tous les blocs doivent \u00eatre pr\u00e9sent\u00e9s \u00e0 certification.<\/li>\n<li class=\"x_elementToProof\"><strong>Les d\u00e9cisions sont-elles les m\u00eames dans toutes les \u00e9coles ?<\/strong> <br \/>\nLe cadre r\u00e9glementaire est national, mais l\u2019application est individualis\u00e9e.<\/li>\n<\/ul>\n<\/div>\n<\/td>\n<\/tr>\n<\/tbody>\n<\/table>\n","protected":false},"excerpt":{"rendered":"","protected":false},"author":1,"featured_media":0,"parent":0,"menu_order":0,"comment_status":"closed","ping_status":"closed","template":"template-twocolumnsleft.php","meta":{"footnotes":""},"_links":{"self":[{"href":"https:\/\/www.imf.asso.fr\/pages\/index.php?rest_route=\/wp\/v2\/pages\/9449"}],"collection":[{"href":"https:\/\/www.imf.asso.fr\/pages\/index.php?rest_route=\/wp\/v2\/pages"}],"about":[{"href":"https:\/\/www.imf.asso.fr\/pages\/index.php?rest_route=\/wp\/v2\/types\/page"}],"author":[{"embeddable":true,"href":"https:\/\/www.imf.asso.fr\/pages\/index.php?rest_route=\/wp\/v2\/users\/1"}],"replies":[{"embeddable":true,"href":"https:\/\/www.imf.asso.fr\/pages\/index.php?rest_route=%2Fwp%2Fv2%2Fcomments&post=9449"}],"version-history":[{"count":4,"href":"https:\/\/www.imf.asso.fr\/pages\/index.php?rest_route=\/wp\/v2\/pages\/9449\/revisions"}],"predecessor-version":[{"id":16198,"href":"https:\/\/www.imf.asso.fr\/pages\/index.php?rest_route=\/wp\/v2\/pages\/9449\/revisions\/16198"}],"wp:attachment":[{"href":"https:\/\/www.imf.asso.fr\/pages\/index.php?rest_route=%2Fwp%2Fv2%2Fmedia&parent=9449"}],"curies":[{"name":"wp","href":"https:\/\/api.w.org\/{rel}","templated":true}]}}