{"id":93,"date":"2017-07-05T11:11:20","date_gmt":"2017-07-05T09:11:20","guid":{"rendered":"http:\/\/www.imf.asso.fr\/pages\/?page_id=93"},"modified":"2026-03-12T11:23:24","modified_gmt":"2026-03-12T10:23:24","slug":"deeje","status":"publish","type":"page","link":"https:\/\/www.imf.asso.fr\/pages\/?page_id=93","title":{"rendered":"DEEJE"},"content":{"rendered":"<div class=\"post_sous-title\"><a title=\"Permalien vers DEEJE\" href=\"\/pages\/?page_id=93\" rel=\"bookmark\">Dipl\u00f4me d&rsquo;Etat d&rsquo;Educateur de Jeunes Enfants<\/a><\/div>\n<p><span style=\"font-size: 12pt; padding: 0 0 0 7px;\"> Niveau du dipl\u00f4me : <strong>Niveau 6 <em>(anciennement II) <\/em><\/strong><\/span><!--more--><\/p>\n<div style=\"margin: 0 30px 0 0; max-width: 600px; height: 100%; float: left;\">\n<p><span style=\"color: #1d60ab;\"><strong>L\u2019\u00c9ducateur de Jeunes Enfants est un travailleur social qualifi\u00e9 charg\u00e9 de l\u2019\u00e9ducation des enfants de 0 \u00e0 7 ans. Il contribue \u00e0 leur \u00e9veil et \u00e0 leur apprentissage \u00e0 la vie sociale, en relation avec les parents. Il est dot\u00e9 \u00ab\u00a0des comp\u00e9tences n\u00e9cessaires pour accompagner des jeunes enfants, dans une d\u00e9marche \u00e9ducative et sociale globale, en lien avec leur famille\u00a0\u00bb (d\u00e9cret du 3.11.2005).<\/strong><\/span><\/p>\n<p align=\"JUSTIFY\">Il s\u2019attache \u00e0 favoriser le d\u00e9veloppement global et harmonieux des enfants en stimulant leurs potentialit\u00e9s, affectives, intellectuelles et artistiques \u00e0 travers des activit\u00e9s ludiques et \u00e9ducatives.\u00a0<\/p>\n<p align=\"JUSTIFY\">\u00a0<\/p>\n<p><span style=\"color: #1d60ab; font-size: 18pt;\"><strong>Le M\u00e9tier<\/strong><\/span><\/p>\n<div>\n<p align=\"JUSTIFY\">Les missions qui lui sont confi\u00e9s sont en constante mutation, du fait des \u00e9volutions sociales, des politiques nationales et locales qui jouent un r\u00f4le fondamental dans la mise en place des modes d\u2019accueil Petite Enfance.<br \/>\nLe r\u00f4le de l\u2019EJE est donc d\u00e9fini par\u00a0:<\/p>\n<ul>\n<li>la prise en charge du jeune enfant dans sa globalit\u00e9, en lien avec sa famille<\/li>\n<li>un positionnement particulier dans le champ du travail social en tant que sp\u00e9cialiste de la petite enfance<\/li>\n<li>une fonction d\u2019expertise \u00e9ducative et sociale de la Petite Enfance<\/li>\n<\/ul>\n<p>Les secteurs d\u2019intervention de l\u2019EJE sont les secteurs\u00a0: social, sanitaire, m\u00e9dico-social, de l\u2019assistance \u00e9ducative, du loisir, de la culture et de l\u2019animation et tout secteur accueillant potentiellement de jeunes enfants.<\/p>\n<\/div>\n<\/div>\n<div style=\"width: 200px; float: left; margin: 20px 0 0 0;\">\n<p><a style=\"background-color: #fff; padding: 10px 10px; border-radius: 45px; border: 1px solid #cb6ce6;\" href=\"https:\/\/www.imf.asso.fr\/pages\/?page_id=614\"><strong>Se pr\u00e9-inscrire<\/strong><\/a><\/p>\n<p><a style=\"background-color: #fff; padding: 10px 10px; border-radius: 45px; border: 1px solid #cb6ce6;\" href=\"https:\/\/www.imf.asso.fr\/pages\/?page_id=187\"><strong>La formation en d\u00e9tail<\/strong><\/a><\/p>\n<p><a style=\"background-color: #fff; padding: 10px 10px; border-radius: 45px; border: 1px solid #cb6ce6;\" href=\"https:\/\/www.imf.asso.fr\/pages\/wp-content\/uploads\/f_deeje_260305.pdf\"><strong>La fiche formation (pdf)<\/strong><\/a><\/p>\n<p><a style=\"background-color: #fff; padding: 10px 10px; border-radius: 45px; border: 1px solid #cb6ce6;\" href=\"https:\/\/www.imf.asso.fr\/pages\/?page_id=1641\"><strong>Les taux de r\u00e9ussite\u00a0<\/strong><\/a><\/p>\n<p>RNCP <em><strong>37679<\/strong><\/em><br \/>\nFormacode <em>44072<\/em><br \/>\nCode NSF <strong>332<br \/>\n<span style=\"font-size: 8pt; line-height: 1px;\">Cette fiche prend en consid\u00e9ration <br \/>\n<span style=\"color: #1d60ab;\">la r\u00e9forme des formations de niveau 6<\/span>, qui entrera en vigueur <span style=\"color: #1d60ab;\">en septembre 2026<\/span>.<\/span><br \/>\n<\/strong><\/p>\n<p><img decoding=\"async\" loading=\"lazy\" class=\"wp-image-4332 aligncenter\" src=\"\/pages\/wp-content\/uploads\/DL_05_Grade_L-260x300.gif\" alt=\"\" width=\"139\" height=\"161\" \/><\/p>\n<\/div>\n<p style=\"clear: both;\">\u00a0<\/p>\n<p>&nbsp;<\/p>\n<div class=\"factice-child-page\"><a href=\"https:\/\/www.imf.asso.fr\/pages\/?page_id=614\">La s\u00e9lection<\/a><\/div>\n","protected":false},"excerpt":{"rendered":"<div class=\"post_sous-title\"><a title=\"Permalien vers DEEJE\" href=\"\/pages\/?page_id=93\" rel=\"bookmark\">Dipl\u00f4me d&rsquo;Etat d&rsquo;Educateur de Jeunes Enfants<\/a><\/div>\n<p><span style=\"font-size: 12pt; padding: 0 0 0 7px;\"> Niveau du dipl\u00f4me : <strong>Niveau 6 <em>(anciennement II) <\/em><\/strong><\/span><\/p><p><a class=\"more-link btn\" href=\"https:\/\/www.imf.asso.fr\/pages\/?page_id=93\">Lire la suite<\/a><\/p>\n","protected":false},"author":1,"featured_media":0,"parent":85,"menu_order":5,"comment_status":"closed","ping_status":"closed","template":"template-twocolumnsleft.php","meta":{"footnotes":""},"_links":{"self":[{"href":"https:\/\/www.imf.asso.fr\/pages\/index.php?rest_route=\/wp\/v2\/pages\/93"}],"collection":[{"href":"https:\/\/www.imf.asso.fr\/pages\/index.php?rest_route=\/wp\/v2\/pages"}],"about":[{"href":"https:\/\/www.imf.asso.fr\/pages\/index.php?rest_route=\/wp\/v2\/types\/page"}],"author":[{"embeddable":true,"href":"https:\/\/www.imf.asso.fr\/pages\/index.php?rest_route=\/wp\/v2\/users\/1"}],"replies":[{"embeddable":true,"href":"https:\/\/www.imf.asso.fr\/pages\/index.php?rest_route=%2Fwp%2Fv2%2Fcomments&post=93"}],"version-history":[{"count":4,"href":"https:\/\/www.imf.asso.fr\/pages\/index.php?rest_route=\/wp\/v2\/pages\/93\/revisions"}],"predecessor-version":[{"id":16598,"href":"https:\/\/www.imf.asso.fr\/pages\/index.php?rest_route=\/wp\/v2\/pages\/93\/revisions\/16598"}],"up":[{"embeddable":true,"href":"https:\/\/www.imf.asso.fr\/pages\/index.php?rest_route=\/wp\/v2\/pages\/85"}],"wp:attachment":[{"href":"https:\/\/www.imf.asso.fr\/pages\/index.php?rest_route=%2Fwp%2Fv2%2Fmedia&parent=93"}],"curies":[{"name":"wp","href":"https:\/\/api.w.org\/{rel}","templated":true}]}}