{"id":89,"date":"2017-07-05T11:10:43","date_gmt":"2017-07-05T09:10:43","guid":{"rendered":"http:\/\/www.imf.asso.fr\/pages\/?page_id=89"},"modified":"2026-04-13T14:55:49","modified_gmt":"2026-04-13T12:55:49","slug":"caferuis","status":"publish","type":"page","link":"https:\/\/www.imf.asso.fr\/pages\/?page_id=89","title":{"rendered":"CAFERUIS"},"content":{"rendered":"<div class=\"post_sous-title\"><a title=\"Permalien vers CAFERUIS\" href=\"\/pages\/?page_id=89\" rel=\"bookmark\">Certificat d&rsquo;Aptitude aux Fonctions d&rsquo;Encadrement et de Responsable d&rsquo;Unit\u00e9 d&rsquo;Intervention Sociale<\/a><\/div>\n<p><span style=\"font-size: 10pt;\">\u00a0 Niveau 6 (anciennement II)<\/span><!--more--><\/p>\n<div style=\"margin: 0 30px 0 0; max-width: 600px; height: 100%; float: left;\">\n<p>Former un cadre aujourd&rsquo;hui implique bien plus que de simplement transmettre des connaissances. <span style=\"color: #1d60ab;\"><strong>Il s&rsquo;agit d&rsquo;accompagner un professionnel dans une prise de fonction exigeante, ancr\u00e9e dans les r\u00e9alit\u00e9s du secteur social et m\u00e9dico-social.<\/strong><\/span><\/p>\n<p>Au sein de notre centre de formation, le <strong><span style=\"color: #1d60ab;\">CAFERUIS<\/span> <\/strong>a \u00e9t\u00e9 con\u00e7u en tenant compte des besoins du terrain. Nos contenus de formation sont \u00e9labor\u00e9s en co-construction \u00e9troite avec nos partenaires, afin de r\u00e9pondre sp\u00e9cifiquement aux besoins des professionnels et aux d\u00e9fis actuels des ESSMS.<\/p>\n<p>Nous d\u00e9veloppons nos parcours avec des intervenants issus du secteur, en lien direct avec les pratiques professionnelles, les contraintes organisationnelles, les enjeux manag\u00e9riaux et les responsabilit\u00e9s quotidiennes des cadres, en favorisant un aller-retour constant entre la pratique et les apports th\u00e9oriques.<\/p>\n<p><span style=\"color: #1d60ab;\"><strong>Notre priorit\u00e9 est claire : offrir une formation exigeante, tout en s\u00e9curisant chaque parcours.<\/strong><\/span><\/p>\n<p>Concr\u00e8tement, nous veillons particuli\u00e8rement \u00e0 proposer :<\/p>\n<ul>\n<li><span style=\"color: #1d60ab;\"><strong>L\u2019accompagnement individualis\u00e9<\/strong><\/span> des candidats, d\u00e8s leur entr\u00e9e en formation<\/li>\n<li><span style=\"color: #1d60ab;\"><strong>La disponibilit\u00e9 et la proximit\u00e9 de l\u2019\u00e9quipe<\/strong><\/span> durant tout le parcours<\/li>\n<li><span style=\"color: #1d60ab;\"><strong>Le suivi p\u00e9dagogique<\/strong><\/span> et l\u2019accompagnement pour le m\u00e9moire<\/li>\n<li><span style=\"color: #1d60ab;\"><strong>L\u2019adaptation des parcours<\/strong><\/span> en fonction des situations professionnelles ou personnelles<\/li>\n<\/ul>\n<p>\nParce qu&rsquo;\u00e0 chaque projet <span style=\"color: #1d60ab;\"><strong>CAFERUIS<\/strong><\/span>, il y a un professionnel engag\u00e9, un contexte de travail r\u00e9el et un parcours \u00e0 construire.<\/p>\n<\/div>\n<div style=\"width: 200px; float: left; margin: 20px 0 0 0;\">\n<p><a style=\"background-color: #fff; padding: 10px 10px; border-radius: 45px; border: 1px solid #cb6ce6;\" href=\"https:\/\/www.imf.asso.fr\/pages\/?page_id=638\"><strong>Se pr\u00e9-inscrire<\/strong><\/a><\/p>\n<p><a style=\"background-color: #fff; padding: 10px 10px; border-radius: 45px; border: 1px solid #cb6ce6;\" href=\"https:\/\/www.imf.asso.fr\/pages\/?page_id=183\"><strong>La formation en d\u00e9tail<\/strong><\/a><\/p>\n<p><a style=\"background-color: #fff; padding: 10px 10px; border-radius: 45px; border: 1px solid #cb6ce6;\" href=\"https:\/\/www.imf.asso.fr\/pages\/wp-content\/uploads\/CALENDRIER-Previsionnel-CAFERUIS-2026-2027.pdf\"><strong>Calendrier 2026-2027<\/strong><\/a><\/p>\n<p><a style=\"background-color: #fff; padding: 10px 10px; border-radius: 45px; border: 1px solid #cb6ce6;\" href=\"https:\/\/www.imf.asso.fr\/pages\/wp-content\/uploads\/f_caferuis_260305-1.pdf\"><strong>Fiche formation (pdf)<\/strong><\/a><\/p>\n<p><a style=\"background-color: #fff; padding: 10px 10px; border-radius: 45px; border: 1px solid #cb6ce6;\" href=\"https:\/\/www.imf.asso.fr\/pages\/wp-content\/uploads\/CAFERUIS.png\"><strong>Flyer (png)<\/strong><\/a><\/p>\n<p><a style=\"background-color: #fff; padding: 10px 10px; border-radius: 45px; border: 1px solid #cb6ce6;\" href=\"https:\/\/www.imf.asso.fr\/pages\/?page_id=1641\"><strong>Les taux\u00a0<\/strong><\/a><\/p>\n<p>RNCP <strong>36836<\/strong><br \/>\nFormacode <strong>44047<\/strong><br \/>\nCode NSF <strong>332<\/strong><\/p>\n<\/div>\n<h2 style=\"clear: both; display: block;\"><span style=\"color: #1d60ab;\"><br \/>\nLE METIER<\/span><\/h2>\n<p>Le Responsable d\u2019Unit\u00e9 d\u2019Intervention Sociale (RUIS) est un cadre qui exerce son activit\u00e9 dans le champ de l\u2019action sociale et m\u00e9dico-sociale, dans le respect de la d\u00e9finition et des valeurs du travail social. Membre de l\u2019\u00e9quipe de direction, il dispose d\u2019autonomie, d\u2019initiative et assure un r\u00f4le d\u2019interface entre la direction et les \u00e9quipes qu\u2019il manage et l\u2019environnement de l\u2019Unit\u00e9. Il coordonne et structure le travail et circularise l\u2019information.<\/p>\n<p>Garant du respect des droits et libert\u00e9s des personnes accompagn\u00e9es, le RUIS cr\u00e9e les conditions de leur expression et de leur participation. Il g\u00e8re les volets administratifs, budg\u00e9taires et logistiques de l\u2019unit\u00e9 en \u00e9valuant r\u00e9guli\u00e8rement les besoins mat\u00e9riels et techniques des \u00e9quipes et des personnes accueillies. Il adapte et d\u00e9veloppe l\u2019offre de service en fonction des orientations du projet d\u2019\u00e9tablissement et des projets des personnes accueillies.<\/p>\n<div><img decoding=\"async\" loading=\"lazy\" class=\"alignnone size-full wp-image-17098\" src=\"https:\/\/www.imf.asso.fr\/pages\/wp-content\/uploads\/1776075109807.jpg\" alt=\"\" width=\"800\" height=\"800\" srcset=\"https:\/\/www.imf.asso.fr\/pages\/wp-content\/uploads\/1776075109807.jpg 800w, https:\/\/www.imf.asso.fr\/pages\/wp-content\/uploads\/1776075109807-300x300.jpg 300w, https:\/\/www.imf.asso.fr\/pages\/wp-content\/uploads\/1776075109807-150x150.jpg 150w, https:\/\/www.imf.asso.fr\/pages\/wp-content\/uploads\/1776075109807-768x768.jpg 768w\" sizes=\"(max-width: 800px) 100vw, 800px\" \/><\/div>\n<div class=\"factice-child-page\">\n<a href=\"https:\/\/www.imf.asso.fr\/pages\/?page_id=638\">La s\u00e9lection<\/a><\/div>\n","protected":false},"excerpt":{"rendered":"<div class=\"post_sous-title\"><a title=\"Permalien vers CAFERUIS\" href=\"\/pages\/?page_id=89\" rel=\"bookmark\">Certificat d&rsquo;Aptitude aux Fonctions d&rsquo;Encadrement et de Responsable d&rsquo;Unit\u00e9 d&rsquo;Intervention Sociale<\/a><\/div>\n<p><span style=\"font-size: 10pt;\">\u00a0 Niveau 6 (anciennement II)<\/span><\/p><p><a class=\"more-link btn\" href=\"https:\/\/www.imf.asso.fr\/pages\/?page_id=89\">Lire la suite<\/a><\/p>\n","protected":false},"author":1,"featured_media":0,"parent":85,"menu_order":3,"comment_status":"closed","ping_status":"closed","template":"template-twocolumnsleft.php","meta":{"footnotes":""},"_links":{"self":[{"href":"https:\/\/www.imf.asso.fr\/pages\/index.php?rest_route=\/wp\/v2\/pages\/89"}],"collection":[{"href":"https:\/\/www.imf.asso.fr\/pages\/index.php?rest_route=\/wp\/v2\/pages"}],"about":[{"href":"https:\/\/www.imf.asso.fr\/pages\/index.php?rest_route=\/wp\/v2\/types\/page"}],"author":[{"embeddable":true,"href":"https:\/\/www.imf.asso.fr\/pages\/index.php?rest_route=\/wp\/v2\/users\/1"}],"replies":[{"embeddable":true,"href":"https:\/\/www.imf.asso.fr\/pages\/index.php?rest_route=%2Fwp%2Fv2%2Fcomments&post=89"}],"version-history":[{"count":3,"href":"https:\/\/www.imf.asso.fr\/pages\/index.php?rest_route=\/wp\/v2\/pages\/89\/revisions"}],"predecessor-version":[{"id":17102,"href":"https:\/\/www.imf.asso.fr\/pages\/index.php?rest_route=\/wp\/v2\/pages\/89\/revisions\/17102"}],"up":[{"embeddable":true,"href":"https:\/\/www.imf.asso.fr\/pages\/index.php?rest_route=\/wp\/v2\/pages\/85"}],"wp:attachment":[{"href":"https:\/\/www.imf.asso.fr\/pages\/index.php?rest_route=%2Fwp%2Fv2%2Fmedia&parent=89"}],"curies":[{"name":"wp","href":"https:\/\/api.w.org\/{rel}","templated":true}]}}