{"id":8813,"date":"2022-11-10T11:52:52","date_gmt":"2022-11-10T10:52:52","guid":{"rendered":"https:\/\/www.imf.asso.fr\/pages\/?page_id=8813"},"modified":"2026-04-28T16:55:33","modified_gmt":"2026-04-28T14:55:33","slug":"fc2206-coordonner-une-equipe-en-essms-et-promouvoir-la-continuite-des-parcours-de-vies","status":"publish","type":"page","link":"https:\/\/www.imf.asso.fr\/pages\/?page_id=8813","title":{"rendered":"FC2206 &#8211; Coordonner une \u00e9quipe en ESSMS et promouvoir&#8230;"},"content":{"rendered":"<div class=\"post_sous-title; non-visible\"><a title=\"Permalien vers FC2206 - Coordonner une \u00e9quipe en ESSMS et promouvoir la continuit\u00e9 des parcours de vies\" href=\"\/pages\/?page_id=8813\" rel=\"bookmark\">Coordonner une \u00e9quipe en ESSMS et promouvoir les parcours de vies<\/a><\/div>\n<p><!--more--><\/p>\n<p><em><span style=\"color: #3366ff;\"><strong>Cette formation est en cours de r\u00e9ing\u00e9nierie<\/strong>. <br \/>\nNous reviendrons vers vous prochainement pour de nouvelles informations.<\/span><\/em><\/p>\n<table style=\"width: 100%;\">\n<tbody>\n<tr>\n<td class=\"cell_background_img\" style=\"width: 100%;\"><a href=\"https:\/\/www.imf.asso.fr\/pages\/wp-content\/uploads\/FC2206-\u2013-Coordonner-une-equipe-en-ESSMS-et-promouvoir-la-continuite-des-parcours-de-vies-1.pdf\"><img decoding=\"async\" loading=\"lazy\" class=\"alignnone wp-image-10743 size-large\" src=\"https:\/\/www.imf.asso.fr\/pages\/wp-content\/uploads\/Classeur1.pdf_Page_09.png\" alt=\"\" width=\"945\" height=\"669\" \/><\/a><\/td>\n<\/tr>\n<\/tbody>\n<\/table>\n<p><em>documentation \u00e0 t\u00e9l\u00e9charger (plaquette, dossier d&rsquo;inscription, calendriers&#8230;) en page 2.<br \/>\n<\/em><!--nextpage--><\/p>\n<table>\n<tbody>\n<tr>\n<td>\n<h4><em>FC2206 &#8211; Coordonner une \u00e9quipe en ESSMS et promouvoir la continuit\u00e9 des parcours de vies<br \/>\n<\/em><\/h4>\n<\/td>\n<\/tr>\n<\/tbody>\n<\/table>\n<table>\n<tbody>\n<tr>\n<td valign=\"top\" width=\"50%\">\n<ul>\n<li style=\"list-style-type: none;\">\n<ul>\n<li><a href=\"https:\/\/www.imf.asso.fr\/pages\/wp-content\/uploads\/FC2206-\u2013-Coordonner-une-equipe-en-ESSMS-et-promouvoir-la-continuite-des-parcours-de-vies-1.pdf\" target=\"_blank\" rel=\"noopener noreferrer\">Fiche formation<\/a><\/li>\n<li><a href=\"https:\/\/www.imf.asso.fr\/pages\/wp-content\/uploads\/PROGRAMME-2026-FC2206.pdf\" target=\"_blank\" rel=\"noopener noreferrer\">Programme d\u00e9taill\u00e9<\/a><\/li>\n<\/ul>\n<\/li>\n<\/ul>\n<\/td>\n<td valign=\"top\">\u00a0<\/td>\n<\/tr>\n<\/tbody>\n<\/table>\n<table>\n<tbody>\n<tr>\n<td valign=\"top\" width=\"50%\">\n<p><span style=\"color: #1d60ab;\"><strong>S&rsquo;inscrire \u00e0 la formation sur l&rsquo;\u00e9tablissement d&rsquo;Avignon<\/strong><\/span> :<\/p>\n<ul>\n<li><a href=\"https:\/\/www.imf.asso.fr\/pages\/wp-content\/uploads\/BI-COORDONNER-UNE-EQUIPE-EN-ESSMS-2025-2026.pdf\" target=\"_blank\" rel=\"noopener noreferrer\">Fiche d&rsquo;inscription<\/a><\/li>\n<\/ul>\n<p>\nLe dossier complet et le devis sign\u00e9 doivent \u00eatre retourn\u00e9s par mail \u00e0 Eglantine AGENEAU \u00e0 l&rsquo;adresse suivante : <b><a href=\"mailto:e.ageneau@imf.asso.fr\">e.ageneau@imf.asso.fr<\/a>.<\/b><\/p>\n<\/td>\n<td valign=\"top\">\n<p><span data-olk-copy-source=\"MailCompose\"><strong>Taux en 2025 :<\/strong><br \/>\n<\/span><span data-olk-copy-source=\"MailCompose\">94% de r\u00e9ussite <br \/>\n100% d&rsquo;insertion<\/span><\/p>\n<\/td>\n<\/tr>\n<\/tbody>\n<\/table>\n<p>&nbsp;<\/p>\n","protected":false},"excerpt":{"rendered":"<div class=\"post_sous-title; non-visible\"><a title=\"Permalien vers FC2206 - Coordonner une \u00e9quipe en ESSMS et promouvoir la continuit\u00e9 des parcours de vies\" href=\"\/pages\/?page_id=8813\" rel=\"bookmark\">Coordonner une \u00e9quipe en ESSMS et promouvoir les parcours de vies<\/a><\/div>\n","protected":false},"author":1,"featured_media":10771,"parent":47,"menu_order":3,"comment_status":"closed","ping_status":"closed","template":"template-twocolumnsleft.php","meta":{"footnotes":""},"_links":{"self":[{"href":"https:\/\/www.imf.asso.fr\/pages\/index.php?rest_route=\/wp\/v2\/pages\/8813"}],"collection":[{"href":"https:\/\/www.imf.asso.fr\/pages\/index.php?rest_route=\/wp\/v2\/pages"}],"about":[{"href":"https:\/\/www.imf.asso.fr\/pages\/index.php?rest_route=\/wp\/v2\/types\/page"}],"author":[{"embeddable":true,"href":"https:\/\/www.imf.asso.fr\/pages\/index.php?rest_route=\/wp\/v2\/users\/1"}],"replies":[{"embeddable":true,"href":"https:\/\/www.imf.asso.fr\/pages\/index.php?rest_route=%2Fwp%2Fv2%2Fcomments&post=8813"}],"version-history":[{"count":4,"href":"https:\/\/www.imf.asso.fr\/pages\/index.php?rest_route=\/wp\/v2\/pages\/8813\/revisions"}],"predecessor-version":[{"id":17377,"href":"https:\/\/www.imf.asso.fr\/pages\/index.php?rest_route=\/wp\/v2\/pages\/8813\/revisions\/17377"}],"up":[{"embeddable":true,"href":"https:\/\/www.imf.asso.fr\/pages\/index.php?rest_route=\/wp\/v2\/pages\/47"}],"wp:featuredmedia":[{"embeddable":true,"href":"https:\/\/www.imf.asso.fr\/pages\/index.php?rest_route=\/wp\/v2\/media\/10771"}],"wp:attachment":[{"href":"https:\/\/www.imf.asso.fr\/pages\/index.php?rest_route=%2Fwp%2Fv2%2Fmedia&parent=8813"}],"curies":[{"name":"wp","href":"https:\/\/api.w.org\/{rel}","templated":true}]}}