{"id":874,"date":"2018-02-22T12:10:09","date_gmt":"2018-02-22T11:10:09","guid":{"rendered":"http:\/\/www.imf.asso.fr\/pages\/?page_id=874"},"modified":"2021-11-25T10:17:27","modified_gmt":"2021-11-25T09:17:27","slug":"epreuves-et-dispenses-depreuves","status":"publish","type":"page","link":"https:\/\/www.imf.asso.fr\/pages\/?page_id=874","title":{"rendered":"Epreuves et dispenses d&rsquo;\u00e9preuves"},"content":{"rendered":"<p><!--more--><\/p>\n<table class=\"cell_align_content\">\n<tbody>\n<tr class=\"cell_background_title\">\n<td style=\"width: 748.75px;\">Epreuves de s\u00e9lection d\u2019entr\u00e9e en formation d\u2019Etat d\u2019Accompagnant Educatif et Social<\/td>\n<\/tr>\n<tr>\n<td style=\"width: 748.75px;\">\n<ul>\n<li>Un dossier de candidature compos\u00e9\n<ul>\n<li>D\u2019un curriculum vitae<\/li>\n<li>D\u2019un \u00e9crit pr\u00e9sentant le parcours et projet professionnel du candidat<\/li>\n<\/ul>\n<\/li>\n<li>Une \u00e9preuve orale d\u2019admission (30 minutes)\n<ul>\n<li>Entretien sur la base d\u2019un questionnaire ouvert, bas\u00e9 sur le projet de formation du candidat<\/li>\n<\/ul>\n<\/li>\n<\/ul>\n<\/td>\n<\/tr>\n<tr>\n<td style=\"width: 748.75px;\">\n<p><strong>Dispense<\/strong><\/p>\n<p>Conform\u00e9ment \u00e0 l\u2019article 2 de l\u2019arr\u00eat\u00e9 du 30 ao\u00fbt 2021, sont admis de droit en formation suite au d\u00e9p\u00f4t de leur dossier de candidature\u00a0<\/p>\n<ul>\n<li>Les candidats titulaires des dipl\u00f4mes ou titres de niveau 3 suivants :\n<ul>\n<li>Dipl\u00f4me d\u2019Etat d\u2019Assistant Familial<\/li>\n<li>Dipl\u00f4me d\u2019Etat d\u2019Aide Soignant<\/li>\n<li>Dipl\u00f4me d\u2019Etat d\u2019Auxiliaire de Pu\u00e9riculture<\/li>\n<li>Titre Professionnel Assistant de Vie ou Assistant de Vie aux Familles<\/li>\n<li>Titre Professionnel d\u2019Agent de Service M\u00e9dico-Social<\/li>\n<li>Titre Professionnel Assistant de Vie D\u00e9pendance<\/li>\n<li>BEP Carri\u00e8res Sanitaires et Sociales<\/li>\n<li>BEP ASSP<\/li>\n<li>CAP Assistant Technique en Milieu Familial ou Collectif<\/li>\n<li>CAP Petite Enfance<\/li>\n<li>CAP Accompagnant Educatif Petite Enfance<\/li>\n<li>BAPAAT<\/li>\n<li>BEPA option services aux personnes<\/li>\n<li>CAPA Services en Milieu Rural<\/li>\n<li>CAPA Services aux Personnes et Vente en Milieu Rural<\/li>\n<li>Mention Compl\u00e9mentaire Aide \u00e0 Domicile<\/li>\n<li>Certificat Professionnel mention animateur d\u2019activit\u00e9s et de vie quotidienne<\/li>\n<\/ul>\n<\/li>\n<li>Les laur\u00e9ats de l&rsquo;Institut de l\u2019engagement<\/li>\n<li>Les candidats ayant d\u00e9j\u00e0 pr\u00e9alablement acquis un ou plusieurs bloc(s) de comp\u00e9tences du DEAES relevant des dispositions de l\u2019article D.451-88. du code de l\u2019action sociale et des familles<\/li>\n<li>Les candidats ayant d\u00e9j\u00e0 pr\u00e9alablement acquis un ou plusieurs domaine(s) de comp\u00e9tences du DEAES relevant des anciennes dispositions de l\u2019article D.451-88. du code de l\u2019action sociale et des familles, du DEAMP ou du DEAVS<\/li>\n<\/ul>\n<p>Ces candidats b\u00e9n\u00e9ficient d\u2019un entretien de positionnement avec le responsable p\u00e9dagogique de l\u2019IMF et\/ou formateur.<\/p>\n<p>Les autres candidats doivent s\u2019engager dans le processus de s\u00e9lection<\/p>\n<p>En cas de saturation des places disponibles par des candidats relevant des cinq situations mentionn\u00e9es \u00e0 l\u2019alin\u00e9a pr\u00e9c\u00e9dent, l\u2019\u00e9tablissement de formation pourra retenir en priorit\u00e9 les candidats ayant acquis l&rsquo;un des titres ou dipl\u00f4mes mentionn\u00e9s ci-dessus par ordre d\u2019anciennet\u00e9 de leur certification.<\/p>\n<\/td>\n<\/tr>\n<\/tbody>\n<\/table>\n","protected":false},"excerpt":{"rendered":"","protected":false},"author":1,"featured_media":0,"parent":624,"menu_order":1,"comment_status":"closed","ping_status":"closed","template":"template-twocolumnsleft.php","meta":{"footnotes":""},"_links":{"self":[{"href":"https:\/\/www.imf.asso.fr\/pages\/index.php?rest_route=\/wp\/v2\/pages\/874"}],"collection":[{"href":"https:\/\/www.imf.asso.fr\/pages\/index.php?rest_route=\/wp\/v2\/pages"}],"about":[{"href":"https:\/\/www.imf.asso.fr\/pages\/index.php?rest_route=\/wp\/v2\/types\/page"}],"author":[{"embeddable":true,"href":"https:\/\/www.imf.asso.fr\/pages\/index.php?rest_route=\/wp\/v2\/users\/1"}],"replies":[{"embeddable":true,"href":"https:\/\/www.imf.asso.fr\/pages\/index.php?rest_route=%2Fwp%2Fv2%2Fcomments&post=874"}],"version-history":[{"count":4,"href":"https:\/\/www.imf.asso.fr\/pages\/index.php?rest_route=\/wp\/v2\/pages\/874\/revisions"}],"predecessor-version":[{"id":7908,"href":"https:\/\/www.imf.asso.fr\/pages\/index.php?rest_route=\/wp\/v2\/pages\/874\/revisions\/7908"}],"up":[{"embeddable":true,"href":"https:\/\/www.imf.asso.fr\/pages\/index.php?rest_route=\/wp\/v2\/pages\/624"}],"wp:attachment":[{"href":"https:\/\/www.imf.asso.fr\/pages\/index.php?rest_route=%2Fwp%2Fv2%2Fmedia&parent=874"}],"curies":[{"name":"wp","href":"https:\/\/api.w.org\/{rel}","templated":true}]}}