{"id":85,"date":"2017-07-05T11:09:13","date_gmt":"2017-07-05T09:09:13","guid":{"rendered":"http:\/\/www.imf.asso.fr\/pages\/?page_id=85"},"modified":"2026-01-26T11:39:23","modified_gmt":"2026-01-26T10:39:23","slug":"diplomes-detat","status":"publish","type":"page","link":"https:\/\/www.imf.asso.fr\/pages\/?page_id=85","title":{"rendered":"Dipl\u00f4mes d&rsquo;\u00e9tat"},"content":{"rendered":"<p><!--more--><\/p>\n<p>Que vous soyez en d\u00e9but de carri\u00e8re ou en pleine reconversion professionnelle, <span style=\"color: #1d60ab;\"><strong>nos formations dipl\u00f4mantes<\/strong> <\/span>sont con\u00e7ues pour s&rsquo;adapter \u00e0 vos besoins et \u00e0 votre rythme.<\/p>\n<p>Reconnue par l&rsquo;\u00c9tat et disponibles par diff\u00e9rentes voie d\u2019acc\u00e8s (<a href=\"https:\/\/www.imf.asso.fr\/pages\/?page_id=10619\">apprentissage<\/a>, <a href=\"https:\/\/www.imf.asso.fr\/pages\/?page_id=50\">formation continue<\/a>, formation initiale ou encore <a href=\"https:\/\/www.imf.asso.fr\/pages\/?page_id=4021\">VAE<\/a>), nos formations couvrent un large \u00e9ventail de <span style=\"color: #1d60ab;\"><strong>m\u00e9tiers du travail social<\/strong><\/span>, vous permettant ainsi de trouver celle qui correspond le mieux \u00e0 vos aspirations et \u00e0 vos talents.<\/p>\n<p style=\"margin: 35px 0 10px 0;\"><a style=\"margin: 0; background: #1d60ab; padding: 15px; border-radius: 30px; color: white;\" href=\"mailto:imfinfos@imf.asso.fr\">Besoin d&rsquo;information ?\u00a0 <strong>Contactez-nous.<\/strong><\/a><\/p>\n<p>&nbsp;<\/p>\n<table style=\"width: 100%; height: 117px;\">\n<tbody>\n<tr style=\"height: 39px;\">\n<td style=\"height: 39px;\"><a href=\"https:\/\/www.imf.asso.fr\/pages\/?page_id=7535\">Consulter<\/a><strong><a href=\"https:\/\/www.imf.asso.fr\/pages\/?page_id=7535\"> les r\u00e9f\u00e9rentiels de formation<\/a><em><br \/>\n<\/em><\/strong><\/td>\n<\/tr>\n<tr style=\"height: 39px;\">\n<td style=\"height: 39px;\"><a href=\"https:\/\/www.imf.asso.fr\/pages\/wp-content\/uploads\/IMF-RIS-Financer-sa-formation.pdf\" target=\"_blank\" rel=\"noopener noreferrer\">Consulter la fiche<strong> \u00ab\u00a0Comment financer sa formation\u00a0\u00bb<\/strong><\/a><\/td>\n<\/tr>\n<tr style=\"height: 39px;\">\n<td style=\"height: 39px;\"><a href=\"\/pages\/?page_id=50\">Consulter notre offre de <strong>formation continue<\/strong><\/a><\/td>\n<\/tr>\n<\/tbody>\n<\/table>\n","protected":false},"excerpt":{"rendered":"","protected":false},"author":1,"featured_media":0,"parent":264,"menu_order":2,"comment_status":"closed","ping_status":"closed","template":"template-twocolumnsleft.php","meta":{"footnotes":""},"_links":{"self":[{"href":"https:\/\/www.imf.asso.fr\/pages\/index.php?rest_route=\/wp\/v2\/pages\/85"}],"collection":[{"href":"https:\/\/www.imf.asso.fr\/pages\/index.php?rest_route=\/wp\/v2\/pages"}],"about":[{"href":"https:\/\/www.imf.asso.fr\/pages\/index.php?rest_route=\/wp\/v2\/types\/page"}],"author":[{"embeddable":true,"href":"https:\/\/www.imf.asso.fr\/pages\/index.php?rest_route=\/wp\/v2\/users\/1"}],"replies":[{"embeddable":true,"href":"https:\/\/www.imf.asso.fr\/pages\/index.php?rest_route=%2Fwp%2Fv2%2Fcomments&post=85"}],"version-history":[{"count":4,"href":"https:\/\/www.imf.asso.fr\/pages\/index.php?rest_route=\/wp\/v2\/pages\/85\/revisions"}],"predecessor-version":[{"id":15963,"href":"https:\/\/www.imf.asso.fr\/pages\/index.php?rest_route=\/wp\/v2\/pages\/85\/revisions\/15963"}],"up":[{"embeddable":true,"href":"https:\/\/www.imf.asso.fr\/pages\/index.php?rest_route=\/wp\/v2\/pages\/264"}],"wp:attachment":[{"href":"https:\/\/www.imf.asso.fr\/pages\/index.php?rest_route=%2Fwp%2Fv2%2Fmedia&parent=85"}],"curies":[{"name":"wp","href":"https:\/\/api.w.org\/{rel}","templated":true}]}}

Diplômes d&rsquo;état

<p><!--more--></p>
<p>Que vous soyez en début de carrière ou en pleine reconversion professionnelle, <span style="color: #1d60ab;"><strong>nos formations diplômantes</strong> </span>sont conçues pour s&rsquo;adapter à vos besoins et à votre rythme.</p>
<p>Reconnue par l&rsquo;État et disponibles par différentes voie d’accès (<a href="https://www.imf.asso.fr/pages/?page_id=10619">apprentissage</a>, <a href="https://www.imf.asso.fr/pages/?page_id=50">formation continue</a>, formation initiale ou encore <a href="https://www.imf.asso.fr/pages/?page_id=4021">VAE</a>), nos formations couvrent un large éventail de <span style="color: #1d60ab;"><strong>métiers du travail social</strong></span>, vous permettant ainsi de trouver celle qui correspond le mieux à vos aspirations et à vos talents.</p>
<p style="margin: 35px 0 10px 0;"><a style="margin: 0; background: #1d60ab; padding: 15px; border-radius: 30px; color: white;" href="mailto:imfinfos@imf.asso.fr">Besoin d&rsquo;information ?  <strong>Contactez-nous.</strong></a></p>
<p>&nbsp;</p>
<table style="width: 100%; height: 117px;">
<tbody>
<tr style="height: 39px;">
<td style="height: 39px;"><a href="https://www.imf.asso.fr/pages/?page_id=7535">Consulter</a><strong><a href="https://www.imf.asso.fr/pages/?page_id=7535"> les référentiels de formation</a><em><br />
</em></strong></td>
</tr>
<tr style="height: 39px;">
<td style="height: 39px;"><a href="https://www.imf.asso.fr/pages/wp-content/uploads/IMF-RIS-Financer-sa-formation.pdf" target="_blank" rel="noopener noreferrer">Consulter la fiche<strong> « Comment financer sa formation »</strong></a></td>
</tr>
<tr style="height: 39px;">
<td style="height: 39px;"><a href="/pages/?page_id=50">Consulter notre offre de <strong>formation continue</strong></a></td>
</tr>
</tbody>
</table>
