{"id":7857,"date":"2021-11-19T12:41:15","date_gmt":"2021-11-19T11:41:15","guid":{"rendered":"https:\/\/www.imf.asso.fr\/pages\/?page_id=7857"},"modified":"2026-04-15T11:57:45","modified_gmt":"2026-04-15T09:57:45","slug":"fc1636-valoriser-et-promouvoir-la-singularite-de-loffre-de-service","status":"publish","type":"page","link":"https:\/\/www.imf.asso.fr\/pages\/?page_id=7857","title":{"rendered":"FC1636 | Valoriser et promouvoir la singularit\u00e9 de l&rsquo;offre de service"},"content":{"rendered":"<div class=\"post_sous-title; non-visible\"><a title=\"Permalien vers FC1636 - Valoriser et promouvoir la singularit\u00e9 de l'offre de service\" href=\"\/pages\/?page_id=7857\" rel=\"bookmark\">Valoriser et promouvoir la singularit\u00e9 de l&rsquo;offre de service<\/a><\/div>\n<p><!--more--><\/p>\n<p><span style=\"color: #1d60ab; font-size: 14pt;\"><strong>Les professionnels du travail social sont confront\u00e9s aux transformations soci\u00e9tales \u00e0 travers la rencontre <\/strong><\/span><span style=\"color: #1d60ab; font-size: 14pt;\"><strong>de personnes en risque d\u2019exclusion et de d\u00e9saffiliation.<\/strong> <\/span><\/p>\n<p>Au contact des diff\u00e9rentes potentialit\u00e9s et difficult\u00e9s des personnes accompagn\u00e9es, bien des \u00e9quipes professionnelles produisent des pratiques innovantes. Dans un contexte qui semble encourager une normalisation des pratiques et des postures, cet accompagnement veut soutenir les \u00e9quipes professionnelles dans leurs innovations.<\/p>\n<p style=\"margin: 10px 0;\"><a href=\"https:\/\/www.imf.asso.fr\/pages\/wp-content\/uploads\/FC1636-\u2013-Valoriser-et-promouvoir-la-singularite-de-loffre-de-service.pdf\"><span style=\"margin: 0 0 0 10px; padding: 5px 10px; background: #f4f3fa; border: 1px solid purple; border-radius: 20px;\"><strong>\u00a0T\u00e9l\u00e9charger la fiche de formation\u00a0<\/strong><\/span><\/a><\/p>\n<p style=\"margin: 40px 0 10px 0;\"><span style=\"color: #1d60ab;\">\u25cb<\/span> Sites de formation disponibles :<\/p>\n<p style=\"margin: 0 10px 20px; color: #1d60ab; line-height: 1.2em;\"><strong>IMF RIS Avignon <br \/>\n<\/strong>55 all\u00e9e Camille Claudel<br \/>\nHamadryade B\u00e2t. B<br \/>\n84 140<\/p>\n<p style=\"margin: 0 10px 20px; color: #1d60ab; line-height: 1.2em;\"><strong>IMF RIS Marseille<br \/>\n<\/strong>59 av. St Just<br \/>\nDomaine d&rsquo;Hippone<br \/>\n13013<\/p>\n<p style=\"margin: 0 10px 20px; color: #1d60ab; line-height: 1.2em;\"><strong>IMF RIS Arles<br \/>\n<\/strong>12 Chemin du Temple<br \/>\n13200<\/p>\n<p style=\"margin: 0 10px 20px; color: #1d60ab; line-height: 1.2em;\"><strong>Sur votre \u00e9tablissement<\/strong><\/p>\n<p style=\"margin: 0;\"><span style=\"color: #1d60ab;\">\u25cb<\/span> S&rsquo;informer et s&rsquo;inscrire :<\/p>\n<p style=\"margin: 0; padding: 0 10px;\"><span style=\"color: #333333;\"><a href=\"mailto:imf.poledev@imf.asso.fr\"><span style=\"color: #1d60ab;\"><strong>imf.poledev@imf.asso.fr<\/strong><\/span><\/a><\/span><\/p>\n<p style=\"margin: 0 0 10px 0; padding: 0 10px;\"><span style=\"color: #333333;\"><strong><span style=\"color: #1d60ab;\">04 91 24 61 17<\/span><\/strong><\/span><\/p>\n","protected":false},"excerpt":{"rendered":"<div class=\"post_sous-title; non-visible\"><a title=\"Permalien vers FC1636 - Valoriser et promouvoir la singularit\u00e9 de l'offre de service\" href=\"\/pages\/?page_id=7857\" rel=\"bookmark\">Valoriser et promouvoir la singularit\u00e9 de l&rsquo;offre de service<\/a><\/div>\n","protected":false},"author":1,"featured_media":0,"parent":7007,"menu_order":6,"comment_status":"closed","ping_status":"closed","template":"template-twocolumnsleft.php","meta":{"footnotes":""},"_links":{"self":[{"href":"https:\/\/www.imf.asso.fr\/pages\/index.php?rest_route=\/wp\/v2\/pages\/7857"}],"collection":[{"href":"https:\/\/www.imf.asso.fr\/pages\/index.php?rest_route=\/wp\/v2\/pages"}],"about":[{"href":"https:\/\/www.imf.asso.fr\/pages\/index.php?rest_route=\/wp\/v2\/types\/page"}],"author":[{"embeddable":true,"href":"https:\/\/www.imf.asso.fr\/pages\/index.php?rest_route=\/wp\/v2\/users\/1"}],"replies":[{"embeddable":true,"href":"https:\/\/www.imf.asso.fr\/pages\/index.php?rest_route=%2Fwp%2Fv2%2Fcomments&post=7857"}],"version-history":[{"count":3,"href":"https:\/\/www.imf.asso.fr\/pages\/index.php?rest_route=\/wp\/v2\/pages\/7857\/revisions"}],"predecessor-version":[{"id":17207,"href":"https:\/\/www.imf.asso.fr\/pages\/index.php?rest_route=\/wp\/v2\/pages\/7857\/revisions\/17207"}],"up":[{"embeddable":true,"href":"https:\/\/www.imf.asso.fr\/pages\/index.php?rest_route=\/wp\/v2\/pages\/7007"}],"wp:attachment":[{"href":"https:\/\/www.imf.asso.fr\/pages\/index.php?rest_route=%2Fwp%2Fv2%2Fmedia&parent=7857"}],"curies":[{"name":"wp","href":"https:\/\/api.w.org\/{rel}","templated":true}]}}