{"id":6733,"date":"2021-04-16T13:37:07","date_gmt":"2021-04-16T11:37:07","guid":{"rendered":"https:\/\/www.imf.asso.fr\/pages\/?page_id=6733"},"modified":"2026-04-15T12:22:25","modified_gmt":"2026-04-15T10:22:25","slug":"fc1809-interagir-en-equipe","status":"publish","type":"page","link":"https:\/\/www.imf.asso.fr\/pages\/?page_id=6733","title":{"rendered":"FC1809 | Interagir en \u00e9quipe"},"content":{"rendered":"<div class=\"post_sous-title, non-visible\"><a title=\"Permalien vers FC1809 - Interagir en \u00e9quipe\" href=\"\/pages\/?page_id=6733\" rel=\"bookmark\">Interagir en \u00e9quipe<\/a><\/div>\n<p><!--more--><\/p>\n<p><span style=\"color: #1d60ab;\"><span style=\"font-size: 14pt;\"><strong>L\u2019approche globale de la personne dans un environnement sollicitant plusieurs acteurs sanitaires et sociaux <\/strong><\/span><span style=\"font-size: 14pt;\"><strong>les invite \u00e0 interagir et \u00e0 collaborer de fa\u00e7on adapt\u00e9e au service de la qualit\u00e9 de l\u2019accompagnement des <\/strong><\/span><span style=\"font-size: 14pt;\"><strong>personnes accueillies.<\/strong> <\/span><\/span><\/p>\n<p>Dans ce contexte, la combinaison des comp\u00e9tences et ressources respectives rel\u00e8ve d\u2019un mode de coop\u00e9ration partag\u00e9 par tous qui n\u00e9cessite une d\u00e9marche d\u2019am\u00e9lioration continue et un engagement des membres de l\u2019\u00e9quipe.<\/p>\n<p style=\"margin: 10px 0;\"><a href=\"https:\/\/www.imf.asso.fr\/pages\/wp-content\/uploads\/FC1809-\u2013-Interagir-en-equipe-1.pdf\"><span style=\"margin: 0 0 0 10px; padding: 5px 10px; background: #f4f3fa; border: 1px solid purple; border-radius: 20px;\"><strong>\u00a0T\u00e9l\u00e9charger la fiche de formation\u00a0<\/strong><\/span><\/a><\/p>\n<p style=\"margin: 40px 0 10px 0;\"><span style=\"color: #1d60ab;\">\u25cb<\/span> Sites de formation disponibles :<\/p>\n<p style=\"margin: 0 10px 20px; color: #1d60ab; line-height: 1.2em;\"><strong>IMF RIS Avignon <br \/>\n<\/strong>55 all\u00e9e Camille Claudel<br \/>\nHamadryade B\u00e2t. B<br \/>\n84 140<\/p>\n<p style=\"margin: 0 10px 20px; color: #1d60ab; line-height: 1.2em;\"><strong>IMF RIS Marseille<br \/>\n<\/strong>59 av. St Just<br \/>\nDomaine d&rsquo;Hippone<br \/>\n13013<\/p>\n<p style=\"margin: 0 10px 20px; color: #1d60ab; line-height: 1.2em;\"><strong>IMF RIS Arles<br \/>\n<\/strong>12 Chemin du Temple<br \/>\n13200<\/p>\n<p style=\"margin: 0;\"><span style=\"color: #1d60ab;\">\u25cb<\/span> S&rsquo;informer et s&rsquo;inscrire :<\/p>\n<p style=\"margin: 0; padding: 0 10px;\"><span style=\"color: #333333;\"><a href=\"mailto:imf.poledev@imf.asso.fr\"><span style=\"color: #1d60ab;\"><strong>imf.poledev@imf.asso.fr<\/strong><\/span><\/a><\/span><\/p>\n<p style=\"margin: 0 0 10px 0; padding: 0 10px;\"><span style=\"color: #333333;\"><strong><span style=\"color: #1d60ab;\">04 91 24 61 17<\/span><\/strong><\/span><\/p>\n","protected":false},"excerpt":{"rendered":"<div class=\"post_sous-title, non-visible\"><a title=\"Permalien vers FC1809 - Interagir en \u00e9quipe\" href=\"\/pages\/?page_id=6733\" rel=\"bookmark\">Interagir en \u00e9quipe<\/a><\/div>\n","protected":false},"author":1,"featured_media":0,"parent":6688,"menu_order":3,"comment_status":"closed","ping_status":"closed","template":"template-twocolumnsleft.php","meta":{"footnotes":""},"_links":{"self":[{"href":"https:\/\/www.imf.asso.fr\/pages\/index.php?rest_route=\/wp\/v2\/pages\/6733"}],"collection":[{"href":"https:\/\/www.imf.asso.fr\/pages\/index.php?rest_route=\/wp\/v2\/pages"}],"about":[{"href":"https:\/\/www.imf.asso.fr\/pages\/index.php?rest_route=\/wp\/v2\/types\/page"}],"author":[{"embeddable":true,"href":"https:\/\/www.imf.asso.fr\/pages\/index.php?rest_route=\/wp\/v2\/users\/1"}],"replies":[{"embeddable":true,"href":"https:\/\/www.imf.asso.fr\/pages\/index.php?rest_route=%2Fwp%2Fv2%2Fcomments&post=6733"}],"version-history":[{"count":3,"href":"https:\/\/www.imf.asso.fr\/pages\/index.php?rest_route=\/wp\/v2\/pages\/6733\/revisions"}],"predecessor-version":[{"id":17220,"href":"https:\/\/www.imf.asso.fr\/pages\/index.php?rest_route=\/wp\/v2\/pages\/6733\/revisions\/17220"}],"up":[{"embeddable":true,"href":"https:\/\/www.imf.asso.fr\/pages\/index.php?rest_route=\/wp\/v2\/pages\/6688"}],"wp:attachment":[{"href":"https:\/\/www.imf.asso.fr\/pages\/index.php?rest_route=%2Fwp%2Fv2%2Fmedia&parent=6733"}],"curies":[{"name":"wp","href":"https:\/\/api.w.org\/{rel}","templated":true}]}}