{"id":6712,"date":"2021-04-15T11:11:00","date_gmt":"2021-04-15T09:11:00","guid":{"rendered":"https:\/\/www.imf.asso.fr\/pages\/?page_id=6712"},"modified":"2026-04-15T10:55:01","modified_gmt":"2026-04-15T08:55:01","slug":"fc1612-ecrits-professionnels","status":"publish","type":"page","link":"https:\/\/www.imf.asso.fr\/pages\/?page_id=6712","title":{"rendered":"FC1612 | Ecrits professionnels"},"content":{"rendered":"<div class=\"post_sous-title; non-visible\"><a title=\"\" href=\"https:\/\/www.imf.asso.fr\/pages\/?page_id=6712\" rel=\"bookmark\">Ecrits Professionnels<\/a><\/div>\n<p><!--more--><\/p>\n<p><span style=\"color: #1d60ab;\"><strong>Depuis la loi du 2 janvier 2002, les \u00e9tablissements et services du social et du m\u00e9dico-social doivent r\u00e9pondre <\/strong><\/span><span style=\"color: #1d60ab;\"><strong>\u00e0 plusieurs obligations : r\u00e9daction du projet institutionnel, co-construction du projet personnalis\u00e9, <\/strong><\/span><span style=\"color: #1d60ab;\"><strong>\u00e9laboration de projet d\u2019\u00e9quipe \u00e9ducative ou d\u2019activit\u00e9, mise en \u0153uvre d\u2019\u00e9valuations, tra\u00e7abilit\u00e9 des actions. <\/strong><\/span>Les professionnels sont ainsi sollicit\u00e9s tant dans la compr\u00e9hension des enjeux qui sous-tendent ces pratiques que dans la traduction \u00e9crite de leur travail (objectifs, descriptif des actions conduites, transmission d\u2019information, etc.).<\/p>\n<p style=\"margin: 0;\"><span style=\"color: #1d60ab;\">\u25cb<\/span> L&rsquo;essentiel :<\/p>\n<p style=\"margin: 0 0 10px 0; padding: 0 10px;\"><span style=\"color: #333333;\"><span style=\"color: #1d60ab;\"><strong>Une formation <\/strong><\/span><\/span>sur<span style=\"color: #333333;\"><span style=\"color: #1d60ab;\"><strong> deux jours<\/strong><\/span><\/span><\/p>\n<p style=\"margin: 10px 0;\"><a href=\"https:\/\/www.imf.asso.fr\/pages\/wp-content\/uploads\/FC1612-\u2013-Ecrits-professionnels.pdf\"><span style=\"margin: 0 0 0 10px; padding: 5px 10px; background: #f4f3fa; border: 1px solid purple; border-radius: 20px;\"><strong>\u00a0T\u00e9l\u00e9charger la fiche de la formation<\/strong><\/span><\/a><\/p>\n<p style=\"margin: 40px 0 10px 0;\"><span style=\"color: #1d60ab;\">\u25cb<\/span> Sites de formation disponibles :<\/p>\n<p style=\"margin: 0 10px 20px; color: #1d60ab; line-height: 1.2em;\"><strong>IMF RIS Avignon <br \/>\n<\/strong><span style=\"color: #333333;\">55 all\u00e9e Camille Claudel<\/span><br \/>\n<span style=\"color: #333333;\">Hamadryade B\u00e2t. B<\/span><br \/>\n<span style=\"color: #333333;\">84 140<\/span><\/p>\n<p style=\"margin: 0 10px 20px; color: #1d60ab; line-height: 1.2em;\"><strong>IMF RIS Marseille<br \/>\n<\/strong><span style=\"color: #333333;\">59 av. St Just<\/span><br \/>\n<span style=\"color: #333333;\">Domaine d&rsquo;Hippone<\/span><br \/>\n<span style=\"color: #333333;\">13013<\/span><\/p>\n<p style=\"margin: 0 10px 20px; color: #1d60ab; line-height: 1.2em;\"><strong>IMF RIS Arles<br \/>\n<\/strong><span style=\"color: #333333;\">12 Chemin du Temple<\/span><br \/>\n<span style=\"color: #333333;\">13200<\/span><\/p>\n<p style=\"margin: 0;\"><span style=\"color: #1d60ab;\">\u25cb<\/span> S&rsquo;informer et s&rsquo;inscrire :<\/p>\n<p style=\"margin: 0; padding: 0 10px;\"><span style=\"color: #333333;\"><a href=\"mailto:imf.poledev@imf.asso.fr\"><span style=\"color: #1d60ab;\"><strong>imf.poledev@imf.asso.fr<\/strong><\/span><\/a><\/span><\/p>\n<p style=\"margin: 0 0 10px 0; padding: 0 10px;\"><span style=\"color: #333333;\"><strong><span style=\"color: #1d60ab;\">04 91 24 61 17<\/span><\/strong><\/span><\/p>\n","protected":false},"excerpt":{"rendered":"<div class=\"post_sous-title; non-visible\"><a title=\"\" href=\"https:\/\/www.imf.asso.fr\/pages\/?page_id=6712\" rel=\"bookmark\">Ecrits Professionnels<\/a><\/div>\n","protected":false},"author":1,"featured_media":0,"parent":6688,"menu_order":2,"comment_status":"closed","ping_status":"closed","template":"template-twocolumnsleft.php","meta":{"footnotes":""},"_links":{"self":[{"href":"https:\/\/www.imf.asso.fr\/pages\/index.php?rest_route=\/wp\/v2\/pages\/6712"}],"collection":[{"href":"https:\/\/www.imf.asso.fr\/pages\/index.php?rest_route=\/wp\/v2\/pages"}],"about":[{"href":"https:\/\/www.imf.asso.fr\/pages\/index.php?rest_route=\/wp\/v2\/types\/page"}],"author":[{"embeddable":true,"href":"https:\/\/www.imf.asso.fr\/pages\/index.php?rest_route=\/wp\/v2\/users\/1"}],"replies":[{"embeddable":true,"href":"https:\/\/www.imf.asso.fr\/pages\/index.php?rest_route=%2Fwp%2Fv2%2Fcomments&post=6712"}],"version-history":[{"count":3,"href":"https:\/\/www.imf.asso.fr\/pages\/index.php?rest_route=\/wp\/v2\/pages\/6712\/revisions"}],"predecessor-version":[{"id":17175,"href":"https:\/\/www.imf.asso.fr\/pages\/index.php?rest_route=\/wp\/v2\/pages\/6712\/revisions\/17175"}],"up":[{"embeddable":true,"href":"https:\/\/www.imf.asso.fr\/pages\/index.php?rest_route=\/wp\/v2\/pages\/6688"}],"wp:attachment":[{"href":"https:\/\/www.imf.asso.fr\/pages\/index.php?rest_route=%2Fwp%2Fv2%2Fmedia&parent=6712"}],"curies":[{"name":"wp","href":"https:\/\/api.w.org\/{rel}","templated":true}]}}