{"id":5984,"date":"2021-01-06T09:24:27","date_gmt":"2021-01-06T08:24:27","guid":{"rendered":"https:\/\/www.imf.asso.fr\/pages\/?page_id=5984"},"modified":"2026-04-28T12:00:32","modified_gmt":"2026-04-28T10:00:32","slug":"tisf","status":"publish","type":"page","link":"https:\/\/www.imf.asso.fr\/pages\/?page_id=5984","title":{"rendered":"TISF"},"content":{"rendered":"<div class=\"post_sous-title\"><a href=\"https:\/\/www.imf.asso.fr\/pages\/?page_id=5984\">Technicien de l&rsquo;Intervention sociale et Familiale<\/a><\/div>\n<p><!--more--><\/p>\n<table class=\"cell_align_content\">\n<tbody>\n<tr>\n<td>\n<p><a href=\"https:\/\/www.imf.asso.fr\/pages\/?page_id=5935\">Voir la page d\u00e9di\u00e9e \u00e0 la formation<\/a><\/p>\n<\/td>\n<\/tr>\n<\/tbody>\n<\/table>\n<table style=\"border-collapse: collapse; width: 100%; height: 134px;\">\n<tbody>\n<tr style=\"height: 95px;\">\n<td style=\"height: 95px; width: 99.8667%;\">\n<p><strong><span style=\"color: #ff6600;\">Attention<\/span><\/strong><\/p>\n<ul>\n<li style=\"list-style-type: none;\">\n<ul>\n<li><strong>Etablissement d&rsquo;Avignon<\/strong> : formation initiale, formation continue, apprentissage<\/li>\n<li><strong>Etablissement de Marseille<\/strong> : formation continue, apprentissage<\/li>\n<\/ul>\n<\/li>\n<\/ul>\n<\/td>\n<\/tr>\n<\/tbody>\n<\/table>\n<table style=\"border-collapse: collapse; width: 100%;\">\n<tbody>\n<tr class=\"cell_background_title\" style=\"height: 39px;\">\n<td style=\"height: 39px; width: 99.8667%;\">\u00a0<strong><span style=\"color: #1d60ab; font-size: 18pt;\">LES S\u00c9LECTIONS<\/span><\/strong><\/td>\n<\/tr>\n<tr style=\"height: 95px;\">\n<td style=\"height: 95px; width: 99.8667%;\"><\/p>\n<p><span style=\"color: #1d60ab;\"><strong>EN SAVOIR PLUS SUR LES \u00c9PREUVES DE S\u00c9LECTION :<\/strong><\/span><\/p>\n<p><a style=\"background: #fff; border-radius: 20px; border: 1px solid #cb6ce6; padding: 5px 15px; margin: 0 auto 10px; display: inline-block;\" href=\"https:\/\/www.imf.asso.fr\/pages\/wp-content\/uploads\/calendrier-TISF-2024-2025-3.pdf\"><strong><span style=\"font-size: 9pt;\">CALENDRIER DE S\u00c9LECTION<\/span><\/strong><\/a><\/p>\n<p>Votre admission sera d\u00e9termin\u00e9e \u00e0 partir d\u2019une \u00e9preuve de s\u00e9lection compos\u00e9e :<\/p>\n<ul>\n<li style=\"list-style-type: none;\">\n<ul>\n<li>D\u2019un \u00e9crit qui pr\u00e9sente votre aptitude et votre motivation \u00e0 rentrer en formation (maxi 2 pages) qui servira de support \u00e0 l\u2019entretien.<\/li>\n<li>D\u2019un entretien de 30 minutes\n<\/li>\n<\/ul>\n<\/li>\n<\/ul>\n<p>Si vous \u00eates dans l\u2019une des situations suivantes, vous \u00eates admissible de droit, et vous pouvez donc entrer en formation sans avoir \u00e0 passer la phase d\u2019admission.<br \/>\n&#8211; Je suis Laur\u00e9at.e de l\u2019Institut de l\u2019engagement,<br \/>\n&#8211; J\u2019ai sign\u00e9 un contrat d\u2019apprentissage ou de professionnalisation au sein d\u2019un \u00e9tablissement<br \/>\net service social ou m\u00e9dico-social,<br \/>\n&#8211; J\u2019ai d\u00e9j\u00e0 acquis plusieurs domaines \/ blocs de comp\u00e9tences du dipl\u00f4me de TISF.<\/p>\n<ul>\n<li><a href=\"https:\/\/www.imf.asso.fr\/pages\/wp-content\/uploads\/protocole_selection_tisf2_aout2024-1.pdf\" target=\"_blank\" rel=\"noopener\">Consulter <\/a><a href=\"https:\/\/www.imf.asso.fr\/pages\/wp-content\/uploads\/protocole_selection_tisf2_aout2024.pdf\">protocole de s\u00e9lections<\/a><a href=\"https:\/\/www.imf.asso.fr\/pages\/wp-content\/uploads\/protocole_selection_me_oct2023-vdef.pdf\" target=\"_blank\" rel=\"noopener\"><strong>\u00a0<\/strong><\/a>pour mieux comprendre le d\u00e9roul\u00e9 des s\u00e9lections.<\/li>\n<li>Pour toute information compl\u00e9mentaire, contactez notre <strong><a href=\"https:\/\/www.imf.asso.fr\/pages\/?page_id=16\">service Informations et Conseils<\/a><\/strong> ou participez \u00e0 l&rsquo;une de <strong><a href=\"https:\/\/www.imf.asso.fr\/pages\/?page_id=2994\">nos r\u00e9unions d&rsquo;information<\/a><\/strong> en pr\u00e9sentiel ou en visio-conf\u00e9rence.<\/li>\n<li>Le dossier d&rsquo;inscription sera trait\u00e9 par nos services uniquement apr\u00e8s r\u00e9ception de <span style=\"color: #1d60ab;\"><strong>la totalit\u00e9 des pi\u00e8ces demand\u00e9es<\/strong><\/span>.\n<\/li>\n<\/ul>\n<\/td>\n<\/tr>\n<tr>\n<td style=\"width: 99.8667%;\">\n<p><img decoding=\"async\" loading=\"lazy\" class=\"alignnone wp-image-12496 size-full\" src=\"https:\/\/www.imf.asso.fr\/pages\/wp-content\/uploads\/Bannieres-TISF.gif\" alt=\"\" width=\"800\" height=\"100\" \/><\/p>\n<p><span style=\"font-size: 14pt; color: #f6a140;\"><strong>S\u2019INSCRIRE POUR UNE ENTR\u00c9E EN FORMATION EN SEPTEMBRE PROCHAIN<\/strong><\/span><\/p>\n<p><strong><span style=\"color: #ffffff; background: linear-gradient(90deg, rgba(45,182,219,1) 0%, rgba(29,96,171,1) 100%); padding: 13px 13px 11px 13px; border-radius: 13px;\"><span style=\"font-size: 18pt;\">Formation initiale\u00a0<\/span><\/span><\/strong><\/p>\n<p>(<em>Formation financ\u00e9e par le Conseil R\u00e9gional R\u00e9gion Sud PACA<\/em>)<\/p>\n<p>Pour les \u00e9tudiants en continuit\u00e9 de parcours scolaire ou demandeurs d&#8217;emploi. Vous devrez passer des \u00e9preuves de s\u00e9lection sauf si vous poss\u00e9dez un statut qui vous permettent d&rsquo;en \u00eatre dispens\u00e9.e (<a href=\"https:\/\/www.imf.asso.fr\/pages\/?page_id=874\">voir conditions<\/a>).\u00a0<\/p>\n<p><span style=\"color: #ffffff; background: linear-gradient(90deg, rgba(45,182,219,1) 0%, rgba(29,96,171,1) 100%); padding: 13px 13px 11px 13px; border-radius: 13px;\"><strong><span style=\"font-size: 18pt;\">Formation en cours d&#8217;emploi\u00a0<\/span><\/strong><\/span><\/p>\n<p>Formation ouverte aux personnes salari\u00e9es dont l\u2019employeur ou un organisme paritaire (OPCO, Transition Pro\u2026.) finance l\u2019int\u00e9gralit\u00e9 du co\u00fbt de la formation.<\/p>\n<p>Les personnes en contrat Pro ou en Pro A n&rsquo;auront pas d&rsquo;\u00e9preuve \u00e0 passer.<\/p>\n<p><span style=\"font-size: 12pt; color: #ff6600; font-family: Lato;\"><span style=\"font-size: 14pt; color: #f6a140;\"><strong>DANS CES 2 CAS DE FIGURES, VOUS DEVEZ :<\/strong><\/span><\/span><\/p>\n<p><span style=\"color: #ffffff; background: linear-gradient(90deg, rgba(45,182,219,1) 0%, rgba(29,96,171,1) 100%); padding: 8px 13px 8px 13px; border-radius: 20px;\"><span style=\"font-size: 18pt;\">\u00a0 <span style=\"font-size: 12pt;\">\u279c\u00a0<strong> D\u00e9poser votre candidature<\/strong><\/span><\/span><\/span><\/p>\n<ol>\n<li style=\"list-style-type: none;\">\n<ol>\n<li>Pr\u00e9parez <strong style=\"color: #1d60ab;\">votre C<\/strong><strong><span style=\"color: #1d60ab;\">V et<\/span> <span style=\"color: #1d60ab;\">votre <\/span><\/strong><span style=\"color: #1d60ab;\"><strong><span style=\"color: #1d60ab;\">carte<\/span> d\u2019identit\u00e9<\/strong><\/span> recto\/verso (ou <strong>passeport ou titre de s\u00e9jour)<\/strong><\/li>\n<li>R\u00e9digez <strong><span style=\"color: #1d60ab;\">un \u00e9crit de 2 pages<\/span><\/strong> maximum sur votre parcours et votre projet professionnel et de formation (sauf pour les apprentis)<\/li>\n<li>D\u00e9posez votre candidature en <a href=\"https:\/\/imf.ymag.cloud\/index.php\/preinscription\/\">cliquant ici<\/a><br \/>\n<em>Pour rappel, vous pourrez retourner \u00e0 tout moment dans votre dossier en ligne.<\/em><\/li>\n<\/ol>\n<\/li>\n<\/ol>\n<p>A l&rsquo;issue de votre inscription sur le portail, vous recevrez un mail qui vous donnera le lien vous permettant d&rsquo;effectuer le r\u00e8glement des frais de s\u00e9lection de 30\u20ac.<\/p>\n<table style=\"width: 100%; border-collapse: collapse; border-style: hidden; height: 115px;\">\n<tbody>\n<tr style=\"height: 179px;\">\n<td style=\"width: 732.188px; height: 115px;\">\n<p><span style=\"color: #ffffff; background: linear-gradient(90deg, #2db6db 0%, #1d60ab 100%); padding: 8px 13px 8px; border-radius: 20px; font-size: 12pt;\"><strong>\u279c\u00a0 Si vous avez un employeur \u00a0 <\/strong><\/span><\/p>\n<p>Vous devrez \u00e9galement faire compl\u00e9ter <strong><span style=\"color: #1d60ab;\">l&rsquo;attestation de prise en charge employeur<\/span><\/strong>\u00a0et demander <strong><span style=\"color: #1d60ab;\">un devis de formation<\/span><\/strong> aupr\u00e8s du service ICO (imfinfos@imf.asso.fr). Ces documents seront \u00e0 d\u00e9poser ult\u00e9rieurement dans votre espace apr\u00e8s r\u00e9ception d&rsquo;un mail vous invitant \u00e0 le faire.<\/p>\n<p><span style=\"color: #1d60ab;\"><strong>\u279c<\/strong><\/span>T\u00e9l\u00e9charger l&rsquo;<strong><a href=\"https:\/\/www.imf.asso.fr\/pages\/wp-content\/uploads\/Attestation-prise-en-charge-employeur-maj-2024.pdf\">attestation de prise en charge employeur<\/a><\/strong><\/p>\n<p>&nbsp;<\/p>\n<p><span style=\"color: #ffffff; background: linear-gradient(90deg, rgba(45,182,219,1) 0%, rgba(29,96,171,1) 100%); padding: 13px 13px 11px 13px; border-radius: 13px;\"><strong><span style=\"font-size: 18pt;\">Formation en apprentissage\u00a0<\/span><\/strong><\/span><\/p>\n<p><a href=\"https:\/\/www.imf.asso.fr\/pages\/?page_id=10619\">Cliquer ici<\/a><\/p>\n<\/td>\n<\/tr>\n<\/tbody>\n<\/table>\n<p><!---\n\n\n\n\n\n\n\n\n\n\n\n\n\n\n\n\n\n\n\n\n\n\n\n\n\n\n\n\n\n\n\n\n\n\n\n\n\n\n\n\n\n\n\n\n\n\n\n\n\n\n\n\n\n\n\n\n\n\n\n\n\n\n\n\n\n\n\n\n\n\n\n\n\n\n\n\n\n\n\n\n\n\n\n\n\n\n\n\n\n\n\n\n\n\n\n\n\n\n\n\n<table class=\"cell_align_content\">\n\n\n<tbody>\n\n\n<tr class=\"cell_background_title\">\n\n\n<td style=\"width: 748.75px;\">Epreuves de s\u00e9lection d\u2019entr\u00e9e en formation d\u2019Etat d\u2019Accompagnant Educatif et Social<\/td>\n\n\n<\/tr>\n\n\n\n\n<tr>\n\n\n<td style=\"width: 748.75px;\">\n\n\n<ul>\n\t\n\n<li>Un dossier de candidature compos\u00e9\n<span style=\"display: inline-block; width: 0px; overflow: hidden; line-height: 0;\" data-mce-type=\"bookmark\" class=\"mce_SELRES_start\"><\/span>\n\n\n<ul>\n\t\n\n<li>D\u2019un curriculum vitae<\/li>\n\n\n\t\n\n<li>D\u2019un \u00e9crit pr\u00e9sentant le parcours et projet professionnel du candidat (2 pages)<\/li>\n\n\n<\/ul>\n\n\n<\/li>\n\n\n\t\n\n<li>Une \u00e9preuve orale d\u2019admission (30 minutes)\n\n\n\n\n\n\n\n\n\n\n\n\n\n\n\n\n\n\n\n\n\n\n\n\n\n\n\n\n\n\n\n\n\n\n\n\n\n\n\n\n\n\n\n\n\n\n\n\n\n\n\n\n\n\n\n\n\n\n\n\n\n\n\n\n\n\n\n\n\n\n\n\n\n\n\n\n\n\n\n\n\n\n\n\n\n\n\n\n\n\n\n\n\n\n\n\n\n\n\n\n\n<ul>\n\t\n\n<li>Entretien sur la base d\u2019un questionnaire ouvert, bas\u00e9 sur le projet de formation du candidat<\/li>\n\n\n<\/ul>\n\n\n<\/li>\n\n\n<\/ul>\n\n\n<\/td>\n\n\n<\/tr>\n\n\n<\/tbody>\n\n\n<\/table>\n\n\n<\/td>\n\n\n<\/tr>\n\n\n<\/tbody>\n\n\n<\/table>\n\n\n<span style=\"display: inline-block; width: 0px; overflow: hidden; line-height: 0;\" data-mce-type=\"bookmark\" class=\"mce_SELRES_start\"><\/span>\n\n\n\n\n\n\n\n\n\n\n\n\n---><\/td>\n<\/tr>\n<\/tbody>\n<\/table>\n<p>&nbsp;<\/p>\n","protected":false},"excerpt":{"rendered":"<div class=\"post_sous-title\"><a href=\"https:\/\/www.imf.asso.fr\/pages\/?page_id=5984\">Technicien de l&rsquo;Intervention sociale et Familiale<\/a><\/div>\n","protected":false},"author":3,"featured_media":10476,"parent":109,"menu_order":8,"comment_status":"closed","ping_status":"closed","template":"template-twocolumnsleft.php","meta":{"footnotes":""},"_links":{"self":[{"href":"https:\/\/www.imf.asso.fr\/pages\/index.php?rest_route=\/wp\/v2\/pages\/5984"}],"collection":[{"href":"https:\/\/www.imf.asso.fr\/pages\/index.php?rest_route=\/wp\/v2\/pages"}],"about":[{"href":"https:\/\/www.imf.asso.fr\/pages\/index.php?rest_route=\/wp\/v2\/types\/page"}],"author":[{"embeddable":true,"href":"https:\/\/www.imf.asso.fr\/pages\/index.php?rest_route=\/wp\/v2\/users\/3"}],"replies":[{"embeddable":true,"href":"https:\/\/www.imf.asso.fr\/pages\/index.php?rest_route=%2Fwp%2Fv2%2Fcomments&post=5984"}],"version-history":[{"count":5,"href":"https:\/\/www.imf.asso.fr\/pages\/index.php?rest_route=\/wp\/v2\/pages\/5984\/revisions"}],"predecessor-version":[{"id":17359,"href":"https:\/\/www.imf.asso.fr\/pages\/index.php?rest_route=\/wp\/v2\/pages\/5984\/revisions\/17359"}],"up":[{"embeddable":true,"href":"https:\/\/www.imf.asso.fr\/pages\/index.php?rest_route=\/wp\/v2\/pages\/109"}],"wp:featuredmedia":[{"embeddable":true,"href":"https:\/\/www.imf.asso.fr\/pages\/index.php?rest_route=\/wp\/v2\/media\/10476"}],"wp:attachment":[{"href":"https:\/\/www.imf.asso.fr\/pages\/index.php?rest_route=%2Fwp%2Fv2%2Fmedia&parent=5984"}],"curies":[{"name":"wp","href":"https:\/\/api.w.org\/{rel}","templated":true}]}}

<div class="post_sous-title"><a href="https://www.imf.asso.fr/pages/?page_id=5984">Technicien de l&rsquo;Intervention sociale et Familiale</a></div>
<p><!--more--></p>
<table class="cell_align_content">
<tbody>
<tr>
<td>
<p><a href="https://www.imf.asso.fr/pages/?page_id=5935">Voir la page dédiée à la formation</a></p>
</td>
</tr>
</tbody>
</table>
<table style="border-collapse: collapse; width: 100%; height: 134px;">
<tbody>
<tr style="height: 95px;">
<td style="height: 95px; width: 99.8667%;">
<p><strong><span style="color: #ff6600;">Attention</span></strong></p>
<ul>
<li style="list-style-type: none;">
<ul>
<li><strong>Etablissement d&rsquo;Avignon</strong> : formation initiale, formation continue, apprentissage</li>
<li><strong>Etablissement de Marseille</strong> : formation continue, apprentissage</li>
</ul>
</li>
</ul>
</td>
</tr>
</tbody>
</table>
<table style="border-collapse: collapse; width: 100%;">
<tbody>
<tr class="cell_background_title" style="height: 39px;">
<td style="height: 39px; width: 99.8667%;"> <strong><span style="color: #1d60ab; font-size: 18pt;">LES SÉLECTIONS</span></strong></td>
</tr>
<tr style="height: 95px;">
<td style="height: 95px; width: 99.8667%;"></p>
<p><span style="color: #1d60ab;"><strong>EN SAVOIR PLUS SUR LES ÉPREUVES DE SÉLECTION :</strong></span></p>
<p><a style="background: #fff; border-radius: 20px; border: 1px solid #cb6ce6; padding: 5px 15px; margin: 0 auto 10px; display: inline-block;" href="https://www.imf.asso.fr/pages/wp-content/uploads/calendrier-TISF-2024-2025-3.pdf"><strong><span style="font-size: 9pt;">CALENDRIER DE SÉLECTION</span></strong></a></p>
<p>Votre admission sera déterminée à partir d’une épreuve de sélection composée :</p>
<ul>
<li style="list-style-type: none;">
<ul>
<li>D’un écrit qui présente votre aptitude et votre motivation à rentrer en formation (maxi 2 pages) qui servira de support à l’entretien.</li>
<li>D’un entretien de 30 minutes
</li>
</ul>
</li>
</ul>
<p>Si vous êtes dans l’une des situations suivantes, vous êtes admissible de droit, et vous pouvez donc entrer en formation sans avoir à passer la phase d’admission.<br />
&#8211; Je suis Lauréat.e de l’Institut de l’engagement,<br />
&#8211; J’ai signé un contrat d’apprentissage ou de professionnalisation au sein d’un établissement<br />
et service social ou médico-social,<br />
&#8211; J’ai déjà acquis plusieurs domaines / blocs de compétences du diplôme de TISF.</p>
<ul>
<li><a href="https://www.imf.asso.fr/pages/wp-content/uploads/protocole_selection_tisf2_aout2024-1.pdf" target="_blank" rel="noopener">Consulter </a><a href="https://www.imf.asso.fr/pages/wp-content/uploads/protocole_selection_tisf2_aout2024.pdf">protocole de sélections</a><a href="https://www.imf.asso.fr/pages/wp-content/uploads/protocole_selection_me_oct2023-vdef.pdf" target="_blank" rel="noopener"><strong> </strong></a>pour mieux comprendre le déroulé des sélections.</li>
<li>Pour toute information complémentaire, contactez notre <strong><a href="https://www.imf.asso.fr/pages/?page_id=16">service Informations et Conseils</a></strong> ou participez à l&rsquo;une de <strong><a href="https://www.imf.asso.fr/pages/?page_id=2994">nos réunions d&rsquo;information</a></strong> en présentiel ou en visio-conférence.</li>
<li>Le dossier d&rsquo;inscription sera traité par nos services uniquement après réception de <span style="color: #1d60ab;"><strong>la totalité des pièces demandées</strong></span>.
</li>
</ul>
</td>
</tr>
<tr>
<td style="width: 99.8667%;">
<p><img decoding="async" loading="lazy" class="alignnone wp-image-12496 size-full" src="https://www.imf.asso.fr/pages/wp-content/uploads/Bannieres-TISF.gif" alt="" width="800" height="100" /></p>
<p><span style="font-size: 14pt; color: #f6a140;"><strong>S’INSCRIRE POUR UNE ENTRÉE EN FORMATION EN SEPTEMBRE PROCHAIN</strong></span></p>
<p><strong><span style="color: #ffffff; background: linear-gradient(90deg, rgba(45,182,219,1) 0%, rgba(29,96,171,1) 100%); padding: 13px 13px 11px 13px; border-radius: 13px;"><span style="font-size: 18pt;">Formation initiale </span></span></strong></p>
<p>(<em>Formation financée par le Conseil Régional Région Sud PACA</em>)</p>
<p>Pour les étudiants en continuité de parcours scolaire ou demandeurs d&#8217;emploi. Vous devrez passer des épreuves de sélection sauf si vous possédez un statut qui vous permettent d&rsquo;en être dispensé.e (<a href="https://www.imf.asso.fr/pages/?page_id=874">voir conditions</a>). </p>
<p><span style="color: #ffffff; background: linear-gradient(90deg, rgba(45,182,219,1) 0%, rgba(29,96,171,1) 100%); padding: 13px 13px 11px 13px; border-radius: 13px;"><strong><span style="font-size: 18pt;">Formation en cours d&#8217;emploi </span></strong></span></p>
<p>Formation ouverte aux personnes salariées dont l’employeur ou un organisme paritaire (OPCO, Transition Pro….) finance l’intégralité du coût de la formation.</p>
<p>Les personnes en contrat Pro ou en Pro A n&rsquo;auront pas d&rsquo;épreuve à passer.</p>
<p><span style="font-size: 12pt; color: #ff6600; font-family: Lato;"><span style="font-size: 14pt; color: #f6a140;"><strong>DANS CES 2 CAS DE FIGURES, VOUS DEVEZ :</strong></span></span></p>
<p><span style="color: #ffffff; background: linear-gradient(90deg, rgba(45,182,219,1) 0%, rgba(29,96,171,1) 100%); padding: 8px 13px 8px 13px; border-radius: 20px;"><span style="font-size: 18pt;">  <span style="font-size: 12pt;">➜ <strong> Déposer votre candidature</strong></span></span></span></p>
<ol>
<li style="list-style-type: none;">
<ol>
<li>Préparez <strong style="color: #1d60ab;">votre C</strong><strong><span style="color: #1d60ab;">V et</span> <span style="color: #1d60ab;">votre </span></strong><span style="color: #1d60ab;"><strong><span style="color: #1d60ab;">carte</span> d’identité</strong></span> recto/verso (ou <strong>passeport ou titre de séjour)</strong></li>
<li>Rédigez <strong><span style="color: #1d60ab;">un écrit de 2 pages</span></strong> maximum sur votre parcours et votre projet professionnel et de formation (sauf pour les apprentis)</li>
<li>Déposez votre candidature en <a href="https://imf.ymag.cloud/index.php/preinscription/">cliquant ici</a><br />
<em>Pour rappel, vous pourrez retourner à tout moment dans votre dossier en ligne.</em></li>
</ol>
</li>
</ol>
<p>A l&rsquo;issue de votre inscription sur le portail, vous recevrez un mail qui vous donnera le lien vous permettant d&rsquo;effectuer le règlement des frais de sélection de 30€.</p>
<table style="width: 100%; border-collapse: collapse; border-style: hidden; height: 115px;">
<tbody>
<tr style="height: 179px;">
<td style="width: 732.188px; height: 115px;">
<p><span style="color: #ffffff; background: linear-gradient(90deg, #2db6db 0%, #1d60ab 100%); padding: 8px 13px 8px; border-radius: 20px; font-size: 12pt;"><strong>➜  Si vous avez un employeur   </strong></span></p>
<p>Vous devrez également faire compléter <strong><span style="color: #1d60ab;">l&rsquo;attestation de prise en charge employeur</span></strong> et demander <strong><span style="color: #1d60ab;">un devis de formation</span></strong> auprès du service ICO (imfinfos@imf.asso.fr). Ces documents seront à déposer ultérieurement dans votre espace après réception d&rsquo;un mail vous invitant à le faire.</p>
<p><span style="color: #1d60ab;"><strong>➜</strong></span>Télécharger l&rsquo;<strong><a href="https://www.imf.asso.fr/pages/wp-content/uploads/Attestation-prise-en-charge-employeur-maj-2024.pdf">attestation de prise en charge employeur</a></strong></p>
<p>&nbsp;</p>
<p><span style="color: #ffffff; background: linear-gradient(90deg, rgba(45,182,219,1) 0%, rgba(29,96,171,1) 100%); padding: 13px 13px 11px 13px; border-radius: 13px;"><strong><span style="font-size: 18pt;">Formation en apprentissage </span></strong></span></p>
<p><a href="https://www.imf.asso.fr/pages/?page_id=10619">Cliquer ici</a></p>
</td>
</tr>
</tbody>
</table>
<p><!---




































































































<table class="cell_align_content">


<tbody>


<tr class="cell_background_title">


<td style="width: 748.75px;">Epreuves de sélection d’entrée en formation d’Etat d’Accompagnant Educatif et Social</td>


</tr>




<tr>


<td style="width: 748.75px;">


<ul>
	

<li>Un dossier de candidature composé
<span style="display: inline-block; width: 0px; overflow: hidden; line-height: 0;" data-mce-type="bookmark" class="mce_SELRES_start"></span>


<ul>
	

<li>D’un curriculum vitae</li>


	

<li>D’un écrit présentant le parcours et projet professionnel du candidat (2 pages)</li>


</ul>


</li>


	

<li>Une épreuve orale d’admission (30 minutes)





































































































<ul>
	

<li>Entretien sur la base d’un questionnaire ouvert, basé sur le projet de formation du candidat</li>


</ul>


</li>


</ul>


</td>


</tr>


</tbody>


</table>


</td>


</tr>


</tbody>


</table>


<span style="display: inline-block; width: 0px; overflow: hidden; line-height: 0;" data-mce-type="bookmark" class="mce_SELRES_start"></span>












---></td>
</tr>
</tbody>
</table>
<p>&nbsp;</p>
