{"id":5921,"date":"2020-12-14T13:15:48","date_gmt":"2020-12-14T12:15:48","guid":{"rendered":"https:\/\/www.imf.asso.fr\/pages\/?page_id=5921"},"modified":"2026-04-28T16:46:26","modified_gmt":"2026-04-28T14:46:26","slug":"fc2106-referent-de-parcours-sante-social","status":"publish","type":"page","link":"https:\/\/www.imf.asso.fr\/pages\/?page_id=5921","title":{"rendered":"FC2106 &#8211; R\u00e9f\u00e9rent de parcours &#8211; Sant\u00e9 \/ Social"},"content":{"rendered":"<div class=\"post_sous-title; non-visible\"><a title=\"Permalien vers FC2106 - R\u00e9f\u00e9rent de parcours - Sant\u00e9 \/ Social\" href=\"\/pages\/?page_id=5921\" rel=\"bookmark\">R\u00e9f\u00e9rent de parcours &#8211; Sant\u00e9 \/ Social<\/a><\/div>\n<p><!--more--><\/p>\n<p><span style=\"color: #993300;\"><em><span style=\"font-size: 18pt; color: #ff6600;\"><strong>Cette formation est en cours de r\u00e9ing\u00e9nierie<\/strong>.<\/span> <br \/>\n<span style=\"color: #333333;\">Nous reviendrons vers vous prochainement pour de nouvelles informations.<\/span><\/em><\/span><\/p>\n<table style=\"width: 100%; height: 62px;\">\n<tbody>\n<tr style=\"height: 62px;\">\n<td style=\"height: 62px;\">Cette nouvelle certification initi\u00e9e par <strong>UNAFORIS<\/strong> conduit \u00e0 l&rsquo;exercice d&rsquo;une mission de r\u00e9f\u00e9rent de Parcours Sant\u00e9-Social.<\/td>\n<\/tr>\n<\/tbody>\n<\/table>\n<p><div class=\"embed-container\"><iframe loading=\"lazy\" title=\"Certification de comp\u00e9tences UNAFORIS\" width=\"945\" height=\"532\" src=\"https:\/\/www.youtube.com\/embed\/5CUiEy6d1AM?feature=oembed\" frameborder=\"0\" allow=\"accelerometer; autoplay; clipboard-write; encrypted-media; gyroscope; picture-in-picture; web-share\" referrerpolicy=\"strict-origin-when-cross-origin\" allowfullscreen><\/iframe><\/div>\n<\/p>\n<p><div class=\"embed-container\"><iframe loading=\"lazy\" title=\"Certification UNAFORIS - Exercer une mission de r\u00e9f\u00e9rent de parcours sant\u00e9 et social\" width=\"945\" height=\"532\" src=\"https:\/\/www.youtube.com\/embed\/KbmFgr0AMLQ?feature=oembed\" frameborder=\"0\" allow=\"accelerometer; autoplay; clipboard-write; encrypted-media; gyroscope; picture-in-picture; web-share\" referrerpolicy=\"strict-origin-when-cross-origin\" allowfullscreen><\/iframe><\/div>\n<\/p>\n<table>\n<tbody>\n<tr>\n<td class=\"cell_background_img\"><a title=\"cliquez sur l'image pour l'agrandir...\" href=\"https:\/\/www.imf.asso.fr\/pages\/wp-content\/uploads\/FC2106-\u2013-Referent-de-parcours-SanteSocial.pdf\" target=\"_blank\" rel=\"noopener noreferrer\"><img decoding=\"async\" class=\"aligncenter\" src=\"https:\/\/www.imf.asso.fr\/pages\/wp-content\/uploads\/Classeur1.pdf_Page_08.png\" \/><\/a><\/td>\n<\/tr>\n<\/tbody>\n<\/table>\n<p><em>documentation \u00e0 t\u00e9l\u00e9charger (plaquette, dossier d&rsquo;inscription, calendriers&#8230;) en page 2.<br \/>\n<\/em><!--nextpage--><\/p>\n<table style=\"width: 100%; height: 69px;\">\n<tbody>\n<tr style=\"height: 69px;\">\n<td style=\"height: 69px;\">\n<h4><em>FC2106 &#8211; R\u00e9f\u00e9rent de parcours &#8211; Sant\u00e9 \/ Social<\/em><\/h4>\n<\/td>\n<\/tr>\n<\/tbody>\n<\/table>\n<table style=\"width: 100%; height: 95px;\">\n<tbody>\n<tr style=\"height: 95px;\">\n<td style=\"width: 50%; height: 95px;\">\n<ul>\n<li><a href=\"https:\/\/www.imf.asso.fr\/pages\/wp-content\/uploads\/FC2106-\u2013-Referent-de-parcours-SanteSocial.pdf\" target=\"_blank\" rel=\"noopener noreferrer\">Fiche FC2106<\/a><\/li>\n<li><a href=\"https:\/\/www.imf.asso.fr\/pages\/wp-content\/uploads\/BI-REFERENT_V02.pdf\" target=\"_blank\" rel=\"noopener noreferrer\">Bulletin d\u2019inscription<\/a><\/li>\n<\/ul>\n<\/td>\n<td style=\"width: 49.8667%; height: 95px;\">Taux de r\u00e9ussite en 2025 : <span style=\"color: #1d60ab;\"><strong>100%<br \/>\n<a href=\"https:\/\/www.imf.asso.fr\/pages\/wp-content\/uploads\/calendrier-previsionnel-2025.pdf\">Calendrier Marseille<\/a><br \/>\n<\/strong><\/span><\/td>\n<\/tr>\n<\/tbody>\n<\/table>\n<p><em><strong>\u00a0<\/strong><\/em><\/p>\n","protected":false},"excerpt":{"rendered":"<div class=\"post_sous-title; non-visible\"><a title=\"Permalien vers FC2106 - R\u00e9f\u00e9rent de parcours - Sant\u00e9 \/ Social\" href=\"\/pages\/?page_id=5921\" rel=\"bookmark\">R\u00e9f\u00e9rent de parcours &#8211; Sant\u00e9 \/ Social<\/a><\/div>\n","protected":false},"author":1,"featured_media":0,"parent":47,"menu_order":2,"comment_status":"closed","ping_status":"closed","template":"template-twocolumnsleft.php","meta":{"footnotes":""},"_links":{"self":[{"href":"https:\/\/www.imf.asso.fr\/pages\/index.php?rest_route=\/wp\/v2\/pages\/5921"}],"collection":[{"href":"https:\/\/www.imf.asso.fr\/pages\/index.php?rest_route=\/wp\/v2\/pages"}],"about":[{"href":"https:\/\/www.imf.asso.fr\/pages\/index.php?rest_route=\/wp\/v2\/types\/page"}],"author":[{"embeddable":true,"href":"https:\/\/www.imf.asso.fr\/pages\/index.php?rest_route=\/wp\/v2\/users\/1"}],"replies":[{"embeddable":true,"href":"https:\/\/www.imf.asso.fr\/pages\/index.php?rest_route=%2Fwp%2Fv2%2Fcomments&post=5921"}],"version-history":[{"count":4,"href":"https:\/\/www.imf.asso.fr\/pages\/index.php?rest_route=\/wp\/v2\/pages\/5921\/revisions"}],"predecessor-version":[{"id":17371,"href":"https:\/\/www.imf.asso.fr\/pages\/index.php?rest_route=\/wp\/v2\/pages\/5921\/revisions\/17371"}],"up":[{"embeddable":true,"href":"https:\/\/www.imf.asso.fr\/pages\/index.php?rest_route=\/wp\/v2\/pages\/47"}],"wp:attachment":[{"href":"https:\/\/www.imf.asso.fr\/pages\/index.php?rest_route=%2Fwp%2Fv2%2Fmedia&parent=5921"}],"curies":[{"name":"wp","href":"https:\/\/api.w.org\/{rel}","templated":true}]}}