{"id":583,"date":"2018-02-13T09:41:37","date_gmt":"2018-02-13T08:41:37","guid":{"rendered":"http:\/\/www.imf.asso.fr\/pages\/?page_id=583"},"modified":"2023-03-03T10:35:01","modified_gmt":"2023-03-03T09:35:01","slug":"voir-ecouter","status":"publish","type":"page","link":"https:\/\/www.imf.asso.fr\/pages\/?page_id=583","title":{"rendered":"Voir, \u00e9couter&#8230;"},"content":{"rendered":"<p><!--more--><\/p>\n<div class=\"post-nav-top parent-return parent-88 clearfix\">\n<p class=\"col-md-12\"><i class=\"fa fa-arrow-circle-up\"><\/i> Revenir \u00e0 <a class=\"parent-return-link\" href=\"\/pages\/\">Accueil<\/a><\/p>\n<\/div>\n<table border=\"0\" width=\"100%\" cellspacing=\"0\" cellpadding=\"0\" align=\"center\">\n<tbody>\n<tr>\n<td height=\"102\">\n<h1><strong><img decoding=\"async\" loading=\"lazy\" src=\"\/images\/anim\/flash_mob.gif\" width=\"50\" height=\"50\" \/>IMF<\/strong><\/h1>\n<p>Mis en place par les \u00e9tudiants de l&rsquo;<strong>IMF<\/strong>, il a pour\u00a0objectif de\u00a0mobiliser et rassembler les \u00e9tudiants de l\u2019<strong>IMF<\/strong>, les \u00e9quipes p\u00e9dagogiques et administratives, les sites qualifiants et les employeurs d\u2019apprentis. Le lieu et la date seront fix\u00e9s d\u00e9but juin 2018.<\/p>\n<p><a href=\"mailto:imf.flashmob@gmail.com\">Pour toutes question<\/a>&#8230;<\/p>\n<p><em>Qu\u2019est ce qu\u2019un <strong>Flash Mob<\/strong>\u00a0?<\/em><\/p>\n<p><em> Un \u00ab\u00a0Flashmob\u00a0\u00bb, terme anglais traduit g\u00e9n\u00e9ralement par foule \u00e9clair\u00a0ou mobilisation \u00e9clair, est le rassemblement d\u2019un groupe de personnes dans un lieu public pour y effectuer des actions convenues d\u2019avance avant de se disperser rapidement.<\/em><\/p>\n<p><a href=\"\/pages\/?page_id=5631\" rel=\"noopener\">voir la vid\u00e9o<\/a>&#8230;<\/p>\n<\/td>\n<\/tr>\n<\/tbody>\n<\/table>\n<table border=\"0\" width=\"100%\" cellspacing=\"0\" cellpadding=\"0\" align=\"center\">\n<tbody>\n<tr>\n<td height=\"102\">\n<p><strong>le trottoir d&rsquo;\u00e0 c\u00f4t\u00e9, L&rsquo;\u00e9mission<\/strong><\/p>\n<p>Quelle formation pour le travail social ?<br \/>\n<strong>Denis Vallance<\/strong>, pr\u00e9sident de l&rsquo;<strong>UNAFORIS<\/strong>.<\/p>\n<p><a href=\"http:\/\/trottoirdacote.fr\/podcasts\/quelle-formation-pour-quel-travail-social-130\" target=\"_blank\" rel=\"noopener noreferrer\"> \u00e9couter <\/a>&#8230;<\/p>\n<\/td>\n<\/tr>\n<\/tbody>\n<\/table>\n<table border=\"0\" width=\"100%\" cellspacing=\"0\" cellpadding=\"0\" align=\"center\">\n<tbody>\n<tr>\n<td height=\"102\">Conf\u00e9rence europ\u00e9enne <strong>EASSW<\/strong> &#8211; <strong>UNAFORIS<\/strong> 2017<br \/>\nNathalie JAMI, Jacqueline GREBERT, Guy CHAUVIN<br \/>\n<a href=\"?page_id=5631\" rel=\"noopener\"> \u00e9couter <\/a>&#8230;<\/td>\n<\/tr>\n<\/tbody>\n<\/table>\n<table border=\"0\" width=\"100%\" cellspacing=\"0\" cellpadding=\"0\" align=\"center\">\n<tbody>\n<tr>\n<td><strong>\u00ab\u00a0C&rsquo;est pas du g\u00e2teau<\/strong>\u00ab\u00a0<br \/>\n<em>Vid\u00e9o r\u00e9alis\u00e9 par l&rsquo;<strong>IMF<\/strong> pour la s\u00e9lection<br \/>\n\u00ab\u00a0<strong>Je filme le m\u00e9tier qui me plait<\/strong>\u00ab\u00a0<br \/>\nFilm r\u00e9alis\u00e9 dans le cadre des techniques \u00e9ducatives<\/em><br \/>\n<a href=\"http:\/\/www.jefilmelemetierquimeplait.tv\/selection-officielle\/session-2017\/cest-pas-du-gateau\/prl31_jf17_1882.html\" target=\"_blank\" rel=\"noopener noreferrer\">voir la vid\u00e9o<\/a>&#8230;<\/td>\n<\/tr>\n<\/tbody>\n<\/table>\n<table border=\"0\" width=\"100%\" cellspacing=\"0\" cellpadding=\"0\" align=\"center\">\n<tbody>\n<tr>\n<td><strong>Etudiants : pourquoi j&rsquo;aime le travail social<\/strong><br \/>\n<em>Entre octobre 2015 et janvier 2016, <strong>TSA<\/strong> s&rsquo;est plong\u00e9 dans l&rsquo;univers des \u00e9coles en travail social. <\/em><br \/>\n<a href=\"http:\/\/www.tsa-quotidien.fr\/content\/etudiants-en-travail-social-la-video-synthese\" target=\"_blank\" rel=\"noopener noreferrer\">en savoir plus, voir la vid\u00e9o<\/a>&#8230;<\/td>\n<\/tr>\n<\/tbody>\n<\/table>\n<table border=\"0\" width=\"100%\" cellspacing=\"0\" cellpadding=\"0\" align=\"center\">\n<tbody>\n<tr>\n<td height=\"102\"><em>Journ\u00e9e culturelle sur le th\u00e8me de la \u00ab\u00a0participation\u00a0\u00bb organis\u00e9e le 8 mars 2016<\/em><br \/>\n<a href=\"?page_id=5631\" rel=\"noopener\"> voir la vid\u00e9o<\/a>&#8230;<\/td>\n<\/tr>\n<\/tbody>\n<\/table>\n<table border=\"0\" width=\"100%\" cellspacing=\"0\" cellpadding=\"0\" align=\"center\">\n<tbody>\n<tr>\n<td height=\"102\">\u00ab\u00a0<strong>Bref, j&rsquo;ai tent\u00e9 le social !<\/strong>\u00ab\u00a0<br \/>\nA l&rsquo;occasion du colloque de l&rsquo;<strong>Unaforis<\/strong>, <strong>TSA<\/strong> a remis \u00e0 <strong>Emilie Semp\u00e9r\u00e9<\/strong> et <strong>Romane Wattraint<\/strong>, \u00e9tudiantes en 2e ann\u00e9e de formation assistant de service social \u00e0 l&rsquo;<strong>IESTS de Nice<\/strong>, un ch\u00e8que de 1 500 \u20ac.<br \/>\nLeur film de 3 minutes a remport\u00e9 la premi\u00e8re \u00e9dition du concours vid\u00e9o tsa destin\u00e9 aux \u00e9tudiants, dont le th\u00e8me \u00e9tait : <strong>\u00ab\u00a0Le travail social, c&rsquo;est pas ce que vous croyez<\/strong>\u00ab\u00a0.<br \/>\n<a href=\"http:\/\/www.tsa-quotidien.fr\/content\/bref-jai-tente-le-social\" target=\"_blank\" rel=\"noopener noreferrer\">en savoir plus<\/a>&#8230;<\/td>\n<\/tr>\n<\/tbody>\n<\/table>\n<p>&nbsp;<\/p>\n","protected":false},"excerpt":{"rendered":"","protected":false},"author":1,"featured_media":0,"parent":0,"menu_order":0,"comment_status":"closed","ping_status":"closed","template":"template-twocolumnsright.php","meta":{"footnotes":""},"_links":{"self":[{"href":"https:\/\/www.imf.asso.fr\/pages\/index.php?rest_route=\/wp\/v2\/pages\/583"}],"collection":[{"href":"https:\/\/www.imf.asso.fr\/pages\/index.php?rest_route=\/wp\/v2\/pages"}],"about":[{"href":"https:\/\/www.imf.asso.fr\/pages\/index.php?rest_route=\/wp\/v2\/types\/page"}],"author":[{"embeddable":true,"href":"https:\/\/www.imf.asso.fr\/pages\/index.php?rest_route=\/wp\/v2\/users\/1"}],"replies":[{"embeddable":true,"href":"https:\/\/www.imf.asso.fr\/pages\/index.php?rest_route=%2Fwp%2Fv2%2Fcomments&post=583"}],"version-history":[{"count":2,"href":"https:\/\/www.imf.asso.fr\/pages\/index.php?rest_route=\/wp\/v2\/pages\/583\/revisions"}],"predecessor-version":[{"id":9032,"href":"https:\/\/www.imf.asso.fr\/pages\/index.php?rest_route=\/wp\/v2\/pages\/583\/revisions\/9032"}],"wp:attachment":[{"href":"https:\/\/www.imf.asso.fr\/pages\/index.php?rest_route=%2Fwp%2Fv2%2Fmedia&parent=583"}],"curies":[{"name":"wp","href":"https:\/\/api.w.org\/{rel}","templated":true}]}}