{"id":546,"date":"2018-02-08T11:09:23","date_gmt":"2018-02-08T10:09:23","guid":{"rendered":"http:\/\/www.imf.asso.fr\/pages\/?page_id=546"},"modified":"2020-09-28T10:31:24","modified_gmt":"2020-09-28T08:31:24","slug":"aides-financieres","status":"publish","type":"page","link":"https:\/\/www.imf.asso.fr\/pages\/?page_id=546","title":{"rendered":"Aides financi\u00e8res"},"content":{"rendered":"<p><!--more--><\/p>\n<table>\n<tbody>\n<tr>\n<td valign=\"bottom\" width=\"50%\">Comme vous le savez,\u00a0L&rsquo;aide \u00e0 la mobilit\u00e9 internationale est destin\u00e9e \u00e0 l&rsquo;\u00e9tudiant qui souhaite suivre une formation sup\u00e9rieure \u00e0 l&rsquo;\u00e9tranger dans le cadre de son cursus d&rsquo;\u00e9tudes ou effectuer un stage international :<\/p>\n<p>L&rsquo;aide \u00e0 la mobilit\u00e9 internationale permet de soutenir la mobilit\u00e9 internationale des \u00e9tudiants qui souhaitent suivre une formation sup\u00e9rieure \u00e0 l&rsquo;\u00e9tranger dans le cadre d&rsquo;un programme d&rsquo;\u00e9changes ou effectuer un stage international. Cette subvention s\u2019adresse aux \u00e9tudiants d\u00e9j\u00e0\u00a0<a href=\"https:\/\/selectra.info\/assurance\/actualites\/generalites\/toutes-infos-demarches-a-suivre-demande-bourse-logement\" target=\"_blank\" rel=\"noopener noreferrer\">boursiers<\/a> du CROUS.<\/p>\n<p>Dirigez-vous sur le site <a href=\"http:\/\/www.etudiant.gouv.fr\/cid96349\/bourses-erasmus-et-ami.html\" target=\"_blank\" rel=\"noopener noreferrer\">de \u00ab\u00a0etudiant.gouv.fr\u00a0\u00bb<\/a>\u00a0pour toute information compl\u00e9mentaire a ce sujet.<\/td>\n<\/tr>\n<\/tbody>\n<\/table>\n<table style=\"width: 100%; height: 184px;\" width=\"100%\" class=\"non-visible\">\n<tbody>\n<tr style=\"height: 184px;\">\n<td style=\"width: 50%; height: 184px;\" valign=\"bottom\" width=\"50%\"><a href=\"http:\/\/www.regionpaca.fr\/se-former\/formation-sanitaire-et-sociale\/les-aides-individuelles-regionales.html\" target=\"_blank\" rel=\"noopener noreferrer\">Guide des aides du Conseil R\u00e9gional PACA<\/a><br \/>\npour les formations sanitaires et du travail social<\/td>\n<td style=\"width: 50%; height: 184px;\" align=\"right\" width=\"50%\"><img decoding=\"async\" loading=\"lazy\" src=\"\/images\/logos\/aides_CR_2014.jpg\" width=\"167\" height=\"167\" \/><\/td>\n<\/tr>\n<\/tbody>\n<\/table>\n<table width=\"100%\">\n<tbody>\n<tr>\n<td valign=\"bottom\" width=\"50%\"><a href=\"\/pages\/?page_id=34\" rel=\"noopener\">Voir notre page d\u00e9di\u00e9e aux aides et financements&#8230;<\/a><\/td>\n<\/tr>\n<\/tbody>\n<\/table>\n<p>&nbsp;<\/p>\n","protected":false},"excerpt":{"rendered":"","protected":false},"author":1,"featured_media":0,"parent":38,"menu_order":5,"comment_status":"closed","ping_status":"closed","template":"template-twocolumnsleft.php","meta":{"footnotes":""},"_links":{"self":[{"href":"https:\/\/www.imf.asso.fr\/pages\/index.php?rest_route=\/wp\/v2\/pages\/546"}],"collection":[{"href":"https:\/\/www.imf.asso.fr\/pages\/index.php?rest_route=\/wp\/v2\/pages"}],"about":[{"href":"https:\/\/www.imf.asso.fr\/pages\/index.php?rest_route=\/wp\/v2\/types\/page"}],"author":[{"embeddable":true,"href":"https:\/\/www.imf.asso.fr\/pages\/index.php?rest_route=\/wp\/v2\/users\/1"}],"replies":[{"embeddable":true,"href":"https:\/\/www.imf.asso.fr\/pages\/index.php?rest_route=%2Fwp%2Fv2%2Fcomments&post=546"}],"version-history":[{"count":0,"href":"https:\/\/www.imf.asso.fr\/pages\/index.php?rest_route=\/wp\/v2\/pages\/546\/revisions"}],"up":[{"embeddable":true,"href":"https:\/\/www.imf.asso.fr\/pages\/index.php?rest_route=\/wp\/v2\/pages\/38"}],"wp:attachment":[{"href":"https:\/\/www.imf.asso.fr\/pages\/index.php?rest_route=%2Fwp%2Fv2%2Fmedia&parent=546"}],"curies":[{"name":"wp","href":"https:\/\/api.w.org\/{rel}","templated":true}]}}