{"id":4813,"date":"2020-03-23T15:06:38","date_gmt":"2020-03-23T14:06:38","guid":{"rendered":"https:\/\/www.imf.asso.fr\/pages\/?page_id=4813"},"modified":"2021-05-18T10:44:03","modified_gmt":"2021-05-18T08:44:03","slug":"covid-19-soutien-aux-etablissements-sociaux-et-medico-sociaux","status":"publish","type":"page","link":"https:\/\/www.imf.asso.fr\/pages\/?page_id=4813","title":{"rendered":"Covid 19 : Soutien aux \u00e9tablissements sociaux et m\u00e9dico-sociaux"},"content":{"rendered":"<p>&nbsp;<\/p>\n<p>l\u2019<strong>IMF<\/strong> souhaite favoriser la <strong><span style=\"font-size: 14pt;\">mobilisation de ses apprenants<\/span><\/strong> en assurant la mise en lien des futurs travailleurs sociaux et des \u00e9tablissements qui ont des besoins pr\u00e9gnants de personnels.<\/p>\n<p>l&rsquo;<strong>IMF<\/strong> souhaite vous permettre d&rsquo;acc\u00e9der rapidement \u00e0 une <span style=\"font-size: 14pt;\"><strong>veille sur les modalit\u00e9s de mobilisation citoyenne<\/strong> <span style=\"font-size: 12pt;\"> en faveur des \u00e9tablissements sociaux et m\u00e9dico-sociaux<\/span>. <\/span><\/p>\n<p style=\"text-align: center;\"><span style=\"font-size: 14pt;\"><strong>N&rsquo;h\u00e9sitez pas \u00e0 vous reporter \u00e0 cette rubrique pour suivre l&rsquo;actualit\u00e9.<\/strong><\/span><\/p>\n<p><span style=\"color: #ff6600;\"><strong>VEILLE SUR L&rsquo;ACTUALITE<\/strong><\/span><\/p>\n<table style=\"height: 1396px; width: 99.3333%; border-collapse: collapse;\">\n<tbody>\n<tr style=\"height: 546px;\">\n<td style=\"width: 100%; height: 546px;\"><span style=\"color: #ff6600;\"><strong>Plus de 45 personnes (\u00e9tudiants, formateurs et professionnels) nous ont envoy\u00e9 leurs t\u00e9moignages (vid\u00e9os ou \u00e9crits) et nous les en remercions.<br \/>\n<\/strong><\/span><strong>Le Cabinet de Madame Dubos a proc\u00e9d\u00e9 \u00e0 une s\u00e9lection des vid\u00e9os et a retenu celles provenant des \u00e9tablissements suivants : ARIFTS Site Nantais (Rez\u00e9), Ecole Sup\u00e9rieure de Praxis Sociale (Muhlouse), EESTS de Saint-Omer, IMF d&rsquo;Avignon, INFA de Nogent-sur-Marne, IRTESS Dijon, IRTS Champagne-Ardenne, IRTS de Franche-Comt\u00e9, IRTS Hauts-de-France, Centre de formation du Puits de l&rsquo;Aune, Sup&rsquo;Arcades \u00e0 Dijon, VIVARAIS Formation.<br \/>\n<\/strong>Nous enverrons l\u2019information pr\u00e9cise \u00e0 chaque centre de formation concern\u00e9 et nous informerons directement la personne, ainsi que celles concern\u00e9es par la diffusion de sa vid\u00e9o.<br \/>\nNous diffuserons toutes les autres vid\u00e9os sur la page Facebook UNAFORIS la semaine prochaine, ainsi que les t\u00e9moignages \u00e9crits re\u00e7us.<br \/>\nNous poursuivrons la diffusion de ces t\u00e9moignages tout au long de la crise.N\u2019h\u00e9sitez donc pas \u00e0 encourager tous les professionnels des EFTS, ainsi que les \u00e9tudiants \u00e0 continuer de d\u00e9poser leurs t\u00e9moignages sur l\u2019espace d\u00e9di\u00e9 UNAFORIS :\u00a0<a href=\"https:\/\/drive.google.com\/drive\/folders\/1y7ztGjZP28TDv3tC-7Kfv57lzrPGqcpc?usp=sharing\">https:\/\/drive.google.com\/drive\/folders\/1y7ztGjZP28TDv3tC-7Kfv57lzrPGqcpc?usp=sharing<\/a>\u00a0ou par\u00a0<a href=\"https:\/\/wetransfer.com\/\">https:\/\/wetransfer.com\/\u00a0<\/a>(en parall\u00e8le du transfert des vid\u00e9os, merci de nous envoyer un mail \u00e0\u00a0<a href=\"mailto:communication@unaforis.eu\">communication@unaforis.eu<\/a> en pr\u00e9cisant : nom et pr\u00e9nom \/ fonction + fili\u00e8re \/ nom de l\u2019\u00e9tablissement de formation \/ \u00a0nom de sa structure d\u2019accueil \/ titre de la vid\u00e9o \/ tout \u00e9l\u00e9ment \u00e0 ajouter). Merci \u00e0 tous ! <strong style=\"font-family: inherit; font-size: inherit; background-color: transparent;\"><em>C\u2019est comme cela que nous pourrons continuer \u00e0 valoriser toute l\u2019action que vous menez sur le terrain au-del\u00e0 de la continuit\u00e9 p\u00e9dagogique que vous assurez envers et contre tout, et sur laquelle il faudra aussi qu\u2019on communique.\u00a0<\/em><\/strong><\/td>\n<\/tr>\n<tr style=\"height: 317px;\">\n<td style=\"width: 100%; height: 317px;\">\n<p class=\"x_MsoNormal\"><span lang=\"fr\"><strong><span style=\"color: #ff6600;\">La DRDJSCS\u00a0 PACA (direction r\u00e9gionale et d\u00e9partementale de la Jeunesse des Sports et de la Coh\u00e9sion Sociale PACA) met en \u0153uvre un dispositif de mobilisation des \u00e9tudiants en travail social<\/span> <\/strong>(et des dipl\u00f4m\u00e9s) au b\u00e9n\u00e9fice de ces structures et pour les secteurs suivants : <\/span><span lang=\"fr\">l&rsquo;h\u00e9bergement d&rsquo;urgence, la protection de l&rsquo;enfance, l&rsquo;accueil de personnes \u00e2g\u00e9es et handicap\u00e9es et les services \u00e0 domicile. Toute intervention se fera dans le cadre d\u2019une convention de stage ou d\u2019un contrat \u00e0 dur\u00e9e d\u00e9termin\u00e9e, et seulement dans la mesure o\u00f9 les structures garantissent d&rsquo;accueillir les volontaires dans le respect des consignes sanitaires\u00a0\u00a0li\u00e9es au Covid-19 d\u00e9finies par le minist\u00e8re des solidarit\u00e9s et de la sant\u00e9.<\/span><\/p>\n<p class=\"x_MsoNormal\"><span lang=\"fr\"><b>Un questionnaire en ligne a \u00e9t\u00e9 cr\u00e9\u00e9.<\/b> Les volontaires sont invit\u00e9s \u00e0 y r\u00e9pondre\u00a0 pour venir en appui aux structures sociales et m\u00e9dico-sociales en besoin de renfort.<\/span><\/p>\n<p><span style=\"font-size: 14pt;\"><strong>&#8212;&gt; Pour consulter la note, <a href=\"\/ressources\/cms\/2020-03-24-Note-DRDJSCS.pdf\">cliquez ici<\/a><\/strong><\/span><\/td>\n<\/tr>\n<tr style=\"height: 88px;\">\n<td style=\"width: 100%; height: 88px;\"><span style=\"font-size: 12pt; color: #ff6600;\"><strong>Besoins en renfort des structures sociales et m\u00e9dico-sociales<\/strong><\/span> : Ce site vise \u00e0 recenser les besoins des employeurs demandeurs en renfort de personnels pour ensuite les mettre en relation avec les \u00e9tudiants volontaires et disponibles : <span style=\"font-size: 14pt;\"><strong><a href=\"https:\/\/www.demarches-simplifiees.fr\/commencer\/besoins-en-renfort-des-structures-sociales-et-medi\">cliquez ici<\/a><\/strong><\/span><\/td>\n<\/tr>\n<tr style=\"height: 173px;\">\n<td style=\"width: 100%; height: 173px;\"><strong><span style=\"color: #ff6600;\">Plateforme d&rsquo;engagement ouvert \u00e0 tous<br \/>\n<\/span>\u00a0<span style=\"font-size: 14pt;\"><a href=\"https:\/\/covid19.reserve-civique.gouv.fr\">https:\/\/covid19.reserve-civique.gouv.fr<\/a>\/<br \/>\n<\/span><\/strong>Que l\u2019on soit b\u00e9n\u00e9vole dans l\u2019\u00e2me, habitu\u00e9 depuis toujours des missions associatives. Ou que l\u2019on ait \u00e0 c\u0153ur, pour la premi\u00e8re fois, de donner un peu de temps et d\u2019\u00e9nergie. Parce que cette guerre sanitaire est sans pr\u00e9c\u00e9dent, parce qu\u2019elle nous concerne toutes et tous et parce que nous voulons la gagner. Ensemble. #jeveuxaider<\/td>\n<\/tr>\n<tr style=\"height: 61px;\">\n<td style=\"width: 100%; height: 61px;\"><strong><span style=\"color: #ff6600;\">Un communiqu\u00e9 de presse d&rsquo;UNAFORIS<\/span><\/strong> : COVID-19 : <a href=\"\/ressources\/cms\/2020_03_23_unaforis_communique_de_presse_coronavirus.pdf\">Les \u00e9coles de formation en travail social se mobilisent<\/a><\/td>\n<\/tr>\n<tr style=\"height: 83px;\">\n<td style=\"width: 100%; height: 83px;\">Avant que les plateformes ne soient mises en place, l&rsquo;IMF avait\u00a0 cr\u00e9\u00e9 un espace pour que les employeurs puissent d\u00e9poser leurs besoins en personnel et \u00eatre un relais aupr\u00e8s des \u00e9tudiants. Cet espace n&rsquo;a plus lieu d&rsquo;\u00eatre aujourd&rsquo;hui.\u00a0 Nous le cl\u00f4turons au profil des diff\u00e9rentes plateformes existantes.<\/td>\n<\/tr>\n<tr style=\"height: 128px;\">\n<td style=\"width: 100%; height: 128px;\"><strong><span style=\"color: #ff6600;\">Stages : Directives de la<\/span> DGCS du 15 mars 2020<\/strong>. La <strong>DGCS<\/strong> stipule : \u00ab nous confirmons que les stages peuvent \u00eatre suspendus si la structure d\u2019accueil du stagiaire l\u2019estime pertinent dans le contexte actuel. Un dispositif sera mis en place pour que les apprenants dont le stage aura \u00e9t\u00e9 interrompu ne soient pas p\u00e9nalis\u00e9s. Toutefois le stage peut se poursuivre en cas d\u2019accord entre la structure d\u2019accueil, le stagiaire et l\u2019\u00e9tablissement de formation. \u00bb.<\/td>\n<\/tr>\n<\/tbody>\n<\/table>\n<p>&nbsp;<\/p>\n","protected":false},"excerpt":{"rendered":"<p>&nbsp;<\/p>\n<p>l\u2019<strong>IMF<\/strong> souhaite favoriser la <strong><span style=\"font-size: 14pt;\">mobilisation de ses apprenants<\/span><\/strong> en assurant la mise en lien des futurs travailleurs sociaux et des \u00e9tablissements qui ont des besoins pr\u00e9gnants de personnels.<\/p>\n<p>l&rsquo;<strong>IMF<\/strong> souhaite vous permettre d&rsquo;acc\u00e9der rapidement \u00e0 une <span style=\"font-size: 14pt;\"><strong>veille sur les modalit\u00e9s de mobilisation citoyenne<\/strong> <span style=\"font-size: 12pt;\"> en faveur des \u00e9tablissements &hellip; <\/span><\/span><\/p>\n<p><a class=\"more-link btn\" href=\"https:\/\/www.imf.asso.fr\/pages\/?page_id=4813\">Lire la suite<\/a><\/p>\n","protected":false},"author":3,"featured_media":0,"parent":0,"menu_order":0,"comment_status":"closed","ping_status":"closed","template":"","meta":{"footnotes":""},"_links":{"self":[{"href":"https:\/\/www.imf.asso.fr\/pages\/index.php?rest_route=\/wp\/v2\/pages\/4813"}],"collection":[{"href":"https:\/\/www.imf.asso.fr\/pages\/index.php?rest_route=\/wp\/v2\/pages"}],"about":[{"href":"https:\/\/www.imf.asso.fr\/pages\/index.php?rest_route=\/wp\/v2\/types\/page"}],"author":[{"embeddable":true,"href":"https:\/\/www.imf.asso.fr\/pages\/index.php?rest_route=\/wp\/v2\/users\/3"}],"replies":[{"embeddable":true,"href":"https:\/\/www.imf.asso.fr\/pages\/index.php?rest_route=%2Fwp%2Fv2%2Fcomments&post=4813"}],"version-history":[{"count":2,"href":"https:\/\/www.imf.asso.fr\/pages\/index.php?rest_route=\/wp\/v2\/pages\/4813\/revisions"}],"predecessor-version":[{"id":7076,"href":"https:\/\/www.imf.asso.fr\/pages\/index.php?rest_route=\/wp\/v2\/pages\/4813\/revisions\/7076"}],"wp:attachment":[{"href":"https:\/\/www.imf.asso.fr\/pages\/index.php?rest_route=%2Fwp%2Fv2%2Fmedia&parent=4813"}],"curies":[{"name":"wp","href":"https:\/\/api.w.org\/{rel}","templated":true}]}}