{"id":4411,"date":"2020-01-21T11:31:20","date_gmt":"2020-01-21T10:31:20","guid":{"rendered":"http:\/\/www.imf.asso.fr\/pages\/?page_id=4411"},"modified":"2025-09-03T15:43:37","modified_gmt":"2025-09-03T13:43:37","slug":"tunisie","status":"publish","type":"page","link":"https:\/\/www.imf.asso.fr\/pages\/?page_id=4411","title":{"rendered":"Tunisie"},"content":{"rendered":"<p><!--more--><\/p>\n<table class=\"cell_align_content\">\n<tbody>\n<tr class=\"cell_background_title\">\n<td><strong><a id=\"pcpa1\"><\/a>Le projet Processus de Capitalisation autour des projets du p\u00f4le Insertion Socioprofessionnelle \u2013 Economie Sociale et Solidaire (PCPA Tunisie)\u00a0<\/strong><\/td>\n<\/tr>\n<tr>\n<td>\n<h4><span style=\"text-decoration: underline;\">Description<br \/>\n<\/span><\/h4>\n<p>En partenariat avec l\u2019association Cr\u00e9ation et Cr\u00e9ativit\u00e9 pour le D\u00e9veloppement et l\u2019Embauche et avec les membres du p\u00f4le \u00ab Insertion Socio-Professionnelle et d\u2019Economie Sociale et Solidaire \u00bb (ISP-ESS), le projet \u00ab<strong> Processus de capitalisation des projets d\u2019Insertion Socio-Professionnelle et d\u2019Economie Sociale et Solidaire<\/strong> \u00bb s\u2019inscrit dans le cadre du Programme Concert\u00e9 Pluri-Acteurs Soyons Actifs-Actives en Tunisie.<\/p>\n<p>D\u00e9but\u00e9 en septembre 2016, il a un double objectif d\u2019identification des pratiques sociales novatrices et de mod\u00e9lisation des savoirs acquis lors des exp\u00e9riences de projet ainsi que d\u2019appropriation des connaissances par les acteurs de terrain pour une utilisation des r\u00e9sultats de l\u2019\u00e9tude dans des contextes diversifi\u00e9s. Par cons\u00e9quent, la capitalisation des exp\u00e9riences, au sein du p\u00f4le ISP-ESS est <strong>non seulement une source de production de connaissances mais aussi un moyen de promouvoir l\u2019ESS et l\u2019emploi d\u00e9cent<\/strong> en ad\u00e9quation avec les besoins diversifi\u00e9s des populations et en concertation avec les acteurs socio-\u00e9conomiques.<\/p>\n<\/td>\n<\/tr>\n<tr>\n<td>\n<h4><span style=\"text-decoration: underline;\">R\u00e9sultats<\/span><\/h4>\n<p>La capitalisation est tourn\u00e9e vers l\u2019avenir puisqu\u2019elle met en exergue non pas une liste de faits (actions, r\u00e9sultats, impacts) mais des processus conduisant de l\u2019initiative aux effets constat\u00e9s. Un double int\u00e9r\u00eat se d\u00e9gage d\u2019une telle d\u00e9marche :<\/p>\n<ol>\n<li>L\u2019\u00e9valuation peut se permettre le surplomb, une observation et une analyse externes ; la capitalisation r\u00e9clame un tel niveau de compr\u00e9hension des ph\u00e9nom\u00e8nes v\u00e9cus qu\u2019elle ne peut que passer par un travail des acteurs eux-m\u00eames. Dit autrement, la capitalisation ne peut qu\u2019\u00eatre endog\u00e8ne et participative (m\u00eame si des tiers s\u2019engagent avec les acteurs impliqu\u00e9s pour en soutenir le travail). Aussi \u00ab la capitalisation d\u2019exp\u00e9rience est une d\u00e9marche qui renforce les capacit\u00e9s des acteurs b\u00e9n\u00e9ficiaires du partage \u00bb en mettant \u00e0 jour les processus qu\u2019ils ont anim\u00e9s.<\/li>\n<li>Lorsqu\u2019un Projet est \u00e9valu\u00e9 comme r\u00e9ussi, il peut faire mod\u00e8le. Mais faute d\u2019une faible appr\u00e9hension de ses dynamiques singuli\u00e8res, le risque est de reproduire le projet \u00e0 l\u2019identique comme s\u2019il s\u2019agissait de transposer des pratiques. Des d\u00e9cennies d\u2019exp\u00e9riences ont montr\u00e9 l\u2019inefficacit\u00e9 de ce m\u00e9canisme. La capitalisation, parce qu\u2019elle rend compte au plus pr\u00e8s des processus transformateurs, permet de rep\u00e9rer les aspects clefs d\u2019une r\u00e9alisation qui sont transf\u00e9rables dans un autre contexte. En produisant une connaissance qui extrait d\u2019une r\u00e9alisation v\u00e9cue des aspects intelligibles, elle favorise la transf\u00e9rabilit\u00e9 des pratiques consid\u00e9r\u00e9es comme pertinentes par les acteurs dans leur analyse des processus.<\/li>\n<\/ol>\n<p>La capitalisation au sein du p\u00f4le ISP-ESS a donn\u00e9 lieu \u00e0 un livrable dont une synth\u00e8se est t\u00e9l\u00e9chargeable en annexe.<\/p>\n<\/td>\n<\/tr>\n<tr>\n<td>\n<h4><span style=\"text-decoration: underline;\">Implication de l&rsquo;<strong>IMF RIS<\/strong><\/span><\/h4>\n<p>L\u2019<strong>Institut M\u00e9diterran\u00e9en de Formation, Recherche et Intervention Sociale<\/strong> est co-porteur de ce projet. <strong>Emmanuelle Chaumette<\/strong>, coordinatrice du projet \u00e0 l\u2019<strong>IMF RIS<\/strong>, \u00e0 d\u00e9velopper une approche concert\u00e9e qui a permis de co-construire un dispositif de capitalisation au plus pr\u00e8s des attentes des acteurs et apprendre, chemin faisant, \u00e0 d\u00e9ployer une strat\u00e9gie collective d\u2019identification des savoirs issus de l\u2019exp\u00e9rience. Ce dispositif de capitalisation int\u00e8gre divers outils tels que le recueil et l\u2019analyse de donn\u00e9es \u00e0 distance et sur le terrain, l\u2019organisation de focus group sur les territoires d\u2019exp\u00e9rimentation en Tunisie ou encore la cr\u00e9ation d\u2019outils de communication clairs et innovants sur les contenus de la capitalisation et la d\u00e9marche. A partir de 2020, une deuxi\u00e8me phase de capitalisation devrait voir le jour sur tous les p\u00f4les du PCPA tunisien : le p\u00f4le ISP-ESS, le p\u00f4le \u00e9ducation populaire et le p\u00f4le d\u00e9mocratie locale et participative.<\/p>\n<\/td>\n<\/tr>\n<\/tbody>\n<\/table>\n<table class=\"cell_align_content\" style=\"width: 100%; height: 1934px;\">\n<tbody>\n<tr class=\"cell_background_title\" style=\"height: 39px;\">\n<td style=\"height: 39px;\"><strong><a id=\"pcpa2\"><\/a>Le Programme Concert\u00e9 Pluri-Acteurs Tunisien &#8211; Soyons Actifs\/Actives<\/strong><\/td>\n<\/tr>\n<tr style=\"height: 495px;\">\n<td style=\"height: 495px;\">\n<h4><span style=\"text-decoration: underline;\">Description<\/span><\/h4>\n<p>Pilot\u00e9 par le Solidarit\u00e9 La\u00efque, le Programme Concert\u00e9 Pluri-acteurs (PCPA) Tunisie ou <strong>Soyons Actifs\/Actives<\/strong> a vu le jour en 2012 et a l\u2019ambition de consolider son action jusqu\u2019en 2025. Ce programme franco-tunisien, r\u00e9unissant 67 entit\u00e9s (associations, syndicats, coop\u00e9ratives, collectivit\u00e9s territoriales et pouvoirs publics), a pour objectif de renforcer les capacit\u00e9s des organisations de la soci\u00e9t\u00e9 civile tunisienne et fran\u00e7aise qui vise la r\u00e9duction des in\u00e9galit\u00e9s d\u2019acc\u00e8s aux droits. Pour ce faire, en plus d\u2019avoir cr\u00e9\u00e9 des espaces de concertation, appuyer les projets de la soci\u00e9t\u00e9 civile et former les membres des associations membres, le programme a divis\u00e9 son organisation <strong>en trois p\u00f4les th\u00e9matiques<\/strong>\u00a0:<\/p>\n<ul>\n<li>Le p\u00f4le \u00ab Insertion socioprofessionnelle et Economie Sociale et Solidaire \u00bb (ISP-ESS) a pour objectif de soutenir les structures membres \u00e0 aider les populations les plus vuln\u00e9rables \u00e0 s\u2019ins\u00e9rer professionnellement par l\u2019entreprenariat collectif et contribuer \u00e0 l\u2019\u00e9laboration d\u2019une vision partag\u00e9e et claire de l\u2019ESS en Tunisie.<\/li>\n<li>Le p\u00f4le \u00ab \u00e9ducation \u00bb a pour but de promouvoir une \u00e9ducation socioculturelle de qualit\u00e9, partout, pour tous, obligatoire, gratuite et \u00e9galitaire ainsi que la culture de la citoyennet\u00e9, qui est la meilleure chance pour lutter contre la violence et pour assurer la d\u00e9mocratie.<\/li>\n<li>Le p\u00f4le \u00ab\u00a0 d\u00e9mocratie participative \u00bb veut sensibiliser les citoyens, et notamment les jeunes, aux enjeux de la d\u00e9mocratie ; promouvoir des m\u00e9canismes d\u00e9mocratiques innovants, participatifs et inclusifs et interpeller et \u00e9changer avec les pouvoirs publics sur ces th\u00e9matiques.<\/li>\n<\/ul>\n<\/td>\n<\/tr>\n<tr style=\"height: 791px;\">\n<td style=\"height: 791px;\">\n<h4><span style=\"text-decoration: underline;\">La deuxi\u00e8me phase du programme<\/span><\/h4>\n<p>En juillet 2019, l\u2019ensemble des membres du programme franco-tunisien s\u2019est donn\u00e9 rendez-vous \u00e0 Tunis et Bizerte pour d\u00e9finir les contours d\u2019une <strong>nouvelle phase (2019-22)<\/strong> de mani\u00e8re concert\u00e9e, transparente et d\u00e9mocratique. Les diff\u00e9rents ateliers de cette Assembl\u00e9e Pl\u00e9ni\u00e8re ont permis de r\u00e9it\u00e9rer les engagements des acteurs \u00e0 lutter pour une soci\u00e9t\u00e9 plus juste, durable et inclusive et ils se sont donn\u00e9s pour objectifs de :<\/p>\n<p><img decoding=\"async\" loading=\"lazy\" class=\"aligncenter\" src=\"\/pages\/international\/images\/image019.jpg\" alt=\"\" width=\"731\" height=\"302\" \/><\/p>\n<ul>\n<li>Poursuivre sur les <strong>trois th\u00e9matiques<\/strong> qui constituent des espaces d\u2019\u00e9change d\u2019exp\u00e9riences, d\u2019apprentissage collectif, de co-construction des connaissances et d\u00e9velopper les approches transversales telles l\u2019approche inclusive et la protection de l\u2019environnement.<\/li>\n<li>Consolider le soutien aux <strong>projets pilotes pluri-acteurs<\/strong> dans les territoires tunisiens en priorit\u00e9, mais \u00e9galement en r\u00e9ciprocit\u00e9 avec des territoires fran\u00e7ais.<\/li>\n<li>Engager une <strong>strat\u00e9gie de concertation et d\u2019influence sur les politiques publiques<\/strong> \u00e0 travers la construction d\u2019une une vision politique commune autour d\u2019enjeux partag\u00e9s entre les membres du programme.<\/li>\n<li>Penser l\u2019avenir en d\u00e9veloppant un projet de <strong>lieu coop\u00e9ratif<\/strong> d\u00e9di\u00e9 au travail de la soci\u00e9t\u00e9 civile permettant l\u2019accompagnement de projets, la formation et la vente de produits issus de l\u2019\u00e9conomie sociale et solidaire.<\/li>\n<\/ul>\n<\/td>\n<\/tr>\n<tr style=\"height: 547px;\">\n<td style=\"height: 547px;\">\n<h4><span style=\"text-decoration: underline;\">Implication de l&rsquo;<strong>IMF RIS<\/strong><\/span><\/h4>\n<p>Sur la premi\u00e8re phase du PCPA est multiple. L\u2019<strong>Institut M\u00e9diterran\u00e9en de Formation, Recherche et Intervention Sociale<\/strong> a contribu\u00e9 \u00e0 la <strong>gouvernance collective<\/strong> du programme en participant au Comit\u00e9 du Pilotage, organe ex\u00e9cutant les d\u00e9cisions de l\u2019Assembl\u00e9e Pl\u00e9ni\u00e8re, durant trois ans. Muriel LION, cheffe de projet Coop\u00e9ration Internationale, a remis son mandat d\u2019\u00e9lue \u00e0 cette instance los de cette Assembl\u00e9e Pl\u00e9ni\u00e8re afin qu\u2019un autre membre puisse prendre la rel\u00e8ve.<\/p>\n<p><img decoding=\"async\" loading=\"lazy\" class=\"aligncenter\" src=\"\/pages\/international\/images\/image021.jpg\" alt=\"\" width=\"317\" height=\"307\" \/><\/p>\n<p>L\u2019<strong>IMF RIS<\/strong> \u00e9tait \u00e9galement partenaire des projets \u00ab <em>Plaidoyer autour de l\u2019ESS<\/em> \u00bb, \u00ab <em>Mutualisation des ressources<\/em> \u00bb, \u00ab <em>L\u2019Economie Sociale et Solidaire, de l\u2019engagement \u00e0 l\u2019action<\/em> \u00bb, \u00ab <em>techniques multim\u00e9dias au service de l\u2019emploi et de l\u2019ESS<\/em> \u00bb et \u00ab <em>Article 27<\/em> \u00bb. Ces activit\u00e9s nous ont notamment permis de d\u00e9velopper un r\u00e9seau important d\u2019acteurs associatifs, de militants syndicaux et d\u2019acteurs institutionnels. Ce r\u00e9seau a \u00e9t\u00e9 mobilis\u00e9 pour le montage du projet \u00ab\u00a0AlterMed\u00a0\u00bb.<\/p>\n<\/td>\n<\/tr>\n<tr style=\"height: 62px;\">\n<td style=\"height: 62px;\"><em><a href=\"https:\/\/tn24.ween.tn\/fr\/article\/realisation-d-environ-une-cinquantaine-de-projets-pour-la-reduction-des-inegalites-au-cours-de-la-1ere-phase-du-programme-soyons-actifs-actives-155762?fbclid=IwAR0ZKcMTwcGOUhFYwAA7ALEh4IuYCf-rz2wIVGcSghHVsJhdxP1HYVrweks\" target=\"_blank\" rel=\"noopener noreferrer\">en savoir plus<\/a>&#8230;<\/em><br \/>\n<em><a href=\"http:\/\/actives-actifs.org\" target=\"_blank\" rel=\"noopener noreferrer\">site web<\/a>&#8230;<\/em><\/td>\n<\/tr>\n<\/tbody>\n<\/table>\n<table style=\"border-collapse: collapse; width: 100%;\">\n<tbody>\n<tr>\n<td style=\"width: 100%;\">\n<h3 style=\"text-align: right;\"><span style=\"text-decoration: underline;\">Nos r\u00e9alisations<\/span><\/h3>\n<\/td>\n<\/tr>\n<\/tbody>\n<\/table>\n<table class=\"cell_align_content\">\n<tbody>\n<tr class=\"cell_background_title\">\n<td><strong><a id=\"pjt\"><\/a>Le projet Jeunes talents (Ras El Jebel \u2013 Bizerte)<\/strong><\/td>\n<\/tr>\n<tr>\n<td>\n<h4><span style=\"text-decoration: underline;\"><strong>Description du programme<\/strong><\/span><\/h4>\n<p>L\u2019id\u00e9e a l\u2019origine de l\u2019initiative intitul\u00e9e \u00ab <strong>De l\u2019appui aux jeunes talents \u00e0 l\u2019entreprenariat dans le champ de l\u2019ESS<\/strong> \u00bb, est de faire r\u00e9fl\u00e9chir les jeunes \u00e0 des solutions nouvelles et de leur faire comprendre que le d\u00e9veloppement d\u2019une activit\u00e9 \u00e9conomique peut r\u00e9soudre un probl\u00e8me. L\u2019objectif du projet, port\u00e9 par l\u2019association Cr\u00e9ation et Cr\u00e9ativit\u00e9 pour le D\u00e9veloppement et l\u2019Embauche (CCDE) de Ras Jebel (Bizerte), est de rendre la cr\u00e9ation d\u2019emploi et l\u2019entreprenariat collectif dans le champ de l\u2019ESS accessible aux jeunes et les accompagner pour la concr\u00e9tisation de leurs activit\u00e9s.<\/p>\n<p>Dans ce cadre, en juillet 2018, la Soci\u00e9t\u00e9 Coop\u00e9rative des Entrepreneurs Solidaires (SCES) a \u00e9t\u00e9 inaugur\u00e9. C\u2019est la premi\u00e8re Coop\u00e9rative d\u2019Activit\u00e9s et d\u2019Emploi\u00a0 (CAE) de Tunisie. Cette nouvelle structure est une entreprise partag\u00e9e sous la forme d\u2019une SCOP regroupant plusieurs entrepreneurs quelque soit leur savoir-faire, leur permettant de d\u00e9marrer dans un cadre s\u00e9curis\u00e9 et d\u2019\u00eatre accompagner dans le d\u00e9veloppement et la gestion de leur activit\u00e9. Avec cette exp\u00e9rimentation, il s\u2019agit de tester une solution innovante \u00e0 la probl\u00e9matique du ch\u00f4mage, notamment chez les jeunes et les femmes, de r\u00e9duire la part des activit\u00e9s informelles, d\u2019\u00e9largir la couverture sociale aux entrepreneurs et de contribuer \u00e0 la dynamisation des trois municipalit\u00e9s et des deux conseils de village.<\/p>\n<p>L\u2019Institut M\u00e9diterran\u00e9en de Formation a co-pilot\u00e9 le projet en partenariat avec la CCDE et la Manufacture Coop\u00e9rative \u00ab\u00a0Manucoop\u00a0\u00bb. L\u2019<strong>IMF RIS<\/strong> a appuy\u00e9 l\u2019organisation et\/ou l\u2019ex\u00e9cution des activit\u00e9s suivantes\u00a0:<\/p>\n<ul>\n<li>Un s\u00e9minaire de sensibilisation sur l\u2019\u00c9conomie sociale et solidaire.<\/li>\n<li>Des formations sur les activit\u00e9s professionnelles, projets personnels et l\u2019insertion par la cr\u00e9ation d\u2019activit\u00e9s<\/li>\n<li>Des ateliers collectifs de formation sur la r\u00e9daction de plans d\u2019affaires<\/li>\n<li>Un dispositif d\u2019accompagnement des jeunes \u00e0 la concr\u00e9tisation de leurs activit\u00e9s<\/li>\n<li>Un stage d\u2019immersion pour le futur g\u00e9rant de la CAE<\/li>\n<li>La cr\u00e9ation de la SCES<\/li>\n<\/ul>\n<\/td>\n<\/tr>\n<tr>\n<td><em><a href=\"http:\/\/actives-actifs.org\/project\/appui-aux-jeunes-talents-a-lentreprenariat-dans-le-champ-de-less\/\" target=\"_blank\" rel=\"noopener noreferrer\">site web<\/a>&#8230;<\/em><\/td>\n<\/tr>\n<\/tbody>\n<\/table>\n","protected":false},"excerpt":{"rendered":"","protected":false},"author":1,"featured_media":0,"parent":14269,"menu_order":3,"comment_status":"closed","ping_status":"closed","template":"template-twocolumnsleft.php","meta":{"footnotes":""},"_links":{"self":[{"href":"https:\/\/www.imf.asso.fr\/pages\/index.php?rest_route=\/wp\/v2\/pages\/4411"}],"collection":[{"href":"https:\/\/www.imf.asso.fr\/pages\/index.php?rest_route=\/wp\/v2\/pages"}],"about":[{"href":"https:\/\/www.imf.asso.fr\/pages\/index.php?rest_route=\/wp\/v2\/types\/page"}],"author":[{"embeddable":true,"href":"https:\/\/www.imf.asso.fr\/pages\/index.php?rest_route=\/wp\/v2\/users\/1"}],"replies":[{"embeddable":true,"href":"https:\/\/www.imf.asso.fr\/pages\/index.php?rest_route=%2Fwp%2Fv2%2Fcomments&post=4411"}],"version-history":[{"count":2,"href":"https:\/\/www.imf.asso.fr\/pages\/index.php?rest_route=\/wp\/v2\/pages\/4411\/revisions"}],"predecessor-version":[{"id":13573,"href":"https:\/\/www.imf.asso.fr\/pages\/index.php?rest_route=\/wp\/v2\/pages\/4411\/revisions\/13573"}],"up":[{"embeddable":true,"href":"https:\/\/www.imf.asso.fr\/pages\/index.php?rest_route=\/wp\/v2\/pages\/14269"}],"wp:attachment":[{"href":"https:\/\/www.imf.asso.fr\/pages\/index.php?rest_route=%2Fwp%2Fv2%2Fmedia&parent=4411"}],"curies":[{"name":"wp","href":"https:\/\/api.w.org\/{rel}","templated":true}]}}