{"id":4405,"date":"2020-01-21T11:25:41","date_gmt":"2020-01-21T10:25:41","guid":{"rendered":"http:\/\/www.imf.asso.fr\/pages\/?page_id=4405"},"modified":"2025-12-10T18:02:52","modified_gmt":"2025-12-10T17:02:52","slug":"lequipe","status":"publish","type":"page","link":"https:\/\/www.imf.asso.fr\/pages\/?page_id=4405","title":{"rendered":"L\u2019\u00e9quipe"},"content":{"rendered":"<p><!--more--><\/p>\n<table class=\"cell_align_content\">\n<tbody>\n<tr>\n<td>\n<p>Le p\u00f4le international de l\u2019<strong>IMF RIS<\/strong> est anim\u00e9, au si\u00e8ge marseillais de l\u2019<strong>Institut<\/strong>, par une \u00e9quipe solidaire qui se consacre depuis plusieurs ann\u00e9es \u00e0 travers son engagement militant, ses \u00e9tudes et activit\u00e9s professionnelles, aux enjeux pos\u00e9s par le d\u00e9veloppement social et la coop\u00e9ration internationale y compris europ\u00e9enne.<\/p>\n<p>Sp\u00e9cialis\u00e9es dans les politiques et les programmes europ\u00e9ens y compris de mobilit\u00e9 internationale, experts en gestion de projets de d\u00e9veloppement, ces personnes mettent leurs comp\u00e9tences et leurs connaissances au service du projet associatif qui les rassemble, projet fond\u00e9 sur l\u2019ancrage territorial, sur les articulations formation-action-recherche et sur son ouverture aux cultures de la M\u00e9diterran\u00e9e et de l\u2019Europe.<\/p>\n<p>L\u2019\u00e9quipe sollicite r\u00e9guli\u00e8rement des collaborations internes ou externes en fonction des besoins des projets. Tous ses membres d\u00e9fendent une vision alternative du monde assise sur des valeurs coop\u00e9ratives qui placent l\u2019humain au centre des projets de soci\u00e9t\u00e9 et partagent la conviction que c&rsquo;est en mobilisant l&rsquo;intelligence collective que pourront \u00eatre apport\u00e9es les r\u00e9ponses les plus pertinentes aux probl\u00e9matiques environnementales, sociales et \u00e9conomiques auxquelles nous sommes confront\u00e9s.<\/p>\n<\/td>\n<\/tr>\n<\/tbody>\n<\/table>\n<table class=\"cell_align_content\">\n<tbody>\n<tr class=\"cell_background_title\">\n<td>L\u2019\u00e9quipe permanente<\/td>\n<\/tr>\n<tr>\n<td>\n<p><strong>Cl\u00e9mence Gay Maz\u00e9<\/strong>, <em>Conseill\u00e8re Technique Mobilit\u00e9s Internationales<\/em><\/p>\n<p>Depuis 2016, elle participe \u00e0 l\u2019organisation des mobilit\u00e9s entrantes\/sortantes des \u00e9tudiants et du personnel. Son r\u00f4le s\u2019articule autour des missions suivantes :<\/p>\n<ul>\n<li>Veille des programmes financiers de mobilit\u00e9 internationale<\/li>\n<li>Participation aux r\u00e9seaux d\u2019acteurs (UNAFORIS, CoReMob, Erasmus)<\/li>\n<li>R\u00e9ponse aux appels \u00e0 projets et accr\u00e9ditations<\/li>\n<li>Suivi financier des conventions de subvention<\/li>\n<li>Aide administrative et financi\u00e8re aux participants<\/li>\n<li>Elaboration de proc\u00e9dures internes de travail<\/li>\n<li>Production d\u2019outils de communication et de valorisation<\/li>\n<\/ul>\n<p>\n<span style=\"color: #1d60ab;\">c.gaymaze@imf.asso.fr<\/span><\/p>\n<\/td>\n<\/tr>\n<p><!--\n\n\n<tr>\n\n\n<td>\n\n\n<p><strong>Aliz\u00e9 LIESA<\/strong>,\u00a0<em>Responsable d\u00e9veloppement et partenariat \u00e0 l'international<\/em><\/p>\n\n\n\n\n<p>Depuis D\u00e9cembre 2023, elle est en charge du d\u00e9veloppement des projets d'envergure europ\u00e9enne et internationaux. Elle est en chefferie de projet sur le projet FSE \"<strong>Trace ton Avenir<\/strong>\" (sept 23 \u00e0 juin 25) visant \u00e0 l'insertion socio-professionnelle de jeunes \u00e9loign\u00e9es de l'emploi par la voie de l'apprentissage et sur le projet de renforcement des capacit\u00e9s euro-m\u00e9diterran\u00e9en \"<strong>Youth for Peace<\/strong>\" (dec 23\u00a0\u00e0 nov 25) .\u00a0<\/p>\n\n\n\n\n<p>Elle participe au comit\u00e9 de r\u00e9daction de l'<strong>AIFRIS<\/strong> et vient en appui au p\u00f4le d\u00e9veloppement sur des r\u00e9ponses \u00e0 appel \u00e0 projets et aux centres d'activit\u00e9 sur des actions de formations<\/p>\n\n\n\n\n<p>a.liesa@imf.asso.fr<\/p>\n\n\n<\/td>\n\n\n<\/tr>\n\n\n--><\/tbody>\n<\/table>\n<p><!--\n\n\n\n\n\n<table class=\"cell_align_content\">\n\n\n<tbody>\n\n\n<tr class=\"cell_background_title\">\n\n\n<td>Les collaborations r\u00e9guli\u00e8res<\/td>\n\n\n<\/tr>\n\n\n\n\n<tr>\n\n\n<td>&nbsp;<\/td>\n\n\n<\/tr>\n\n\n\n\n<tr>\n\n\n<td>\n\n\n<p><strong>Yves Lacascade<\/strong>, <em>animateur du LIRISS<\/em><\/p>\n\n\n\n\n<p>Formateur-chercheur \u00e0 l\u2019<strong>IMF RIS<\/strong> et animateur du Laboratoire Interdisciplinaire de Recherche en Interventions Sociales et Soci\u00e9t\u00e9, Yves Lacascade coordonne les recherches-actions au sein du programme Soyons Actifs-Actif et du projet AlterMed.<\/p>\n\n\n<\/td>\n\n\n<\/tr>\n\n\n\n\n<tr>\n\n\n<td>&nbsp;<\/td>\n\n\n<\/tr>\n\n\n<\/tbody>\n\n\n<\/table>\n\n\n\n\n\n--><\/p>\n","protected":false},"excerpt":{"rendered":"","protected":false},"author":1,"featured_media":0,"parent":2069,"menu_order":4,"comment_status":"closed","ping_status":"closed","template":"template-twocolumnsleft.php","meta":{"footnotes":""},"_links":{"self":[{"href":"https:\/\/www.imf.asso.fr\/pages\/index.php?rest_route=\/wp\/v2\/pages\/4405"}],"collection":[{"href":"https:\/\/www.imf.asso.fr\/pages\/index.php?rest_route=\/wp\/v2\/pages"}],"about":[{"href":"https:\/\/www.imf.asso.fr\/pages\/index.php?rest_route=\/wp\/v2\/types\/page"}],"author":[{"embeddable":true,"href":"https:\/\/www.imf.asso.fr\/pages\/index.php?rest_route=\/wp\/v2\/users\/1"}],"replies":[{"embeddable":true,"href":"https:\/\/www.imf.asso.fr\/pages\/index.php?rest_route=%2Fwp%2Fv2%2Fcomments&post=4405"}],"version-history":[{"count":2,"href":"https:\/\/www.imf.asso.fr\/pages\/index.php?rest_route=\/wp\/v2\/pages\/4405\/revisions"}],"predecessor-version":[{"id":15669,"href":"https:\/\/www.imf.asso.fr\/pages\/index.php?rest_route=\/wp\/v2\/pages\/4405\/revisions\/15669"}],"up":[{"embeddable":true,"href":"https:\/\/www.imf.asso.fr\/pages\/index.php?rest_route=\/wp\/v2\/pages\/2069"}],"wp:attachment":[{"href":"https:\/\/www.imf.asso.fr\/pages\/index.php?rest_route=%2Fwp%2Fv2%2Fmedia&parent=4405"}],"curies":[{"name":"wp","href":"https:\/\/api.w.org\/{rel}","templated":true}]}}