{"id":3308,"date":"2019-03-08T10:12:43","date_gmt":"2019-03-08T09:12:43","guid":{"rendered":"http:\/\/www.imf.asso.fr\/pages\/?page_id=3308"},"modified":"2025-07-25T10:48:09","modified_gmt":"2025-07-25T08:48:09","slug":"ouvrages-chapitres-douvrage-et-articles","status":"publish","type":"page","link":"https:\/\/www.imf.asso.fr\/pages\/?page_id=3308","title":{"rendered":"Ouvrages, chapitres d&rsquo;ouvrage et articles"},"content":{"rendered":"<p><!--more--><\/p>\n<table class=\"cell_align_content\" style=\"width: 100%; height: 617px;\">\n<tbody>\n<tr class=\"cell_background_title\" style=\"height: 39px;\">\n<td style=\"height: 39px;\">Par Auteur<\/td>\n<\/tr>\n<tr style=\"height: 578px;\">\n<td style=\"height: 578px;\">\n<table style=\"width: 96.0387%;\">\n<tbody>\n<tr>\n<td style=\"width: 100%;\" colspan=\"2\"><b>\u202a&gt; <\/b><b>Michel Guglielmi<\/b><b>, Responsable de Centre d&rsquo;Activit\u00e9s \u00e0 l&rsquo;IMF RIS <\/b><\/td>\n<\/tr>\n<tr>\n<td style=\"width: 14.4299%;\"><img decoding=\"async\" loading=\"lazy\" class=\"\" src=\"\/pages\/liriss\/images\/ouvrages\/image039.png\" width=\"80\" height=\"114\" \/><\/td>\n<td style=\"width: 85.5701%;\">\n<p><b>\u202a\u202aIng\u00e9nierie sociale\u00a0: pour penser et agir ensemble<\/b><\/p>\n<p><b>Herv\u00e9 Tr\u00e9meau, Yves Pillant et Michel Guglielmi<\/b><\/p>\n<p>Le sociographe 2019\/1 (n\u00b0 65), pages 115 \u00e0 130<br \/>\n<b><br \/>\n<\/b><em><a href=\"https:\/\/www.cairn.info\/revue-le-sociographe-2019-1-page-115.htm?contenu=article\" target=\"_blank\" rel=\"noopener noreferrer\">En savoir plus&#8230;<\/a><\/em><b><br \/>\n<\/b><\/p>\n<\/td>\n<\/tr>\n<\/tbody>\n<\/table>\n<table style=\"width: 96.0387%;\">\n<tbody>\n<tr>\n<td style=\"width: 100%;\" colspan=\"2\"><b>\u202a&gt;\u00a0<\/b><b>Yves<\/b><b> Lacascade, Formateur Chercheur \u00e0 l&rsquo;IMF<\/b><\/td>\n<\/tr>\n<tr>\n<td style=\"width: 14.4299%;\"><img decoding=\"async\" loading=\"lazy\" class=\"\" src=\"\/pages\/liriss\/images\/ouvrages\/image050.jpg\" width=\"80\" height=\"114\" \/><\/td>\n<td style=\"width: 85.5701%;\">\n<p><b>\u202a\u202a<\/b>Les sans mots \u202ade l&rsquo;habitabilit\u00e9 et de la territorialit\u00e9<\/p>\n<p><strong>Romain Lajarge<\/strong>, <strong>Marie-Christine Fourny<\/strong>\u00a0 et la participation de <strong>Yves Lacascade<\/strong><\/p>\n<p>Broch\u00e9 \u2013 21 novembre 2019, pages 375, ISBN-13 : 978-2377470792<b><\/b><\/p>\n<\/td>\n<\/tr>\n<\/tbody>\n<\/table>\n<table style=\"width: 96.0387%;\">\n<tbody>\n<tr>\n<td style=\"width: 100%;\" colspan=\"2\"><b>\u202a&gt; Yves<\/b><b> Lacascade, Formateur Chercheur \u00e0 l&rsquo;IMF <\/b><\/td>\n<\/tr>\n<tr>\n<td style=\"width: 14.1454%;\"><img decoding=\"async\" loading=\"lazy\" class=\"\" src=\"\/pages\/liriss\/images\/ouvrages\/image048.png\" width=\"80\" height=\"122\" \/><\/td>\n<td style=\"width: 85.8546%;\">\n<p><b>\u202aUne critique de solitude\u202a<\/b><\/p>\n<p><b>Entretien avec Pascale Casanova r\u00e9alis\u00e9 par Yves Lacascade<\/b><\/p>\n<p><b>Pascale Casanova<\/b> et <b>Yves Lacascade<\/b><\/p>\n<p>Journal des anthropologues 2017\/1-2 (n\u00b0 148-149), pages 183 \u00e0 202<\/p>\n<\/td>\n<\/tr>\n<\/tbody>\n<\/table>\n<table style=\"width: 96.0387%;\">\n<tbody>\n<tr>\n<td style=\"width: 100%;\" colspan=\"2\"><b>\u202a<\/b><b>\u202a&gt; <\/b><b>Yves Pillant<\/b><b>, Formateur \u00e0 l&rsquo;IMFRTS<\/b><\/td>\n<\/tr>\n<tr>\n<td style=\"width: 14.1593%;\"><img decoding=\"async\" loading=\"lazy\" class=\"\" src=\"\/pages\/liriss\/images\/ouvrages\/image051.jpg\" width=\"80\" height=\"122\" \/><\/td>\n<td style=\"width: 85.8407%;\">\n<p><b>\u202a<\/b><strong>Une philosophie de la rencontre<\/strong><\/p>\n<p>Yves Pillant<\/p>\n<p>L&rsquo;Harmattan,\u00a0 Collection :\u00a0Ouverture Philosophique<\/p>\n<p><em><a href=\"https:\/\/www.editions-harmattan.fr\/livre-une_philosophie_de_la_rencontre_lecture_de_notre_realite_commune_avec_emmanuel_levinas_yves_pillant-9782343233710-70170.html\" target=\"_blank\" rel=\"noopener noreferrer\">En savoir plus&#8230;<\/a><\/em><\/p>\n<\/td>\n<\/tr>\n<\/tbody>\n<\/table>\n<table style=\"width: 96.0387%;\">\n<tbody>\n<tr>\n<td style=\"width: 100%;\" colspan=\"2\"><b>\u202a<\/b><b>\u202a&gt; <\/b><b>Yves Pillant<\/b><b>, Formateur \u00e0 l&rsquo;IMF RIS<\/b><\/td>\n<\/tr>\n<tr>\n<td style=\"width: 14.1593%;\"><img decoding=\"async\" loading=\"lazy\" class=\"\" src=\"\/pages\/liriss\/images\/ouvrages\/image038.png\" width=\"80\" height=\"122\" \/><\/td>\n<td style=\"width: 85.8407%;\">\n<p><b>\u202a<\/b>\u202a<strong>L\u2019inclusion : entre injonction et participation ?<\/strong><\/p>\n<p>Val\u00e9rie Wolff, Yves Pillant, David Puaud, M\u00e9laine Cervera et Audrey Parron, Ulla Maguet et Nathalie Panissal, Nicolas Cabarib\u00e8re, Marie Andrys, Herv\u00e9 Jory, Guglielmo Yahiaoui, Claire de Saint Martin, Marianne Vigneulle, Corinne Rougerie et Marjorie Micor, Pilar Albert\u00edn Carb\u00f3 et Jose Antonio, Langarita Adiego, Brigitte Baldelli<\/p>\n<p>Pens\u00e9e plurielle 2019\/1 (n\u00b0 49), \u00c9diteur : De Boeck Sup\u00e9rieur, \u00a0178 p.<\/p>\n<p><em><a href=\"https:\/\/www.cairn.info\/revue-pensee-plurielle-2019-1-page-11.htm\" target=\"_blank\" rel=\"noopener noreferrer\">En savoir plus&#8230;<\/a><\/em><\/p>\n<\/td>\n<\/tr>\n<\/tbody>\n<\/table>\n<table style=\"width: 96.0387%;\">\n<tbody>\n<tr>\n<td style=\"width: 100%;\" colspan=\"2\"><b>\u202a<\/b><b>\u202a&gt; Marie-Pierre<\/b><b> Sarat, Ancienne Directrice G\u00e9n\u00e9rale de l&rsquo;IMF <\/b><\/td>\n<\/tr>\n<tr>\n<td style=\"width: 14.3015%;\"><img decoding=\"async\" loading=\"lazy\" class=\"\" src=\"\/pages\/liriss\/images\/ouvrages\/image049.png\" width=\"80\" height=\"120\" \/><\/td>\n<td style=\"width: 85.6985%;\">\n<p><b>\u202a<\/b><\/p>\n<p><b>\u202aTransnational Social Work and Social Welfare<\/b><\/p>\n<p><b>Challenges for the Social Work Profession<\/b><\/p>\n<p><b>Alexandra Schleyer-Lindenmann, Ursula K\u00e4mmerer-R\u00fctten, Beatrix Schwarzer, Nathalie Segura, Nathalie Jami, Yves Pillant, <\/b><\/p>\n<p>Routledge, Coll. Routledge Advances in Social Work, 2016, 306 p.<\/p>\n<p><em><a href=\"\/pages\/liriss\/docs\/transnational_social_work_and_social_welfare.pdf\" target=\"_blank\" rel=\"noopener noreferrer\">T\u00e9l\u00e9charger le livre&#8230;<\/a><\/em><\/p>\n<\/td>\n<\/tr>\n<\/tbody>\n<\/table>\n<\/td>\n<\/tr>\n<\/tbody>\n<\/table>\n","protected":false},"excerpt":{"rendered":"","protected":false},"author":1,"featured_media":0,"parent":3302,"menu_order":4,"comment_status":"closed","ping_status":"closed","template":"template-twocolumnsleft.php","meta":{"footnotes":""},"_links":{"self":[{"href":"https:\/\/www.imf.asso.fr\/pages\/index.php?rest_route=\/wp\/v2\/pages\/3308"}],"collection":[{"href":"https:\/\/www.imf.asso.fr\/pages\/index.php?rest_route=\/wp\/v2\/pages"}],"about":[{"href":"https:\/\/www.imf.asso.fr\/pages\/index.php?rest_route=\/wp\/v2\/types\/page"}],"author":[{"embeddable":true,"href":"https:\/\/www.imf.asso.fr\/pages\/index.php?rest_route=\/wp\/v2\/users\/1"}],"replies":[{"embeddable":true,"href":"https:\/\/www.imf.asso.fr\/pages\/index.php?rest_route=%2Fwp%2Fv2%2Fcomments&post=3308"}],"version-history":[{"count":3,"href":"https:\/\/www.imf.asso.fr\/pages\/index.php?rest_route=\/wp\/v2\/pages\/3308\/revisions"}],"predecessor-version":[{"id":14119,"href":"https:\/\/www.imf.asso.fr\/pages\/index.php?rest_route=\/wp\/v2\/pages\/3308\/revisions\/14119"}],"up":[{"embeddable":true,"href":"https:\/\/www.imf.asso.fr\/pages\/index.php?rest_route=\/wp\/v2\/pages\/3302"}],"wp:attachment":[{"href":"https:\/\/www.imf.asso.fr\/pages\/index.php?rest_route=%2Fwp%2Fv2%2Fmedia&parent=3308"}],"curies":[{"name":"wp","href":"https:\/\/api.w.org\/{rel}","templated":true}]}}

<p><!--more--></p>
<table class="cell_align_content" style="width: 100%; height: 617px;">
<tbody>
<tr class="cell_background_title" style="height: 39px;">
<td style="height: 39px;">Par Auteur</td>
</tr>
<tr style="height: 578px;">
<td style="height: 578px;">
<table style="width: 96.0387%;">
<tbody>
<tr>
<td style="width: 100%;" colspan="2"><b>‪&gt; </b><b>Michel Guglielmi</b><b>, Responsable de Centre d&rsquo;Activités à l&rsquo;IMF RIS </b></td>
</tr>
<tr>
<td style="width: 14.4299%;"><img decoding="async" loading="lazy" class="" src="/pages/liriss/images/ouvrages/image039.png" width="80" height="114" /></td>
<td style="width: 85.5701%;">
<p><b>‪‪Ingénierie sociale : pour penser et agir ensemble</b></p>
<p><b>Hervé Trémeau, Yves Pillant et Michel Guglielmi</b></p>
<p>Le sociographe 2019/1 (n° 65), pages 115 à 130<br />
<b><br />
</b><em><a href="https://www.cairn.info/revue-le-sociographe-2019-1-page-115.htm?contenu=article" target="_blank" rel="noopener noreferrer">En savoir plus&#8230;</a></em><b><br />
</b></p>
</td>
</tr>
</tbody>
</table>
<table style="width: 96.0387%;">
<tbody>
<tr>
<td style="width: 100%;" colspan="2"><b>‪&gt; </b><b>Yves</b><b> Lacascade, Formateur Chercheur à l&rsquo;IMF</b></td>
</tr>
<tr>
<td style="width: 14.4299%;"><img decoding="async" loading="lazy" class="" src="/pages/liriss/images/ouvrages/image050.jpg" width="80" height="114" /></td>
<td style="width: 85.5701%;">
<p><b>‪‪</b>Les sans mots ‪de l&rsquo;habitabilité et de la territorialité</p>
<p><strong>Romain Lajarge</strong>, <strong>Marie-Christine Fourny</strong>  et la participation de <strong>Yves Lacascade</strong></p>
<p>Broché – 21 novembre 2019, pages 375, ISBN-13 : 978-2377470792<b></b></p>
</td>
</tr>
</tbody>
</table>
<table style="width: 96.0387%;">
<tbody>
<tr>
<td style="width: 100%;" colspan="2"><b>‪&gt; Yves</b><b> Lacascade, Formateur Chercheur à l&rsquo;IMF </b></td>
</tr>
<tr>
<td style="width: 14.1454%;"><img decoding="async" loading="lazy" class="" src="/pages/liriss/images/ouvrages/image048.png" width="80" height="122" /></td>
<td style="width: 85.8546%;">
<p><b>‪Une critique de solitude‪</b></p>
<p><b>Entretien avec Pascale Casanova réalisé par Yves Lacascade</b></p>
<p><b>Pascale Casanova</b> et <b>Yves Lacascade</b></p>
<p>Journal des anthropologues 2017/1-2 (n° 148-149), pages 183 à 202</p>
</td>
</tr>
</tbody>
</table>
<table style="width: 96.0387%;">
<tbody>
<tr>
<td style="width: 100%;" colspan="2"><b>‪</b><b>‪&gt; </b><b>Yves Pillant</b><b>, Formateur à l&rsquo;IMFRTS</b></td>
</tr>
<tr>
<td style="width: 14.1593%;"><img decoding="async" loading="lazy" class="" src="/pages/liriss/images/ouvrages/image051.jpg" width="80" height="122" /></td>
<td style="width: 85.8407%;">
<p><b>‪</b><strong>Une philosophie de la rencontre</strong></p>
<p>Yves Pillant</p>
<p>L&rsquo;Harmattan,  Collection : Ouverture Philosophique</p>
<p><em><a href="https://www.editions-harmattan.fr/livre-une_philosophie_de_la_rencontre_lecture_de_notre_realite_commune_avec_emmanuel_levinas_yves_pillant-9782343233710-70170.html" target="_blank" rel="noopener noreferrer">En savoir plus&#8230;</a></em></p>
</td>
</tr>
</tbody>
</table>
<table style="width: 96.0387%;">
<tbody>
<tr>
<td style="width: 100%;" colspan="2"><b>‪</b><b>‪&gt; </b><b>Yves Pillant</b><b>, Formateur à l&rsquo;IMF RIS</b></td>
</tr>
<tr>
<td style="width: 14.1593%;"><img decoding="async" loading="lazy" class="" src="/pages/liriss/images/ouvrages/image038.png" width="80" height="122" /></td>
<td style="width: 85.8407%;">
<p><b>‪</b>‪<strong>L’inclusion : entre injonction et participation ?</strong></p>
<p>Valérie Wolff, Yves Pillant, David Puaud, Mélaine Cervera et Audrey Parron, Ulla Maguet et Nathalie Panissal, Nicolas Cabaribère, Marie Andrys, Hervé Jory, Guglielmo Yahiaoui, Claire de Saint Martin, Marianne Vigneulle, Corinne Rougerie et Marjorie Micor, Pilar Albertín Carbó et Jose Antonio, Langarita Adiego, Brigitte Baldelli</p>
<p>Pensée plurielle 2019/1 (n° 49), Éditeur : De Boeck Supérieur,  178 p.</p>
<p><em><a href="https://www.cairn.info/revue-pensee-plurielle-2019-1-page-11.htm" target="_blank" rel="noopener noreferrer">En savoir plus&#8230;</a></em></p>
</td>
</tr>
</tbody>
</table>
<table style="width: 96.0387%;">
<tbody>
<tr>
<td style="width: 100%;" colspan="2"><b>‪</b><b>‪&gt; Marie-Pierre</b><b> Sarat, Ancienne Directrice Générale de l&rsquo;IMF </b></td>
</tr>
<tr>
<td style="width: 14.3015%;"><img decoding="async" loading="lazy" class="" src="/pages/liriss/images/ouvrages/image049.png" width="80" height="120" /></td>
<td style="width: 85.6985%;">
<p><b>‪</b></p>
<p><b>‪Transnational Social Work and Social Welfare</b></p>
<p><b>Challenges for the Social Work Profession</b></p>
<p><b>Alexandra Schleyer-Lindenmann, Ursula Kämmerer-Rütten, Beatrix Schwarzer, Nathalie Segura, Nathalie Jami, Yves Pillant, </b></p>
<p>Routledge, Coll. Routledge Advances in Social Work, 2016, 306 p.</p>
<p><em><a href="/pages/liriss/docs/transnational_social_work_and_social_welfare.pdf" target="_blank" rel="noopener noreferrer">Télécharger le livre&#8230;</a></em></p>
</td>
</tr>
</tbody>
</table>
</td>
</tr>
</tbody>
</table>
