{"id":2994,"date":"2018-11-23T10:27:17","date_gmt":"2018-11-23T09:27:17","guid":{"rendered":"http:\/\/www.imf.asso.fr\/pages\/?page_id=2994"},"modified":"2025-07-24T11:09:53","modified_gmt":"2025-07-24T09:09:53","slug":"reunion-information-collective","status":"publish","type":"page","link":"https:\/\/www.imf.asso.fr\/pages\/?page_id=2994","title":{"rendered":"R\u00e9unions information Collective"},"content":{"rendered":"<div class=\"post-nav-top parent-return parent-88 clearfix\">\n<p class=\"col-md-12\"><i class=\"fa fa-arrow-circle-up\"><\/i> Revenir \u00e0 <a class=\"parent-return-link\" href=\"\/pages\/\">Accueil<\/a><\/p>\n<\/div>\n<p>Pour en savoir plus sur les m\u00e9tiers de l&rsquo;intervention sociale et sur nos formations, <strong><span style=\"color: #1d60ab;\">participez \u00e0 l&rsquo;une de nos r\u00e9unions d&rsquo;information collective<\/span> :<\/strong><\/p>\n<p><a style=\"padding: 20px 15px; background: #eee; box-shadow: 5px 5px 20px #aaa; border: 1px solid #fff; border-radius: 40px; margin: 0 20px 20px 0; width: 400px; display: block; float: left;\" href=\"https:\/\/www.imf.asso.fr\/pages\/?page_id=10292\"><strong><span style=\"text-align: center; background: #1d60ab; padding: 5px 10px; display: inline-block; width: 35px; margin: 0px 10px 0 0; border-radius: 20px; color: white;\">\u2794<\/span><span style=\"text-align: center; background: white; padding: 5px 20px; display: inline-block; margin: 0px 10px 0 0; border-radius: 20px; color: #1d60ab;\">Les r\u00e9unions en pr\u00e9sentiel \u00e0 Marseille<\/span><\/strong><\/a><\/p>\n<p><a style=\"padding: 20px 15px; background: #eee; box-shadow: 5px 5px 20px #aaa; border: 1px solid #fff; border-radius: 40px; margin: 0 20px 20px 0; width: 400px; display: block; float: left;\" href=\"https:\/\/www.imf.asso.fr\/pages\/?page_id=10296\"><strong><span style=\"text-align: center; background: #1d60ab; padding: 5px 10px; display: inline-block; width: 35px; margin: 0px 10px 0 0; border-radius: 20px; color: white;\">\u2794<\/span><span style=\"text-align: center; background: white; padding: 5px 20px; display: inline-block; margin: 0px 10px 0 0; border-radius: 20px; color: #1d60ab;\">Les r\u00e9unions en pr\u00e9sentiel \u00e0 Avignon<\/span><\/strong><\/a><\/p>\n<p><a style=\"padding: 20px 15px; background: #eee; box-shadow: 5px 5px 20px #aaa; border: 1px solid #fff; border-radius: 40px; margin: 0 20px 20px 0; width: 400px; display: block; float: left;\" href=\"https:\/\/www.imf.asso.fr\/pages\/?page_id=11592\"><strong><span style=\"text-align: center; background: #1d60ab; padding: 5px 10px; display: inline-block; width: 35px; margin: 0px 10px 0 0; border-radius: 20px; color: white;\">\u2794<\/span><span style=\"text-align: center; background: white; padding: 5px 20px; display: inline-block; margin: 0px 10px 0 0; border-radius: 20px; color: #1d60ab;\">Les r\u00e9unions en pr\u00e9sentiel \u00e0 Arles<\/span><\/strong><\/a><\/p>\n<p><a style=\"padding: 20px 15px; background: #eee; box-shadow: 5px 5px 20px #aaa; border: 1px solid #fff; border-radius: 40px; margin: 0 20px 20px 0; width: 400px; display: block; float: left;\" href=\"https:\/\/www.imf.asso.fr\/pages\/?page_id=10293\"><strong><span style=\"text-align: center; background: #1d60ab; padding: 5px 10px; display: inline-block; width: 35px; margin: 0px 10px 0 0; border-radius: 20px; color: white;\">\u2794<\/span><span style=\"text-align: center; background: white; padding: 5px 20px; display: inline-block; margin: 0px 10px 0 0; border-radius: 20px; color: #1d60ab;\">Les r\u00e9unions en visio-conf\u00e9rence<\/span><\/strong><\/a><\/p>\n","protected":false},"excerpt":{"rendered":"<div class=\"post-nav-top parent-return parent-88 clearfix\">\n<p class=\"col-md-12\"><i class=\"fa fa-arrow-circle-up\"><\/i> Revenir \u00e0 <a class=\"parent-return-link\" href=\"\/pages\/\">Accueil<\/a><\/p>\n<\/p><\/div>\n<p>Pour en savoir plus sur les m\u00e9tiers de l&rsquo;intervention sociale et sur nos formations, <strong><span style=\"color: #1d60ab;\">participez \u00e0 l&rsquo;une de nos r\u00e9unions d&rsquo;information collective<\/span> :<\/strong><\/p>\n<p><a style=\"padding: 20px 15px; background: #eee; box-shadow: 5px 5px 20px #aaa; border: 1px solid #fff; &hellip; <\/p>\n<p><a class=\"more-link btn\" href=\"https:\/\/www.imf.asso.fr\/pages\/?page_id=2994\">Lire la suite<\/a><\/p>\n<p><\/a><\/p>\n","protected":false},"author":1,"featured_media":0,"parent":0,"menu_order":0,"comment_status":"closed","ping_status":"closed","template":"","meta":{"footnotes":""},"_links":{"self":[{"href":"https:\/\/www.imf.asso.fr\/pages\/index.php?rest_route=\/wp\/v2\/pages\/2994"}],"collection":[{"href":"https:\/\/www.imf.asso.fr\/pages\/index.php?rest_route=\/wp\/v2\/pages"}],"about":[{"href":"https:\/\/www.imf.asso.fr\/pages\/index.php?rest_route=\/wp\/v2\/types\/page"}],"author":[{"embeddable":true,"href":"https:\/\/www.imf.asso.fr\/pages\/index.php?rest_route=\/wp\/v2\/users\/1"}],"replies":[{"embeddable":true,"href":"https:\/\/www.imf.asso.fr\/pages\/index.php?rest_route=%2Fwp%2Fv2%2Fcomments&post=2994"}],"version-history":[{"count":5,"href":"https:\/\/www.imf.asso.fr\/pages\/index.php?rest_route=\/wp\/v2\/pages\/2994\/revisions"}],"predecessor-version":[{"id":14050,"href":"https:\/\/www.imf.asso.fr\/pages\/index.php?rest_route=\/wp\/v2\/pages\/2994\/revisions\/14050"}],"wp:attachment":[{"href":"https:\/\/www.imf.asso.fr\/pages\/index.php?rest_route=%2Fwp%2Fv2%2Fmedia&parent=2994"}],"curies":[{"name":"wp","href":"https:\/\/api.w.org\/{rel}","templated":true}]}}

Réunions information Collective

<div class="post-nav-top parent-return parent-88 clearfix">
<p class="col-md-12"><i class="fa fa-arrow-circle-up"></i> Revenir à <a class="parent-return-link" href="/pages/">Accueil</a></p>
</div>
<p>Pour en savoir plus sur les métiers de l&rsquo;intervention sociale et sur nos formations, <strong><span style="color: #1d60ab;">participez à l&rsquo;une de nos réunions d&rsquo;information collective</span> :</strong></p>
<p><a style="padding: 20px 15px; background: #eee; box-shadow: 5px 5px 20px #aaa; border: 1px solid #fff; border-radius: 40px; margin: 0 20px 20px 0; width: 400px; display: block; float: left;" href="https://www.imf.asso.fr/pages/?page_id=10292"><strong><span style="text-align: center; background: #1d60ab; padding: 5px 10px; display: inline-block; width: 35px; margin: 0px 10px 0 0; border-radius: 20px; color: white;">➔</span><span style="text-align: center; background: white; padding: 5px 20px; display: inline-block; margin: 0px 10px 0 0; border-radius: 20px; color: #1d60ab;">Les réunions en présentiel à Marseille</span></strong></a></p>
<p><a style="padding: 20px 15px; background: #eee; box-shadow: 5px 5px 20px #aaa; border: 1px solid #fff; border-radius: 40px; margin: 0 20px 20px 0; width: 400px; display: block; float: left;" href="https://www.imf.asso.fr/pages/?page_id=10296"><strong><span style="text-align: center; background: #1d60ab; padding: 5px 10px; display: inline-block; width: 35px; margin: 0px 10px 0 0; border-radius: 20px; color: white;">➔</span><span style="text-align: center; background: white; padding: 5px 20px; display: inline-block; margin: 0px 10px 0 0; border-radius: 20px; color: #1d60ab;">Les réunions en présentiel à Avignon</span></strong></a></p>
<p><a style="padding: 20px 15px; background: #eee; box-shadow: 5px 5px 20px #aaa; border: 1px solid #fff; border-radius: 40px; margin: 0 20px 20px 0; width: 400px; display: block; float: left;" href="https://www.imf.asso.fr/pages/?page_id=11592"><strong><span style="text-align: center; background: #1d60ab; padding: 5px 10px; display: inline-block; width: 35px; margin: 0px 10px 0 0; border-radius: 20px; color: white;">➔</span><span style="text-align: center; background: white; padding: 5px 20px; display: inline-block; margin: 0px 10px 0 0; border-radius: 20px; color: #1d60ab;">Les réunions en présentiel à Arles</span></strong></a></p>
<p><a style="padding: 20px 15px; background: #eee; box-shadow: 5px 5px 20px #aaa; border: 1px solid #fff; border-radius: 40px; margin: 0 20px 20px 0; width: 400px; display: block; float: left;" href="https://www.imf.asso.fr/pages/?page_id=10293"><strong><span style="text-align: center; background: #1d60ab; padding: 5px 10px; display: inline-block; width: 35px; margin: 0px 10px 0 0; border-radius: 20px; color: white;">➔</span><span style="text-align: center; background: white; padding: 5px 20px; display: inline-block; margin: 0px 10px 0 0; border-radius: 20px; color: #1d60ab;">Les réunions en visio-conférence</span></strong></a></p>

<div class="post-nav-top parent-return parent-88 clearfix">
<p class="col-md-12"><i class="fa fa-arrow-circle-up"></i> Revenir à <a class="parent-return-link" href="/pages/">Accueil</a></p>
</p></div>
<p>Pour en savoir plus sur les métiers de l&rsquo;intervention sociale et sur nos formations, <strong><span style="color: #1d60ab;">participez à l&rsquo;une de nos réunions d&rsquo;information collective</span> :</strong></p>
<p><a style="padding: 20px 15px; background: #eee; box-shadow: 5px 5px 20px #aaa; border: 1px solid #fff; &hellip; </p>
<p><a class="more-link btn" href="https://www.imf.asso.fr/pages/?page_id=2994">Lire la suite</a></p>
<p></a></p>
