{"id":2082,"date":"2018-04-20T10:05:51","date_gmt":"2018-04-20T08:05:51","guid":{"rendered":"http:\/\/www.imf.asso.fr\/pages\/?page_id=2082"},"modified":"2024-10-23T10:37:50","modified_gmt":"2024-10-23T08:37:50","slug":"mobilite-entrante","status":"publish","type":"page","link":"https:\/\/www.imf.asso.fr\/pages\/?page_id=2082","title":{"rendered":"Mobilit\u00e9 entrante"},"content":{"rendered":"<p><!--more--><\/p>\n<table class=\"cell_align_content\">\n<tbody>\n<tr>\n<td>\n<p>Vous souhaitez r\u00e9aliser une mobilit\u00e9 entrante \u00e0 l\u2019<strong>IMF RIS<\/strong> ? Assurez-vous aupr\u00e8s de la Direction des Relations Internationales de votre Universit\u00e9 d\u2019origine qu\u2019un accord-bilat\u00e9ral a \u00e9t\u00e9 conclu avec l\u2019Institut. D\u00e8s validation de votre projet mobilit\u00e9 par votre Responsable P\u00e9dagogique, consultez les sections ci-dessous (catalogues de formation, modules ECTS, ressources).<\/p>\n<p>Un \u00ab <a href=\"https:\/\/www.imf.asso.fr\/pages\/wp-content\/uploads\/Guide_apprenants_entrants_2024-25.pdf\" target=\"_blank\" rel=\"noopener noreferrer\">Guide \u00e9tudiant mobilit\u00e9 entrante<\/a> \u00bb est mis \u00e0 votre disposition pour vous aider dans votre projet (candidature, inscription, assistance p\u00e9dagogique, conseils\u2026).<\/p>\n<\/td>\n<\/tr>\n<\/tbody>\n<\/table>\n<table class=\"cell_align_content\" style=\"height: 111px; width: 100%;\">\n<tbody>\n<tr class=\"cell_background_title\" style=\"height: 39px;\">\n<td style=\"height: 39px;\">Modules et ECTS<\/td>\n<\/tr>\n<tr style=\"height: 72px;\">\n<td style=\"height: 72px;\">\n<table style=\"border-collapse: collapse; width: 100%;\">\n<tbody>\n<tr>\n<td style=\"width: 50%;\">\n<ul>\n<li><a href=\"https:\/\/www.imf.asso.fr\/pages\/international\/erasmus\/docs\/modules_ass_fr.pdf\" target=\"_blank\" rel=\"noopener noreferrer\">ASS (fr)<\/a><\/li>\n<li><a href=\"https:\/\/www.imf.asso.fr\/pages\/international\/erasmus\/docs\/modules_eje_fr.pdf\" target=\"_blank\" rel=\"noopener noreferrer\">EJE (fr)<\/a><\/li>\n<li><a href=\"https:\/\/www.imf.asso.fr\/pages\/international\/erasmus\/docs\/modules_es_fr.pdf\" target=\"_blank\" rel=\"noopener noreferrer\">ES (fr)<\/a><\/li>\n<\/ul>\n<\/td>\n<td style=\"width: 50%;\">\n<ul>\n<li><a href=\"\/pages\/international\/erasmus\/docs\/modules_ass_en.pdf\" target=\"_blank\" rel=\"noopener noreferrer\">ASS (en)<\/a><\/li>\n<li><a href=\"\/pages\/international\/erasmus\/docs\/modules_eje_en.pdf\" target=\"_blank\" rel=\"noopener noreferrer\">EJE (en)<\/a><\/li>\n<li><a href=\"\/pages\/international\/erasmus\/docs\/modules_es_en.pdf\" target=\"_blank\" rel=\"noopener noreferrer\">ES (en)<\/a><\/li>\n<\/ul>\n<\/td>\n<\/tr>\n<\/tbody>\n<\/table>\n<\/td>\n<\/tr>\n<\/tbody>\n<\/table>\n<table class=\"cell_align_content\" style=\"height: 88px; width: 100%;\">\n<tbody>\n<tr class=\"cell_background_title\" style=\"height: 39px;\">\n<td style=\"height: 39px; width: 749px;\">Ressources<\/td>\n<\/tr>\n<tr style=\"height: 49px;\">\n<td style=\"height: 49px; width: 749px;\">\n<ul>\n<li><a href=\"https:\/\/www.imf.asso.fr\/pages\/wp-content\/uploads\/Guide_apprenants_entrants_2024-25.pdf\" target=\"_blank\" rel=\"noopener noreferrer\">Guide \u00e9tudiant mobilit\u00e9 entrante<\/a><\/li>\n<li><a href=\"\/pages\/international\/erasmus\/docs\/guide_professionnel_entrant.pdf\" target=\"_blank\" rel=\"noopener noreferrer\">Guide professionnel mobilit\u00e9 entrante<\/a><\/li>\n<li><a href=\"\/pages\/international\/erasmus\/docs\/fiche_information_IMF.pdf\" target=\"_blank\" rel=\"noopener\">Fiche d&rsquo;information<\/a>\u00a0 \/ <a href=\"\/pages\/international\/erasmus\/docs\/data_sheet_IMF.pdf\" target=\"_blank\" rel=\"noopener\">Datasheet<\/a><\/li>\n<\/ul>\n<\/td>\n<\/tr>\n<\/tbody>\n<\/table>\n","protected":false},"excerpt":{"rendered":"","protected":false},"author":1,"featured_media":0,"parent":2107,"menu_order":2,"comment_status":"closed","ping_status":"closed","template":"template-twocolumnsleft.php","meta":{"footnotes":""},"_links":{"self":[{"href":"https:\/\/www.imf.asso.fr\/pages\/index.php?rest_route=\/wp\/v2\/pages\/2082"}],"collection":[{"href":"https:\/\/www.imf.asso.fr\/pages\/index.php?rest_route=\/wp\/v2\/pages"}],"about":[{"href":"https:\/\/www.imf.asso.fr\/pages\/index.php?rest_route=\/wp\/v2\/types\/page"}],"author":[{"embeddable":true,"href":"https:\/\/www.imf.asso.fr\/pages\/index.php?rest_route=\/wp\/v2\/users\/1"}],"replies":[{"embeddable":true,"href":"https:\/\/www.imf.asso.fr\/pages\/index.php?rest_route=%2Fwp%2Fv2%2Fcomments&post=2082"}],"version-history":[{"count":4,"href":"https:\/\/www.imf.asso.fr\/pages\/index.php?rest_route=\/wp\/v2\/pages\/2082\/revisions"}],"predecessor-version":[{"id":11809,"href":"https:\/\/www.imf.asso.fr\/pages\/index.php?rest_route=\/wp\/v2\/pages\/2082\/revisions\/11809"}],"up":[{"embeddable":true,"href":"https:\/\/www.imf.asso.fr\/pages\/index.php?rest_route=\/wp\/v2\/pages\/2107"}],"wp:attachment":[{"href":"https:\/\/www.imf.asso.fr\/pages\/index.php?rest_route=%2Fwp%2Fv2%2Fmedia&parent=2082"}],"curies":[{"name":"wp","href":"https:\/\/api.w.org\/{rel}","templated":true}]}}

Mobilité entrante

<p><!--more--></p>
<table class="cell_align_content">
<tbody>
<tr>
<td>
<p>Vous souhaitez réaliser une mobilité entrante à l’<strong>IMF RIS</strong> ? Assurez-vous auprès de la Direction des Relations Internationales de votre Université d’origine qu’un accord-bilatéral a été conclu avec l’Institut. Dès validation de votre projet mobilité par votre Responsable Pédagogique, consultez les sections ci-dessous (catalogues de formation, modules ECTS, ressources).</p>
<p>Un « <a href="https://www.imf.asso.fr/pages/wp-content/uploads/Guide_apprenants_entrants_2024-25.pdf" target="_blank" rel="noopener noreferrer">Guide étudiant mobilité entrante</a> » est mis à votre disposition pour vous aider dans votre projet (candidature, inscription, assistance pédagogique, conseils…).</p>
</td>
</tr>
</tbody>
</table>
<table class="cell_align_content" style="height: 111px; width: 100%;">
<tbody>
<tr class="cell_background_title" style="height: 39px;">
<td style="height: 39px;">Modules et ECTS</td>
</tr>
<tr style="height: 72px;">
<td style="height: 72px;">
<table style="border-collapse: collapse; width: 100%;">
<tbody>
<tr>
<td style="width: 50%;">
<ul>
<li><a href="https://www.imf.asso.fr/pages/international/erasmus/docs/modules_ass_fr.pdf" target="_blank" rel="noopener noreferrer">ASS (fr)</a></li>
<li><a href="https://www.imf.asso.fr/pages/international/erasmus/docs/modules_eje_fr.pdf" target="_blank" rel="noopener noreferrer">EJE (fr)</a></li>
<li><a href="https://www.imf.asso.fr/pages/international/erasmus/docs/modules_es_fr.pdf" target="_blank" rel="noopener noreferrer">ES (fr)</a></li>
</ul>
</td>
<td style="width: 50%;">
<ul>
<li><a href="/pages/international/erasmus/docs/modules_ass_en.pdf" target="_blank" rel="noopener noreferrer">ASS (en)</a></li>
<li><a href="/pages/international/erasmus/docs/modules_eje_en.pdf" target="_blank" rel="noopener noreferrer">EJE (en)</a></li>
<li><a href="/pages/international/erasmus/docs/modules_es_en.pdf" target="_blank" rel="noopener noreferrer">ES (en)</a></li>
</ul>
</td>
</tr>
</tbody>
</table>
</td>
</tr>
</tbody>
</table>
<table class="cell_align_content" style="height: 88px; width: 100%;">
<tbody>
<tr class="cell_background_title" style="height: 39px;">
<td style="height: 39px; width: 749px;">Ressources</td>
</tr>
<tr style="height: 49px;">
<td style="height: 49px; width: 749px;">
<ul>
<li><a href="https://www.imf.asso.fr/pages/wp-content/uploads/Guide_apprenants_entrants_2024-25.pdf" target="_blank" rel="noopener noreferrer">Guide étudiant mobilité entrante</a></li>
<li><a href="/pages/international/erasmus/docs/guide_professionnel_entrant.pdf" target="_blank" rel="noopener noreferrer">Guide professionnel mobilité entrante</a></li>
<li><a href="/pages/international/erasmus/docs/fiche_information_IMF.pdf" target="_blank" rel="noopener">Fiche d&rsquo;information</a>  / <a href="/pages/international/erasmus/docs/data_sheet_IMF.pdf" target="_blank" rel="noopener">Datasheet</a></li>
</ul>
</td>
</tr>
</tbody>
</table>
