{"id":191,"date":"2017-07-05T11:45:19","date_gmt":"2017-07-05T09:45:19","guid":{"rendered":"http:\/\/www.imf.asso.fr\/pages\/?page_id=191"},"modified":"2025-12-16T12:54:43","modified_gmt":"2025-12-16T11:54:43","slug":"la-formation","status":"publish","type":"page","link":"https:\/\/www.imf.asso.fr\/pages\/?page_id=191","title":{"rendered":"La formation"},"content":{"rendered":"<p><!--more--><\/p>\n<table class=\"cell_align_content\">\n<tbody>\n<tr class=\"cell_background_title\">\n<td><strong><span style=\"color: #1d60ab; font-size: 18pt;\">Voies d\u2019acc\u00e8s au Dipl\u00f4me d\u2019Etat<\/span><br \/>\n<\/strong><\/td>\n<\/tr>\n<tr>\n<td>\n<ul>\n<li>Formation initiale<\/li>\n<li>Formation continue : financement employeur<\/li>\n<li>Apprentissage : jeunes de moins de 30 ans (sans condition d\u2019\u00e2ge pour les personnes ayant une reconnaissance en qualit\u00e9 de travailleur handicap\u00e9 RQTH)<\/li>\n<li>VAE (validation des acquis de l\u2019exp\u00e9rience)<\/li>\n<\/ul>\n<\/td>\n<\/tr>\n<\/tbody>\n<\/table>\n<table class=\"cell_align_content\" style=\"width: 100%; height: 136px;\">\n<tbody>\n<tr class=\"cell_background_title\" style=\"height: 51px;\">\n<td style=\"height: 51px;\"><span style=\"font-size: 18pt; color: #1d60ab;\"><strong>Conditions d&rsquo;acc\u00e8s \u00e0 la formation<\/strong><\/span><\/td>\n<\/tr>\n<tr style=\"height: 85px;\">\n<td style=\"height: 85px;\">\n<p>Si\u00a0<strong>aucun dipl\u00f4me n\u2019est demand\u00e9 pour candidater \u00e0 la formation<\/strong>, une r\u00e9elle envie d\u2019accompagner l\u2019humain dans son \u00e9panouissement personnel, social, familial ou professionnel est indispensable.<\/p>\n<\/td>\n<\/tr>\n<\/tbody>\n<\/table>\n<table class=\"cell_align_content\" style=\"width: 100%;\">\n<tbody>\n<tr class=\"cell_background_title\">\n<td style=\"width: 100%;\"><span style=\"font-size: 18pt;\"><strong><span style=\"color: #1d60ab;\">\u00c9preuves d&rsquo;admission<\/span><\/strong><\/span><\/td>\n<\/tr>\n<tr>\n<td style=\"width: 100%;\">\n<p><strong>Si vous \u00eates dans l\u2019une des situations suivantes, vous \u00eates admissible de droit,\u00a0<\/strong>et vous pouvez donc\u00a0entrer en formation sans avoir \u00e0 passer la phase d\u2019admission :<\/p>\n<ul>\n<li>Je suis Laur\u00e9at.e de l\u2019Institut de l\u2019engagement,<\/li>\n<li>J\u2019ai sign\u00e9 un contrat d\u2019apprentissage ou de professionnalisation au sein d\u2019un \u00e9tablissement et service social ou m\u00e9dico-social,<\/li>\n<li>J\u2019ai d\u00e9j\u00e0 acquis plusieurs domaines \/ blocs de comp\u00e9tences du dipl\u00f4me de ME.<\/li>\n<\/ul>\n<p>&nbsp;<\/p>\n<p><strong>Vous n\u2019\u00eates pas admissible de droit ? Votre admission sera d\u00e9termin\u00e9e \u00e0 partir d\u2019une \u00e9preuve de s\u00e9lection compos\u00e9e\u00a0:<\/strong><\/p>\n<ul>\n<li>D\u2019une note r\u00e9dig\u00e9e qui pr\u00e9sente votre aptitude et votre motivation \u00e0 rentrer en formation. Elle servira de support \u00e0 l\u2019entretien.<\/li>\n<li>D\u2019un entretien de 30 minutes<\/li>\n<\/ul>\n<\/td>\n<\/tr>\n<\/tbody>\n<\/table>\n<table class=\"cell_align_content\" style=\"width: 100%;\">\n<tbody>\n<tr class=\"cell_background_title\">\n<td style=\"width: 100%;\"><span style=\"font-size: 18pt;\"><strong><span style=\"color: #1d60ab;\">Inscriptions aux s\u00e9lections<\/span><\/strong><\/span><\/td>\n<\/tr>\n<tr>\n<td style=\"width: 100%;\">\n<p><a href=\"https:\/\/www.imf.asso.fr\/pages\/?page_id=622\">Votre inscription se fait en ligne sur le site de l\u2019IMF RIS<\/a>.<br \/>\n<span style=\"color: #1d60ab;\"><strong>Co\u00fbt de la s\u00e9lection : 30\u20ac<\/strong><\/span><\/p>\n<p>Si vous \u00eates dispens\u00e9.e des \u00e9preuves de s\u00e9lection, <strong>vous devez n\u00e9anmoins vous inscrire \u00e9galement<\/strong> sur notre site internet.<\/p>\n<p><strong>Le<a href=\"https:\/\/www.imf.asso.fr\/pages\/?page_id=16\"> service Informer-Conseiller-Orienter<\/a><\/strong> vous accompagne \u00e0 tout moment dans votre d\u00e9marche d\u2019inscription. Vous pourrez suivre la progression de votre dossier dans votre\u00a0\u00ab\u00a0espace Candidat sur le Portail d\u2019inscription en ligne\u00a0\u00bb.<\/p>\n<\/td>\n<\/tr>\n<\/tbody>\n<\/table>\n<table class=\"cell_align_content\">\n<tbody>\n<tr class=\"cell_background_title\">\n<td><strong><span style=\"color: #1d60ab; font-size: 18pt;\">\u00c9l\u00e9ments g\u00e9n\u00e9raux de la formation \/ Objectifs<\/span><br \/>\n<\/strong><\/td>\n<\/tr>\n<tr>\n<td>\n<p>La formation vise l\u2019obtention du dipl\u00f4me d\u2019\u00e9tat et se d\u00e9roule de septembre \u00e0 juin, sur 2 ans, pour 2 000 heures.<\/p>\n<ol>\n<li><strong><span style=\"color: #1d60ab;\">950 h de formation th\u00e9orique<\/span> &#8211; <\/strong>La formation pr\u00e9parant au Dipl\u00f4me d\u2019\u00c9tat de Moniteur \u00e9ducateur est organis\u00e9e en <strong>3 blocs de comp\u00e9tences<\/strong>\u00a0:<\/li>\n<\/ol>\n<ul>\n<li><strong>Bloc 1 : Contribuer \u00e0 l\u2019accompagnement socio-\u00e9ducatif dans une logique de parcours<\/strong><\/li>\n<li><strong>Bloc 2 : Contribuer au projet \u00e9ducatif sp\u00e9cialis\u00e9 dans une vis\u00e9e inclusive<\/strong><\/li>\n<li><strong>Bloc 3 : S\u2019inscrire dans un travail d\u2019\u00e9quipe et partenarial pour assurer la continuit\u00e9 des accompagnements dans une logique de parcours<\/strong><\/li>\n<\/ul>\n<ol start=\"2\">\n<li><span style=\"color: #1d60ab;\"><strong>1 050H de stage<\/strong><\/span>, r\u00e9parties sur\u00a0<strong>plusieurs p\u00e9riodes <\/strong>\u00e0 r\u00e9aliser sur au moins\u00a0<strong>2 terrains professionnels diff\u00e9rents,\u00a0<\/strong>dont l\u2019un s\u2019effectue obligatoirement dans une\u00a0<strong>structure recevant du public en situation d\u2019h\u00e9bergement<\/strong>.<\/li>\n<\/ol>\n<p>&nbsp;<\/p>\n<p>Les <strong>modalit\u00e9s d\u2019\u00e9valuation<\/strong> diff\u00e8rent en fonction de la voie choisie :<\/p>\n<ul>\n<li><strong>Certification globale<\/strong> : le programme s\u2019\u00e9tale sur 24 mois et comprend 950 heures de formation th\u00e9orique et 1 050 heures de formation pratique. Les candidats doivent valider l\u2019ensemble des blocs de comp\u00e9tences pour obtenir le dipl\u00f4me.<\/li>\n<li><strong>Acquisition par blocs<\/strong> : les candidats peuvent choisir de valider un ou plusieurs blocs de comp\u00e9tences. Une dur\u00e9e minimale de formation pratique est attribu\u00e9e \u00e0 chacun des blocs<\/li>\n<li><strong>Vous \u00eates en situation d\u2019emploi ou en apprentissage ?<br \/>\n<\/strong>Vous pouvez effectuer une partie de la formation pratique sur le poste que vous occupez, cependant 280H devront \u00eatre r\u00e9alis\u00e9es dans une autre structure que la v\u00f4tre.<\/li>\n<\/ul>\n<\/td>\n<\/tr>\n<\/tbody>\n<\/table>\n<table class=\"cell_align_content\">\n<tbody>\n<tr class=\"cell_background_title\">\n<td><span style=\"color: #1d60ab; font-size: 18pt;\"><strong>Points forts de la formation<\/strong><\/span><\/td>\n<\/tr>\n<tr>\n<td>\n<ul>\n<li>Plateforme de formation \u00e0 distance E Campus<\/li>\n<li>Promotions \u00e0 taille humaine<\/li>\n<li>Centres Ressources Multim\u00e9dia sur chaque site<\/li>\n<li>Portail offres d\u2019emploi de nos partenaires<\/li>\n<li><a href=\"https:\/\/www.imf.asso.fr\/pages\/?page_id=16\">ICO<\/a> : service d\u2019aide au montage dossier de formation, plan de carri\u00e8re, \u00e9volution professionnelle<\/li>\n<li>La formation est caract\u00e9ris\u00e9e par la prise en compte des ant\u00e9c\u00e9dents professionnels et scolaires ouvrant droit \u00e0 des all\u00e8gements de formation.<\/li>\n<li>Les candidats ayant r\u00e9ussi les \u00e9preuves de s\u00e9lection pourront participer \u00e0 une r\u00e9union d\u2019information avant l\u2019entr\u00e9e en formation.<\/li>\n<\/ul>\n<\/td>\n<\/tr>\n<\/tbody>\n<\/table>\n<table class=\"cell_align_content\" style=\"width: 100%;\">\n<tbody>\n<tr class=\"cell_background_title\">\n<td><span style=\"color: #1d60ab; font-size: 18pt;\"><strong>Aides financi\u00e8res accord\u00e9es aux \u00e9tudiants<\/strong><\/span><\/td>\n<\/tr>\n<tr>\n<td>\n<p>Des aides r\u00e9gionales d\u2019\u00e9tude (bourse et indemnit\u00e9s) peuvent \u00eatre attribu\u00e9es aux \u00e9tudiants, apr\u00e8s constitution d\u2019un dossier et en fonction des ressources de la famille. Les demandes sont \u00e0 d\u00e9poser apr\u00e8s l\u2019admission en formation sur <a href=\"http:\/\/www.aidesformation.maregionsud.fr\">www.aidesformation.maregionsud.fr<\/a><\/p>\n<p>Pour les apprentis et les contrats de pro, salaire pay\u00e9 par l\u2019entreprise. Aides financi\u00e8res possibles pour le permis de conduire, l\u2019acc\u00e8s au logement, l\u2019achat d\u2019\u00e9quipement p\u00e9dagogique dans le cadre du contrat d\u2019apprentissage.<\/p>\n<\/td>\n<\/tr>\n<\/tbody>\n<\/table>\n<table class=\"cell_align_content\">\n<tbody>\n<tr class=\"cell_background_title\">\n<td><span style=\"color: #1d60ab; font-size: 18pt;\"><strong>Modalit\u00e9s p\u00e9dagogiques adapt\u00e9es <br \/>\naux personnes en situation de handicap<\/strong><\/span><\/td>\n<\/tr>\n<tr>\n<td>Sur chaque site, un r\u00e9f\u00e9rent handicap se tient \u00e0 la disposition des \u00e9tudiants\/stagiaires pour les accompagner tout au long de leur formation.<\/td>\n<\/tr>\n<\/tbody>\n<\/table>\n<table class=\"cell_align_content\" style=\"width: 100%; height: 99px;\">\n<tbody>\n<tr class=\"cell_background_title\" style=\"height: 39px;\">\n<td style=\"height: 39px;\"><span style=\"color: #1d60ab; font-size: 18pt;\"><strong>Co\u00fbt de la formation<\/strong><\/span><\/td>\n<\/tr>\n<tr style=\"height: 60px;\">\n<td style=\"height: 60px;\">\n<ul>\n<li><span style=\"color: #1d60ab;\">FORMATION INITIALE<br \/>\n<\/span>Prise en charge par le Conseil R\u00e9gional Sud PACA pour les jeunes en poursuite d\u2019\u00e9tudes, les demandeurs d\u2019emploi indemnis\u00e9s ou non (partenariat avec France Travail) et les b\u00e9n\u00e9ficiaires du RSA. Les conditions d\u2019\u00e9ligibilit\u00e9 doivent \u00eatre r\u00e9unies avant le d\u00e9marrage de la formation.\u00a0 Aucune d\u00e9marche personnelle n\u2019est \u00e0 effectuer. Seuls frais restant \u00e0 la charge de l\u2019\u00e9tudiant : les droits d\u2019inscription (160 \u20ac \/ an) et la <a href=\"https:\/\/cvec.etudiant.gouv.fr\/\"><strong>Contribution vie \u00e9tudiante et campus<\/strong><\/a> (CVEC).<\/li>\n<li>Les \u00e9tudiants b\u00e9n\u00e9ficiaires d\u2019une aide r\u00e9gionale d\u2019\u00e9tudes seront rembours\u00e9s apr\u00e8s notification de l\u2019attribution de l\u2019aide.\n<p>Tous les \u00e9tudiants doivent s\u2019acquitter de ces frais. Les \u00e9tudiants b\u00e9n\u00e9ficiaires d\u2019une aide r\u00e9gionale d\u2019\u00e9tudes seront rembours\u00e9s apr\u00e8s notification de l\u2019attribution de l\u2019aide.<\/p>\n<\/li>\n<li><span style=\"color: #1d60ab;\">FORMATION CONTINUE ET APPRENTISSAGE<br \/>\n<\/span>Prise en charge par l\u2019employeur ou l\u2019OPCO aupr\u00e8s duquel il cotise.<\/li>\n<\/ul>\n<\/td>\n<\/tr>\n<\/tbody>\n<\/table>\n<table class=\"cell_align_content\">\n<tbody>\n<tr class=\"cell_background_title\">\n<td><span style=\"color: #1d60ab; font-size: 18pt;\"><strong>Renseignements pratiques<\/strong><\/span><\/td>\n<\/tr>\n<tr>\n<td>\n<table style=\"border-collapse: collapse; width: 100%;\">\n<tbody>\n<tr>\n<td style=\"width: 33.3333%;\"><span style=\"color: #1d60ab;\"><strong>Lieux de formation<\/strong><\/span><\/td>\n<td style=\"width: 33.3333%;\">\u00a0<\/td>\n<td style=\"width: 33.3333%;\">\u00a0<\/td>\n<\/tr>\n<tr>\n<td style=\"width: 33.3333%;\">\n<p><strong>IMF RIS Avignon<\/strong><\/p>\n<p>55 All\u00e9e Camille Claudel<br \/>\nHamadryade B\u00e2timent B<br \/>\n84140 Montfavet<\/p>\n<\/td>\n<td>\n<p><strong>IMF RIS Marseille<\/strong><\/p>\n<p>59 Av. de Saint Just,<br \/>\nB\u00e2t. A, R\u00e9sidence Hippone 1<br \/>\n13013 Marseille<\/td>\n<td style=\"width: 33.3333%; height: 151px;\">\n<p><strong>IMF RIS\u00a0 ARLES<\/strong> <br \/>\n<em>(uniquement apprentissage et contrat pro)<\/em> <br \/>\n12 chemin du Temple<br \/>\n13200 Arles<\/p>\n<\/td>\n<\/tr>\n<\/tbody>\n<\/table>\n<\/td>\n<\/tr>\n<tr>\n<td>A proximit\u00e9 de nos locaux, possibilit\u00e9 d\u2019h\u00e9bergement, de restauration et de moyens de transports en commun.<\/td>\n<\/tr>\n<\/tbody>\n<\/table>\n<table class=\"cell_align_content\">\n<tbody>\n<tr class=\"cell_background_title\">\n<td><strong><span style=\"color: #1d60ab; font-size: 18pt;\">Textes officiels<\/span><\/strong><\/td>\n<\/tr>\n<tr>\n<td>\n<ul>\n<li><a href=\"https:\/\/www.legifrance.gouv.fr\/jorf\/id\/JORFTEXT000051357601\"><strong>Arr\u00eat\u00e9 du 18 mars 2025<\/strong> <\/a>modifiant l&rsquo;arr\u00eat\u00e9 du 5 juillet 2024<\/li>\n<li><a href=\"https:\/\/www.legifrance.gouv.fr\/jorf\/id\/JORFTEXT000049889174\"><strong>Arr\u00eat\u00e9<\/strong> du 5 juillet 2024<\/a> relatif au dipl\u00f4me d&rsquo;Etat de moniteur \u00e9ducateur<\/li>\n<li><a href=\"http:\/\/www.legifrance.gouv.fr\/jopdf\/common\/jo_pdf.jsp?numJO=0&amp;dateJO=20070516&amp;numTexte=28&amp;pageDebut=09113&amp;pageFin=09114\" target=\"_blank\" rel=\"noopener noreferrer\">D\u00e9cret 2007-898<\/a> du 15 mai 2007 relatif au dipl\u00f4me d\u2019Etat de moniteur \u00e9ducateur (document pdf L\u00e9gifrance).<\/li>\n<li><a href=\"http:\/\/www.sante.gouv.fr\/fichiers\/bo\/2007\/07-07\/a0070168.htm\" target=\"_blank\" rel=\"noopener noreferrer\">Arr\u00eat\u00e9 du 20 juin 2007<\/a> relatif au dipl\u00f4me d&rsquo;Etat de moniteur-\u00e9ducateur et ses annexes (contenant les R\u00e9f\u00e9rentiels de certification, de formation, professionnel) et les <a href=\"\/pages\/formations\/form_diplo\/me\/annexes.pdf\" target=\"_blank\" rel=\"noopener noreferrer\">annexes<\/a> (J.O. du 04\/07\/07)<\/li>\n<li><a href=\"http:\/\/www.sante.gouv.fr\/fichiers\/bo\/2008\/08-01\/a0010056.htm\" target=\"_blank\" rel=\"noopener noreferrer\">Circulaire interminist\u00e9rielle DGAS\/SD 4A n\u00b0 2007-436<\/a> du 11 d\u00e9cembre 2007 relative aux modalit\u00e9s des formations pr\u00e9paratoires et d&rsquo;obtention du dipl\u00f4me d&rsquo;Etat d&rsquo;\u00e9ducateur sp\u00e9cialis\u00e9 (DEES) et du dipl\u00f4me d&rsquo;Etat de moniteur \u00e9ducateur (DEME).<\/li>\n<li><a href=\"http:\/\/www.legifrance.gouv.fr\/jopdf\/common\/jo_pdf.jsp?numJO=0&amp;dateJO=20121031&amp;numTexte=19&amp;pageDebut=17066&amp;pageFin=17067\" target=\"_blank\" rel=\"noopener noreferrer\">Arr\u00eat\u00e9 du 18 octobre 2012<\/a> modifiant l&rsquo;arr\u00eat\u00e9 du 20 juin 2007 relatif au dipl\u00f4me d&rsquo;Etat de moniteur \u00e9ducateur et ses annexes.<\/li>\n<li><a href=\"http:\/\/www.legifrance.gouv.fr\/affichTexte.do?cidTexte=JORFTEXT000029762670&amp;dateTexte=&amp;categorieLien=id\" target=\"_blank\" rel=\"noopener noreferrer\">Arr\u00eat\u00e9 du 27 octobre 2014<\/a> modifiant l&rsquo;arr\u00eat\u00e9 du 20 juin 2007 relatif au dipl\u00f4me d&rsquo;Etat de moniteur-\u00e9ducateur.<\/li>\n<li><a href=\"https:\/\/www.legifrance.gouv.fr\/affichTexte.do?cidTexte=LEGITEXT000006056548\" target=\"_blank\" rel=\"noopener noreferrer\">Arr\u00eat\u00e9 du 07.12.2017<\/a><\/li>\n<\/ul>\n<\/td>\n<\/tr>\n<\/tbody>\n<\/table>\n","protected":false},"excerpt":{"rendered":"","protected":false},"author":1,"featured_media":0,"parent":97,"menu_order":2,"comment_status":"closed","ping_status":"closed","template":"template-twocolumnsleft.php","meta":{"footnotes":""},"_links":{"self":[{"href":"https:\/\/www.imf.asso.fr\/pages\/index.php?rest_route=\/wp\/v2\/pages\/191"}],"collection":[{"href":"https:\/\/www.imf.asso.fr\/pages\/index.php?rest_route=\/wp\/v2\/pages"}],"about":[{"href":"https:\/\/www.imf.asso.fr\/pages\/index.php?rest_route=\/wp\/v2\/types\/page"}],"author":[{"embeddable":true,"href":"https:\/\/www.imf.asso.fr\/pages\/index.php?rest_route=\/wp\/v2\/users\/1"}],"replies":[{"embeddable":true,"href":"https:\/\/www.imf.asso.fr\/pages\/index.php?rest_route=%2Fwp%2Fv2%2Fcomments&post=191"}],"version-history":[{"count":4,"href":"https:\/\/www.imf.asso.fr\/pages\/index.php?rest_route=\/wp\/v2\/pages\/191\/revisions"}],"predecessor-version":[{"id":10065,"href":"https:\/\/www.imf.asso.fr\/pages\/index.php?rest_route=\/wp\/v2\/pages\/191\/revisions\/10065"}],"up":[{"embeddable":true,"href":"https:\/\/www.imf.asso.fr\/pages\/index.php?rest_route=\/wp\/v2\/pages\/97"}],"wp:attachment":[{"href":"https:\/\/www.imf.asso.fr\/pages\/index.php?rest_route=%2Fwp%2Fv2%2Fmedia&parent=191"}],"curies":[{"name":"wp","href":"https:\/\/api.w.org\/{rel}","templated":true}]}}