{"id":181,"date":"2017-07-05T11:35:31","date_gmt":"2017-07-05T09:35:31","guid":{"rendered":"http:\/\/www.imf.asso.fr\/pages\/?page_id=181"},"modified":"2026-05-05T11:59:23","modified_gmt":"2026-05-05T09:59:23","slug":"la-formation","status":"publish","type":"page","link":"https:\/\/www.imf.asso.fr\/pages\/?page_id=181","title":{"rendered":"La formation"},"content":{"rendered":"<p><!--more--><\/p>\n<table class=\"cell_align_content\">\n<tbody>\n<tr class=\"cell_background_title\">\n<td><strong><span style=\"font-size: 18pt; color: #1d60ab;\">Voies d\u2019acc\u00e8s au Dipl\u00f4me d\u2019Etat<\/span><br \/>\n<\/strong><\/td>\n<\/tr>\n<tr>\n<td>\n<ul>\n<li>Formation continue : salari\u00e9 (financement employeur ou OPCO), demandeur d\u2019emploi<\/li>\n<li>VAE et parcours post jury VAE (validation des acquis de l\u2019exp\u00e9rience<\/li>\n<li>Contrat d\u2019apprentissage<\/li>\n<\/ul>\n<\/td>\n<\/tr>\n<\/tbody>\n<\/table>\n<table class=\"cell_align_content\">\n<tbody>\n<tr class=\"cell_background_title\">\n<td><span style=\"color: #1d60ab; font-size: 18pt;\"><strong>Conditions d&rsquo;acc\u00e8s \u00e0 la formation<\/strong><\/span><\/td>\n<\/tr>\n<tr>\n<td>\n<p>Peuvent se pr\u00e9senter aux \u00e9preuves de s\u00e9lection, les candidats remplissant au moins une des conditions suivantes :<\/p>\n<ul>\n<li>\u00eatre titulaire d&rsquo;un dipl\u00f4me, certificat ou titre homologu\u00e9 ou inscrit au r\u00e9pertoire national des certifications professionnelles au moins au niveau II ;<\/li>\n<li>\u00eatre titulaire d&rsquo;un dipl\u00f4me national ou dipl\u00f4me vis\u00e9 par le ministre charg\u00e9 de l&rsquo;enseignement sup\u00e9rieur sanctionnant un niveau de formation correspondant au moins \u00e0 trois ans d&rsquo;\u00e9tudes sup\u00e9rieures ;<\/li>\n<li>\u00eatre titulaire d&rsquo;un dipl\u00f4me mentionn\u00e9 au code de l&rsquo;action sociale et des familles ou au code de la sant\u00e9 publique homologu\u00e9 ou inscrit au r\u00e9pertoire national des certifications professionnelles au niveau III et justifier d&rsquo;une exp\u00e9rience professionnelle d&rsquo;un an dans une fonction d&rsquo;encadrement ou de trois ans dans le champ de l&rsquo;action sanitaire, sociale ou m\u00e9dico-sociale ;<\/li>\n<li>\u00eatre en fonction de directeur d&rsquo;\u00e9tablissement ou de service dans le champ de l&rsquo;action sanitaire, sociale ou m\u00e9dico-sociale.<\/li>\n<\/ul>\n<p>La formation est ouverte aux candidats ayant pass\u00e9 avec succ\u00e8s les \u00e9preuves de s\u00e9lection (une \u00e9preuve \u00e9crite et une \u00e9preuve orale). Elles sont organis\u00e9es par les \u00e9tablissements de formation agr\u00e9\u00e9s adh\u00e9rents au r\u00e9seau UNAFORIS.<\/p>\n<p><strong>Les titulaires du Dipl\u00f4me d\u2019\u00c9tat d\u2019ing\u00e9nierie sociale (DEIS) sont exempt\u00e9s des blocs de comp\u00e9tence 1 et 2.<\/strong><\/p>\n<p><strong>Les titulaires du Certificat d\u2019Aptitude aux Fonctions d\u2019Encadrement et de Responsable d\u2019Unit\u00e9 d\u2019Intervention Sociale (CAFERUIS) sont exempt\u00e9s des blocs de comp\u00e9tence 1.<\/strong><\/p>\n<\/td>\n<\/tr>\n<\/tbody>\n<\/table>\n<table class=\"cell_align_content\">\n<tbody>\n<tr class=\"cell_background_title\">\n<td><strong><span style=\"color: #1d60ab; font-size: 18pt;\">El\u00e9ments g\u00e9n\u00e9raux de la formation et objectifs<\/span><br \/>\n<\/strong><\/td>\n<\/tr>\n<tr>\n<td>\n<p><strong>Parcours complet :<\/strong><br \/>\nLa formation vise l\u2019obtention du dipl\u00f4me d\u2019\u00e9tat.<br \/>\nD\u2019une dur\u00e9e de 700h se d\u00e9roule par alternance sur une amplitude de 22 mois.<\/p>\n<p>Chaque domaine \u00e9nonce des aptitudes et comp\u00e9tences vis\u00e9es et \u00e9valuables, qui seront<br \/>\nacquises au cours de la formation (voir projet p\u00e9dagogique).<\/p>\n<p><strong>Parcours par bloc de comp\u00e9tences :<\/strong><br \/>\n<strong>Bloc 1<\/strong> &#8211; Participer \u00e0 l\u2019\u00e9laboration de projets strat\u00e9giques en lien avec les politiques publiques (196h)<br \/>\n<strong>Bloc 2<\/strong> &#8211; D\u00e9finir et piloter les projets d\u2019\u00e9tablissement ou de service (154h)<br \/>\n<strong>Bloc 3<\/strong> &#8211; Manager et g\u00e9rer les ressources humaines d\u2019un \u00e9tablissement ou d\u2019un service (196h)<br \/>\n<strong>Bloc 4<\/strong> \u2013 G\u00e9rer les volets \u00e9conomique, financier et logistique d\u2019un \u00e9tablissement ou d\u2019un service (154 h)<\/p>\n<p>Pour les titulaires du CAFERUIS et du DEIS, des dispenses de formation sont pr\u00e9vues par les textes.<\/p>\n<p><strong>La dur\u00e9e de la formation pratique est variable en fonction de l\u2019exp\u00e9rience et du parcours.<\/strong><\/p>\n<p>Chaque bloc de comp\u00e9tences est valid\u00e9 par une \u00e9preuve en centre de formation et une \u00e9preuve de certification.<\/p>\n<p>La validation des 4 blocs de comp\u00e9tences ouvre droit \u00e0 l\u2019attribution de 120 ECTS.<\/p>\n<\/td>\n<\/tr>\n<\/tbody>\n<\/table>\n<table class=\"cell_align_content\">\n<tbody>\n<tr class=\"cell_background_title\">\n<td><strong><span style=\"color: #1d60ab; font-size: 18pt;\">Acquisition par bloc de comp\u00e9tences<\/span><\/strong><\/td>\n<\/tr>\n<tr>\n<td>\n<div>\n<div>Deux options sont possibles :<\/div>\n<ul>\n<li><strong>Dans le cadre d\u2019une certification compl\u00e8te<\/strong> : vous suivez l\u2019ensemble du parcours pour obtenir le dipl\u00f4me dans sa globalit\u00e9.<\/li>\n<li><strong>Par blocs de comp\u00e9tences<\/strong> : vous pouvez valider un ou plusieurs blocs de comp\u00e9tence, par exemple si votre VAE n\u2019a \u00e9t\u00e9 que partiellement valid\u00e9e ou si vous n\u2019avez pas obtenu la totalit\u00e9 du dipl\u00f4me. Le nombre d&rsquo;heures total de la formation varie en fonction du nombre de bloc de comp\u00e9tences \u00e0 acqu\u00e9rir.<\/li>\n<\/ul>\n<p>Dans les deux cas, les modalit\u00e9s d\u2019\u00e9valuation varient selon les sp\u00e9cificit\u00e9s du dipl\u00f4me. Chaque bloc comprend \u00e9galement une dur\u00e9e minimale de formation pratique.<\/p>\n<p><strong>\u00c0 noter<\/strong> : lorsqu\u2019un bloc de comp\u00e9tences est acquis individuellement, sa validit\u00e9 est illimit\u00e9e dans le temps.<\/p>\n<div>\n<div>\n<p>Consultez les <a href=\"https:\/\/www.imf.asso.fr\/pages\/?page_id=7535\"><strong>r\u00e9f\u00e9rentiels de votre dipl\u00f4me<\/strong><\/a> ainsi que notre page consacr\u00e9e aux <a href=\"https:\/\/www.imf.asso.fr\/pages\/?page_id=9449\"><strong>dispenses et all\u00e8gements<\/strong><\/a> pour explorer vos possibilit\u00e9s. Pour toute information suppl\u00e9mentaire, n&rsquo;h\u00e9sitez pas \u00e0 contacter notre <a href=\"https:\/\/www.imf.asso.fr\/pages\/?page_id=16\"><strong>service ICO<\/strong><\/a>.<\/p>\n<\/div>\n<\/div>\n<\/div>\n<\/td>\n<\/tr>\n<\/tbody>\n<\/table>\n<table class=\"cell_align_content\">\n<tbody>\n<tr class=\"cell_background_title\">\n<td><span style=\"color: #1d60ab; font-size: 18pt;\"><strong>Points forts de la formation<\/strong><\/span><\/td>\n<\/tr>\n<tr>\n<td>\n<ul>\n<li>Entretiens individuels avant l\u2019entr\u00e9e en formation<\/li>\n<li>Possibilit\u00e9s de mobilit\u00e9 \u00e0 l\u2019international<\/li>\n<li>Module d\u2019anglais<\/li>\n<li>EHESP<\/li>\n<li>ICO : service d\u2019aide au montage dossier de formation, plan de carri\u00e8re, \u00e9volution professionnelle<\/li>\n<li>La formation est caract\u00e9ris\u00e9e par la prise en compte des ant\u00e9c\u00e9dents professionnels et scolaires ouvrant droit \u00e0 des all\u00e8gements de formation.<\/li>\n<li>Promotions limit\u00e9es \u00e0 15 apprenants<\/li>\n<li>Plateforme de formation \u00e0 distance E Campus<\/li>\n<li>Centres Ressources Multim\u00e9dia sur chaque site<\/li>\n<li>Portail offres d\u2019emploi de nos partenaires<\/li>\n<li>Les candidats ayant r\u00e9ussi les \u00e9preuves de s\u00e9lection pourront participer \u00e0 une r\u00e9union d\u2019information avant l\u2019entr\u00e9e en formation.<\/li>\n<li>A proximit\u00e9 de nos locaux, possibilit\u00e9 d\u2019h\u00e9bergement, de restauration et de moyens de transports en commun.<\/li>\n<\/ul>\n<\/td>\n<\/tr>\n<\/tbody>\n<\/table>\n<table class=\"cell_align_content\">\n<tbody>\n<tr class=\"cell_background_title\">\n<td><span style=\"font-size: 18pt; color: #1d60ab;\"><strong>Modalit\u00e9s p\u00e9dagogiques adapt\u00e9es aux personnes en situation de handicap<\/strong><\/span><\/td>\n<\/tr>\n<tr>\n<td>Sur chaque site, un <a href=\"https:\/\/www.imf.asso.fr\/pages\/?page_id=5784\">r\u00e9f\u00e9rent handicap<\/a> se tient \u00e0 la disposition des apprenants \/ stagiaires pour les accompagner tout au long de leur formation.<\/td>\n<\/tr>\n<\/tbody>\n<\/table>\n<table class=\"cell_align_content\">\n<tbody>\n<tr class=\"cell_background_title\">\n<td><span style=\"color: #1d60ab;\"><strong><span style=\"font-size: 18pt;\">La certification<\/span> <\/strong><\/span><\/td>\n<\/tr>\n<tr>\n<td>\n<p>La formation est sanctionn\u00e9e par un dipl\u00f4me d&rsquo;Etat d\u00e9livr\u00e9 au nom de la Direction g\u00e9n\u00e9rale de la coh\u00e9sion sociale par le directeur de l\u2019Ecole des Hautes Etudes en Sant\u00e9 Publique (EHESP).<br \/>\nLa certification est organis\u00e9e de la fa\u00e7on suivante : chacun des domaines de comp\u00e9tence est valid\u00e9 par un contr\u00f4le continu et par une \u00e9preuve.<\/p>\n<p>1. Trois \u00e9preuves organis\u00e9es par l&rsquo;EHESP :<\/p>\n<ul>\n<li>une \u00e9preuve relative \u00e0 l&rsquo;\u00e9laboration et conduite strat\u00e9gique d&rsquo;un projet d&rsquo;\u00e9tablissement ou de service ;<\/li>\n<li>une \u00e9preuve relative au management et \u00e0 la gestion des ressources humaines ;<\/li>\n<li>une \u00e9preuve relative \u00e0 la gestion \u00e9conomique, financi\u00e8re et logistique d&rsquo;un \u00e9tablissement ou d&rsquo;un service.<\/li>\n<\/ul>\n<p>2. Une \u00e9preuve relative \u00e0 l&rsquo;expertise de l&rsquo;intervention sanitaire et sociale sur un territoire organis\u00e9e par l&rsquo;\u00e9tablissement de formation.<\/p>\n<\/td>\n<\/tr>\n<\/tbody>\n<\/table>\n<table class=\"cell_align_content\">\n<tbody>\n<tr class=\"cell_background_title\">\n<td><strong><span style=\"color: #1d60ab; font-size: 18pt;\">Inscription<\/span><br \/>\n<\/strong><\/td>\n<\/tr>\n<tr>\n<td><strong>S\u00e9lection sur entretien<\/strong><br \/>\n<em>(Cf. <a href=\"\/pages\/?page_id=636\">R\u00e8glement de s\u00e9lection, calendrier des sessions de s\u00e9lection et dossier d\u2019inscription<\/a>&#8230;)<\/em><\/p>\n<ul>\n<li>Un dossier d\u2019inscription avec liste des pi\u00e8ces obligatoires<\/li>\n<li>Une note de 4 \u00e0 6 pages sur la fonction de direction \u00e0 joindre au dossier(d\u00e9tail sur dossier d\u2019inscription)<\/li>\n<li>Epreuve orale d\u2019une dur\u00e9e de 30 minutes<\/li>\n<\/ul>\n<p>Tout dossier arrivant apr\u00e8s la date de la cl\u00f4ture de r\u00e9ception des pi\u00e8ces ou incomplet ne pourra pas \u00eatre pris en compte.<\/p>\n<p>3 sessions par an<em> (cf. calendrier)<br \/>\n<\/em><\/p>\n<p>L\u2019IMF RIS propose une pr\u00e9paration aux \u00e9preuves de s\u00e9lection CAFDES.<\/p>\n<p>Les candidats en contrat d\u2019apprentissage sont admis de droit.<\/p>\n<\/td>\n<\/tr>\n<\/tbody>\n<\/table>\n<table class=\"cell_align_content\">\n<tbody>\n<tr class=\"cell_background_title\">\n<td><strong><span style=\"color: #1d60ab; font-size: 18pt;\">Co\u00fbt de la s\u00e9lection<\/span><br \/>\n<\/strong><\/td>\n<\/tr>\n<tr>\n<td>\n<p>Les tarifs des frais de s\u00e9lection CAFDES sont fix\u00e9s chaque ann\u00e9e, au plan national par l&rsquo;UNAFORIS<\/p>\n<p>Frais s\u00e9lection\u00a0 : 170 euros<\/p>\n<\/td>\n<\/tr>\n<\/tbody>\n<\/table>\n<table class=\"cell_align_content\" style=\"width: 100%; height: 99px;\">\n<tbody>\n<tr class=\"cell_background_title\" style=\"height: 39px;\">\n<td style=\"height: 39px;\"><span style=\"color: #1d60ab; font-size: 18pt;\"><strong>Co\u00fbt de la formation<\/strong><\/span><\/td>\n<\/tr>\n<tr style=\"height: 60px;\">\n<td style=\"height: 60px;\">\n<p style=\"margin: 0;\"><strong>En formation continue <\/strong>(prise en charge par l\u2019employeur ou l\u2019OPCO aupr\u00e8s duquel il cotise) :<\/p>\n<ul style=\"margin: 0;\">\n<li><strong>Parcours complet<\/strong> (700 heures th\u00e9oriques) : 14 000\u20ac<\/li>\n<li>Parcours pour une personne<strong> titulaire du CAFERUIS<\/strong> (504 h th\u00e9oriques) : 10 080\u20ac<\/li>\n<li>Parcours pour une personne <strong>titulaire du DEIS<\/strong> (350 h th\u00e9oriques) : 7 000\u20ac<\/li>\n<li><strong>Bloc 3 uniquement <\/strong>(196h) : 3 920\u20ac<\/li>\n<li><strong>Bloc 4 uniquement\u00a0<\/strong> (154 h) : 3 080\u20ac<\/li>\n<\/ul>\n<p>\nPossibilit\u00e9 de financement personnel : nous contactez.<\/p>\n<\/td>\n<\/tr>\n<\/tbody>\n<\/table>\n<table class=\"cell_align_content\">\n<tbody>\n<tr class=\"cell_background_title\">\n<td><span style=\"font-size: 18pt; color: #1d60ab;\"><strong>Renseignements pratiques<\/strong><\/span><\/td>\n<\/tr>\n<tr>\n<td>\n<table style=\"border-collapse: collapse; width: 100%;\">\n<tbody>\n<tr>\n<td style=\"width: 33.3333%;\"><strong>Lieux de formation<\/strong><\/td>\n<td style=\"width: 33.3333%;\"><strong>Contact<\/strong><\/td>\n<\/tr>\n<tr>\n<td style=\"width: 33.3333%;\">\n<p><strong>IMF RIS Avignon<\/strong><\/p>\n<p>55 All\u00e9e Camille Claudel<br \/>\nHamadryade B\u00e2timent B<br \/>\n84140 Montfavet<\/p>\n<\/td>\n<td style=\"width: 33.3333%;\">\n<p><strong>ICO <\/strong><em>(Informer, Conseiller, Orienter)<\/em><strong><br \/>\n<\/strong><strong>04 13 35 46 86<\/strong> &#8211; imfinfos@imf.asso.fr<br \/>\nDu Lundi au Vendredi : <br \/>\n8h30 &#8211; 12h30 \/ 13h00-17h00<\/p>\n<p>\n<strong>Responsable P\u00e9dagogique :<\/strong><br \/>\nSimon PITAUD<br \/>\ns.pitaud@imf.asso.fr<\/p>\n<p><strong>Assistante :<\/strong> <br \/>\nEglantine AGENEAU <br \/>\ne.ageneau@imf.asso.fr<br \/>\n04 32 40 41 80<\/p>\n<\/td>\n<\/tr>\n<\/tbody>\n<\/table>\n<table class=\"cell_align_content\">\n<tbody>\n<tr class=\"cell_background_title\">\n<td><span style=\"font-size: 18pt; color: #1d60ab;\"><strong>Textes officiels<\/strong><\/span><\/td>\n<\/tr>\n<tr>\n<td>\n<ul>\n<li><a href=\"http:\/\/www.legifrance.gouv.fr\/affichTexte.do?cidTexte=JORFTEXT000000243854\" target=\"_blank\" rel=\"noopener noreferrer\">D\u00e9cret n\u00b02007-577 du 19 avril 2007<\/a> relatif au certificat d&rsquo;aptitude aux fonctions de directeur d&rsquo;\u00e9tablissement ou de service d&rsquo;intervention sociale<\/li>\n<li><a href=\"http:\/\/www.legifrance.gouv.fr\/affichTexte.do?cidTexte=JORFTEXT000000278231\" target=\"_blank\" rel=\"noopener noreferrer\">Arr\u00eat\u00e9 du 5 juin 2007<\/a> relatif au certificat d&rsquo;aptitude aux fonctions de directeur d&rsquo;\u00e9tablissement ou de service d&rsquo;intervention sociale<\/li>\n<li><a href=\"http:\/\/www.sante.gouv.fr\/fichiers\/bo\/2007\/07-09\/a0090281.htm\" target=\"_blank\" rel=\"noopener noreferrer\">Circulaire N\u00b0DGAS\/SD4A\/2007\/310 du 06 ao\u00fbt 2007<\/a> relative aux modalit\u00e9s de la formation pr\u00e9paratoire et d&rsquo;obtention du certificat d&rsquo;aptitude aux fonctions de directeur d&rsquo;\u00e9tablissement ou de service d&rsquo;intervention sociale<\/li>\n<li>Protocole de mise en oeuvre du certificat d&rsquo;aptitude aux fonctions de directeur d&rsquo;\u00e9tablissement ou de service d&rsquo;intervention sociale &#8211; Dispositif 2007 &#8211; en date du 21 octobre 2009<\/li>\n<li><a href=\"\/pages\/formations\/form_diplo\/cafdes\/arrete_dispense_EHESP-2019.pdf\" target=\"_blank\" rel=\"noopener noreferrer\">Arr\u00eat\u00e9 dispense EHESP 2019<\/a><\/li>\n<li><a href=\"https:\/\/www.legifrance.gouv.fr\/jorf\/id\/JORFTEXT000046221975\" target=\"_blank\" rel=\"noopener\">Arr\u00eat\u00e9 du 27 ao\u00fbt 2022<\/a> relatif au certificat d&rsquo;aptitude aux fonctions aux fonctions de directeur d&rsquo;\u00e9tablissement ou de service d&rsquo;intervention sociale<\/li>\n<li><a href=\"https:\/\/www.legifrance.gouv.fr\/jorf\/id\/JORFTEXT000046221948\" target=\"_blank\" rel=\"noopener\">D\u00e9cret n\u00b0 2022-1190 du 27 ao\u00fbt 2022<\/a> relatif au certificat d&rsquo;aptitude aux fonctions de directeur d&rsquo;\u00e9tablissement ou de service d&rsquo;intervention sociale<\/li>\n<\/ul>\n<\/td>\n<\/tr>\n<\/tbody>\n<\/table>\n<\/td>\n<\/tr>\n<\/tbody>\n<\/table>\n","protected":false},"excerpt":{"rendered":"","protected":false},"author":1,"featured_media":0,"parent":87,"menu_order":2,"comment_status":"closed","ping_status":"closed","template":"template-twocolumnsleft.php","meta":{"footnotes":""},"_links":{"self":[{"href":"https:\/\/www.imf.asso.fr\/pages\/index.php?rest_route=\/wp\/v2\/pages\/181"}],"collection":[{"href":"https:\/\/www.imf.asso.fr\/pages\/index.php?rest_route=\/wp\/v2\/pages"}],"about":[{"href":"https:\/\/www.imf.asso.fr\/pages\/index.php?rest_route=\/wp\/v2\/types\/page"}],"author":[{"embeddable":true,"href":"https:\/\/www.imf.asso.fr\/pages\/index.php?rest_route=\/wp\/v2\/users\/1"}],"replies":[{"embeddable":true,"href":"https:\/\/www.imf.asso.fr\/pages\/index.php?rest_route=%2Fwp%2Fv2%2Fcomments&post=181"}],"version-history":[{"count":5,"href":"https:\/\/www.imf.asso.fr\/pages\/index.php?rest_route=\/wp\/v2\/pages\/181\/revisions"}],"predecessor-version":[{"id":10054,"href":"https:\/\/www.imf.asso.fr\/pages\/index.php?rest_route=\/wp\/v2\/pages\/181\/revisions\/10054"}],"up":[{"embeddable":true,"href":"https:\/\/www.imf.asso.fr\/pages\/index.php?rest_route=\/wp\/v2\/pages\/87"}],"wp:attachment":[{"href":"https:\/\/www.imf.asso.fr\/pages\/index.php?rest_route=%2Fwp%2Fv2%2Fmedia&parent=181"}],"curies":[{"name":"wp","href":"https:\/\/api.w.org\/{rel}","templated":true}]}}