{"id":17335,"date":"2026-04-21T16:31:41","date_gmt":"2026-04-21T14:31:41","guid":{"rendered":"https:\/\/www.imf.asso.fr\/pages\/?page_id=17335"},"modified":"2026-04-22T09:49:41","modified_gmt":"2026-04-22T07:49:41","slug":"17335-2","status":"publish","type":"page","link":"https:\/\/www.imf.asso.fr\/pages\/?page_id=17335","title":{"rendered":"Monde Pluriel | 1 et 2 Juin | Marseille"},"content":{"rendered":"<p><!--more--><\/p>\n<p>L&rsquo;<strong>IMF RIS Marseille<\/strong> organise deux journ\u00e9es, <strong>1 et 2 Juin<\/strong>, consacr\u00e9es au <strong><em>Monde pluriel<\/em><\/strong>, deux journ\u00e9es d\u00e9di\u00e9es \u00e0 l\u2019<strong>approche interculturelle<\/strong> en travail social.<\/p>\n<p>Le module \u00ab Monde pluriel \u00bb vise \u00e0 sensibiliser les futurs travailleurs sociaux \u00e0 la rencontre avec des personnes venues d\u2019autres pays ou d\u2019autres r\u00e9gions du monde avec parfois des valeurs et des pratiques culturelles diff\u00e9rentes des n\u00f4tres.<\/p>\n<p>Ces journ\u00e9es permettront d\u2019explorer ces enjeux et de <strong>renforcer les comp\u00e9tences interculturelles<\/strong> pour garantir une <strong>relation d\u2019accompagnement respectueuse et adapt\u00e9e<\/strong>.<\/p>\n","protected":false},"excerpt":{"rendered":"","protected":false},"author":6,"featured_media":0,"parent":0,"menu_order":0,"comment_status":"closed","ping_status":"closed","template":"","meta":{"footnotes":""},"_links":{"self":[{"href":"https:\/\/www.imf.asso.fr\/pages\/index.php?rest_route=\/wp\/v2\/pages\/17335"}],"collection":[{"href":"https:\/\/www.imf.asso.fr\/pages\/index.php?rest_route=\/wp\/v2\/pages"}],"about":[{"href":"https:\/\/www.imf.asso.fr\/pages\/index.php?rest_route=\/wp\/v2\/types\/page"}],"author":[{"embeddable":true,"href":"https:\/\/www.imf.asso.fr\/pages\/index.php?rest_route=\/wp\/v2\/users\/6"}],"replies":[{"embeddable":true,"href":"https:\/\/www.imf.asso.fr\/pages\/index.php?rest_route=%2Fwp%2Fv2%2Fcomments&post=17335"}],"version-history":[{"count":3,"href":"https:\/\/www.imf.asso.fr\/pages\/index.php?rest_route=\/wp\/v2\/pages\/17335\/revisions"}],"predecessor-version":[{"id":17345,"href":"https:\/\/www.imf.asso.fr\/pages\/index.php?rest_route=\/wp\/v2\/pages\/17335\/revisions\/17345"}],"wp:attachment":[{"href":"https:\/\/www.imf.asso.fr\/pages\/index.php?rest_route=%2Fwp%2Fv2%2Fmedia&parent=17335"}],"curies":[{"name":"wp","href":"https:\/\/api.w.org\/{rel}","templated":true}]}}

<p><!--more--></p>
<p>L&rsquo;<strong>IMF RIS Marseille</strong> organise deux journées, <strong>1 et 2 Juin</strong>, consacrées au <strong><em>Monde pluriel</em></strong>, deux journées dédiées à l’<strong>approche interculturelle</strong> en travail social.</p>
<p>Le module « Monde pluriel » vise à sensibiliser les futurs travailleurs sociaux à la rencontre avec des personnes venues d’autres pays ou d’autres régions du monde avec parfois des valeurs et des pratiques culturelles différentes des nôtres.</p>
<p>Ces journées permettront d’explorer ces enjeux et de <strong>renforcer les compétences interculturelles</strong> pour garantir une <strong>relation d’accompagnement respectueuse et adaptée</strong>.</p>
