{"id":17317,"date":"2026-04-21T11:32:00","date_gmt":"2026-04-21T09:32:00","guid":{"rendered":"https:\/\/www.imf.asso.fr\/pages\/?page_id=17317"},"modified":"2026-04-21T13:28:19","modified_gmt":"2026-04-21T11:28:19","slug":"17317-2","status":"publish","type":"page","link":"https:\/\/www.imf.asso.fr\/pages\/?page_id=17317","title":{"rendered":"Int\u00e9graSports | Marseille | 28 Mai"},"content":{"rendered":"<p><!--more--><\/p>\n<p>Ce <span style=\"color: #1d60ab;\"><strong>28 mai<\/strong><\/span>, le SMUC organise la <span style=\"color: #1d60ab;\"><strong>12\u1d49 \u00e9dition d\u2019Int\u00e9graSports<\/strong><\/span>, une olympiade handi\u2011valide d\u00e9di\u00e9e \u00e0 la promotion du sport inclusif. \u00c0 cette occasion, l\u2019<span style=\"color: #1d60ab;\"><strong>IMF RIS Marseille<\/strong><\/span> est invit\u00e9 \u00e0 <strong><span style=\"color: #1d60ab;\">animer<\/span><\/strong> un<strong>\u00a0<span style=\"color: #1d60ab;\">atelier<\/span><\/strong>\u00a0de la journ\u00e9e, de <span style=\"color: #1d60ab;\"><strong>9h \u00e0 15h<\/strong><\/span>.<br \/>\nNous vous donnons rendez\u2011vous pour partager avec nous ce temps fort, qui se d\u00e9roulera au <span style=\"color: #1d60ab;\"><strong>complexe sportif Jean Bouin<\/strong> <\/span>(8\u1d49 arrondissement).<\/p>\n<p><span style=\"color: #1d60ab;\"><strong>Acc\u00e8s :<\/strong><\/span><\/p>\n<ul>\n<li>\n<p>En voiture : parkings Rue Callelongue ou Avenue Clot Bey<\/p>\n<\/li>\n<li>\n<p>En bus : ligne 44<\/p>\n<\/li>\n<li>\n<p>En v\u00e9lo : stations Intermarch\u00e9 Mazargues et Lidl Bonneveine<\/p>\n<hr \/>\n<p><img decoding=\"async\" src=\"https:\/\/www.imf.asso.fr\/pages\/wp-content\/uploads\/uploads469e0f5c7d59e6635084691.jpg\" \/><\/p>\n<\/li>\n<\/ul>\n","protected":false},"excerpt":{"rendered":"","protected":false},"author":6,"featured_media":0,"parent":0,"menu_order":0,"comment_status":"closed","ping_status":"closed","template":"","meta":{"footnotes":""},"_links":{"self":[{"href":"https:\/\/www.imf.asso.fr\/pages\/index.php?rest_route=\/wp\/v2\/pages\/17317"}],"collection":[{"href":"https:\/\/www.imf.asso.fr\/pages\/index.php?rest_route=\/wp\/v2\/pages"}],"about":[{"href":"https:\/\/www.imf.asso.fr\/pages\/index.php?rest_route=\/wp\/v2\/types\/page"}],"author":[{"embeddable":true,"href":"https:\/\/www.imf.asso.fr\/pages\/index.php?rest_route=\/wp\/v2\/users\/6"}],"replies":[{"embeddable":true,"href":"https:\/\/www.imf.asso.fr\/pages\/index.php?rest_route=%2Fwp%2Fv2%2Fcomments&post=17317"}],"version-history":[{"count":2,"href":"https:\/\/www.imf.asso.fr\/pages\/index.php?rest_route=\/wp\/v2\/pages\/17317\/revisions"}],"predecessor-version":[{"id":17328,"href":"https:\/\/www.imf.asso.fr\/pages\/index.php?rest_route=\/wp\/v2\/pages\/17317\/revisions\/17328"}],"wp:attachment":[{"href":"https:\/\/www.imf.asso.fr\/pages\/index.php?rest_route=%2Fwp%2Fv2%2Fmedia&parent=17317"}],"curies":[{"name":"wp","href":"https:\/\/api.w.org\/{rel}","templated":true}]}}

IntégraSports | Marseille | 28 Mai

<p><!--more--></p>
<p>Ce <span style="color: #1d60ab;"><strong>28 mai</strong></span>, le SMUC organise la <span style="color: #1d60ab;"><strong>12ᵉ édition d’IntégraSports</strong></span>, une olympiade handi‑valide dédiée à la promotion du sport inclusif. À cette occasion, l’<span style="color: #1d60ab;"><strong>IMF RIS Marseille</strong></span> est invité à <strong><span style="color: #1d60ab;">animer</span></strong> un<strong> <span style="color: #1d60ab;">atelier</span></strong> de la journée, de <span style="color: #1d60ab;"><strong>9h à 15h</strong></span>.<br />
Nous vous donnons rendez‑vous pour partager avec nous ce temps fort, qui se déroulera au <span style="color: #1d60ab;"><strong>complexe sportif Jean Bouin</strong> </span>(8ᵉ arrondissement).</p>
<p><span style="color: #1d60ab;"><strong>Accès :</strong></span></p>
<ul>
<li>
<p>En voiture : parkings Rue Callelongue ou Avenue Clot Bey</p>
</li>
<li>
<p>En bus : ligne 44</p>
</li>
<li>
<p>En vélo : stations Intermarché Mazargues et Lidl Bonneveine</p>
<hr />
<p><img decoding="async" src="https://www.imf.asso.fr/pages/wp-content/uploads/uploads469e0f5c7d59e6635084691.jpg" /></p>
</li>
</ul>
