{"id":17303,"date":"2026-04-20T14:05:36","date_gmt":"2026-04-20T12:05:36","guid":{"rendered":"https:\/\/www.imf.asso.fr\/pages\/?page_id=17303"},"modified":"2026-04-21T11:16:56","modified_gmt":"2026-04-21T09:16:56","slug":"design-social-avignon-20-mai","status":"publish","type":"page","link":"https:\/\/www.imf.asso.fr\/pages\/?page_id=17303","title":{"rendered":"Design Social | Avignon | 20 Mai"},"content":{"rendered":"<p><!--more--><\/p>\n<p>Le <strong>20 mai 2026<\/strong>, de <strong>14h30 \u00e0 17h00<\/strong>,\u00a0 l&rsquo;IMF RIS Avignon invite l\u2019<span style=\"color: #1d60ab;\"><strong>Institut l\u2019Alizarine<\/strong><\/span> \u00e0 pr\u00e9senter, aux \u00e9tudiant\u00b7es et aux formateur\u00b7ices, le travail men\u00e9 ces derniers mois par la <span style=\"color: #1d60ab;\"><strong>Grande Bobine<\/strong><\/span>.<\/p>\n<p>Cet \u00e9v\u00e9nement a pour objectif de pr\u00e9senter l\u2019exp\u00e9rience d\u2019accompagnement men\u00e9e et d\u2019expliquer comment le <strong>Design Social<\/strong> a \u00e9t\u00e9 utilis\u00e9 dans le cadre de la transformation de l\u2019offre m\u00e9dico-social.<\/p>\n<hr \/>\n<p><img decoding=\"async\" src=\"https:\/\/www.imf.asso.fr\/pages\/wp-content\/uploads\/Slider-site-IMF-24.844-x-2.25-cm-2.png\" \/><\/p>\n","protected":false},"excerpt":{"rendered":"","protected":false},"author":6,"featured_media":0,"parent":0,"menu_order":0,"comment_status":"closed","ping_status":"closed","template":"","meta":{"footnotes":""},"_links":{"self":[{"href":"https:\/\/www.imf.asso.fr\/pages\/index.php?rest_route=\/wp\/v2\/pages\/17303"}],"collection":[{"href":"https:\/\/www.imf.asso.fr\/pages\/index.php?rest_route=\/wp\/v2\/pages"}],"about":[{"href":"https:\/\/www.imf.asso.fr\/pages\/index.php?rest_route=\/wp\/v2\/types\/page"}],"author":[{"embeddable":true,"href":"https:\/\/www.imf.asso.fr\/pages\/index.php?rest_route=\/wp\/v2\/users\/6"}],"replies":[{"embeddable":true,"href":"https:\/\/www.imf.asso.fr\/pages\/index.php?rest_route=%2Fwp%2Fv2%2Fcomments&post=17303"}],"version-history":[{"count":2,"href":"https:\/\/www.imf.asso.fr\/pages\/index.php?rest_route=\/wp\/v2\/pages\/17303\/revisions"}],"predecessor-version":[{"id":17307,"href":"https:\/\/www.imf.asso.fr\/pages\/index.php?rest_route=\/wp\/v2\/pages\/17303\/revisions\/17307"}],"wp:attachment":[{"href":"https:\/\/www.imf.asso.fr\/pages\/index.php?rest_route=%2Fwp%2Fv2%2Fmedia&parent=17303"}],"curies":[{"name":"wp","href":"https:\/\/api.w.org\/{rel}","templated":true}]}}

<p><!--more--></p>
<p>Le <strong>20 mai 2026</strong>, de <strong>14h30 à 17h00</strong>,  l&rsquo;IMF RIS Avignon invite l’<span style="color: #1d60ab;"><strong>Institut l’Alizarine</strong></span> à présenter, aux étudiant·es et aux formateur·ices, le travail mené ces derniers mois par la <span style="color: #1d60ab;"><strong>Grande Bobine</strong></span>.</p>
<p>Cet événement a pour objectif de présenter l’expérience d’accompagnement menée et d’expliquer comment le <strong>Design Social</strong> a été utilisé dans le cadre de la transformation de l’offre médico-social.</p>
<hr />
<p><img decoding="async" src="https://www.imf.asso.fr/pages/wp-content/uploads/Slider-site-IMF-24.844-x-2.25-cm-2.png" /></p>
