{"id":16718,"date":"2026-03-29T12:15:07","date_gmt":"2026-03-29T10:15:07","guid":{"rendered":"https:\/\/www.imf.asso.fr\/pages\/?page_id=16718"},"modified":"2026-04-28T13:13:19","modified_gmt":"2026-04-28T11:13:19","slug":"journee-culturelle-avignon-9-avril-26","status":"publish","type":"page","link":"https:\/\/www.imf.asso.fr\/pages\/?page_id=16718","title":{"rendered":"Conf\u00e9rence Violences et Pouvoir d&rsquo;agir | IMF RIS Avignon | 09 Avril 26"},"content":{"rendered":"<p><!--more--><\/p>\n<div>\n<div>\n<div>\n<div>\n<p><span style=\"color: #1d60ab; font-size: 14pt;\"><strong>Jeudi 9 avril 2026, l\u2019IMF RIS Avignon a organis\u00e9 une conf\u00e9rence consacr\u00e9e \u00e0 la compr\u00e9hension des violences et leur gestion, la connaissance de leurs m\u00e9canismes et les diff\u00e9rentes approches de l\u2019accompagnement des personnes concern\u00e9es.<\/strong><\/span><\/p>\n<p>A travers des tables rondes anim\u00e9es par des professionnel\u00b7les reconnu\u00b7e\u00b7s et des structures sp\u00e9cialis\u00e9es, nous avons abord\u00e9 des th\u00e9matiques telles que la gestion de la violence, la justice restaurative et le pouvoir d\u2019agir dans un processus de reconstruction.<\/p>\n<\/div>\n<div>\n<p>Des points de vue diversifi\u00e9s pour favoriser le dialogue, mieux comprendre les enjeux li\u00e9s aux violences et concevoir ensemble des solutions concr\u00e8tes adapt\u00e9es aux r\u00e9alit\u00e9s sur le terrain.<\/p>\n<p>Pour aller plus loin : consultez <a href=\"https:\/\/www.imf.asso.fr\/pages\/wp-content\/uploads\/Biblio-journee-culturelle-9-avril-2026.pdf\">les r\u00e9f\u00e9rences bibliographiques<\/a> de la journ\u00e9e, r\u00e9alis\u00e9es par les documentalistes du CRM.<\/p>\n<\/div>\n<\/div>\n<\/div>\n<\/div>\n<p>&nbsp;<\/p>\n<p><span style=\"font-size: 14pt;\"><strong><span style=\"background: #1b60ab; color: white; padding: 10px;\">D\u00c9COUVRIR LE PROGRAMME<\/span><\/strong><\/span><\/p>\n<table style=\"border: medium; width: 92.6679%; height: 96px;\">\n<tbody>\n<tr style=\"border-collapse: hidden; border: none;\">\n<td style=\"width: 9.16905%; text-align: left; height: 37px;\">09h30-12h00<\/td>\n<td style=\"width: 90.6877%; height: 37px;\">\n<p class=\"cvGsUA direction-ltr align-justify para-style-body\"><span class=\"a_GcMg font-feature-liga-off font-feature-clig-off font-feature-calt-off text-decoration-none text-strikethrough-none\"><span style=\"color: #1d60ab;\"><strong>Gestion de la violence<\/strong><\/span><br \/>\n<\/span><span style=\"font-size: 10pt;\"><em><span class=\"a_GcMg font-feature-liga-off font-feature-clig-off font-feature-calt-off text-decoration-none text-strikethrough-none\">Intervention de l\u2019organisme de formation <a href=\"https:\/\/www.gesivi.fr\/\">GESIVI<\/a><\/span><\/em><\/span><\/p>\n<\/td>\n<\/tr>\n<tr style=\"height: 63px;\">\n<td style=\"width: 9.16905%; height: 10px;\">14h00-14h15<\/td>\n<td style=\"width: 90.6877%; height: 10px;\"><span style=\"color: #1d60ab;\"><strong>Accueil et pr\u00e9sentation de l&rsquo;apr\u00e8s-midi<\/strong><\/span><\/td>\n<\/tr>\n<tr style=\"height: 39px;\">\n<td style=\"width: 9.16905%; height: 39px; text-align: left;\"><span style=\"color: #1f1f1f;\">14h15-15h00<\/span><\/td>\n<td style=\"width: 90.6877%; height: 39px;\">\n<p class=\"cvGsUA direction-ltr align-start para-style-body\"><span class=\"a_GcMg font-feature-liga-off font-feature-clig-off font-feature-calt-off text-decoration-none text-strikethrough-none\"><span style=\"color: #1d60ab;\"><strong>La justice restaurative<\/strong><\/span><br \/>\n<\/span><span style=\"font-size: 10pt;\"><em><span class=\"a_GcMg font-feature-liga-off font-feature-clig-off font-feature-calt-off text-decoration-none text-strikethrough-none\">Diffusion d\u2019un documentaire<\/span><\/em><\/span><\/p>\n<\/td>\n<\/tr>\n<tr style=\"height: 85px;\">\n<td style=\"width: 9.16905%; text-align: left; height: 10px;\"><span style=\"color: #1f1f1f;\">14h00-17h00<\/span><\/td>\n<td style=\"width: 90.6877%; height: 10px;\"><span style=\"color: #333333;\"><span style=\"color: #333333;\"><span style=\"color: #1d60ab;\"><strong>Table-ronde avec d\u00e9bats et \u00e9changes<\/strong><\/span><br \/>\n<\/span><\/span><\/p>\n<ul>\n<li><em><span style=\"font-size: 10pt;\"><a href=\"https:\/\/www.veroniquedurand.com\/copie-de-portugues\"><span class=\"a_GcMg font-feature-liga-off font-feature-clig-off font-feature-calt-off text-decoration-none text-strikethrough-none\">V\u00e9ronique <\/span><span class=\"a_GcMg font-feature-liga-off font-feature-clig-off font-feature-calt-off text-decoration-none text-strikethrough-none\">DURAND<\/span><\/a><span class=\"a_GcMg font-feature-liga-off font-feature-clig-off font-feature-calt-off text-decoration-none text-strikethrough-none\"> (Chercheuse Ethno-sociologue)<\/span><\/span><\/em><\/li>\n<li><em><span style=\"font-size: 10pt;\"><span class=\"a_GcMg font-feature-liga-off font-feature-clig-off font-feature-calt-off text-decoration-none text-strikethrough-none\">Sandra <\/span><span class=\"a_GcMg font-feature-liga-off font-feature-clig-off font-feature-calt-off text-decoration-none text-strikethrough-none\">BARBA<\/span><span class=\"a_GcMg font-feature-liga-off font-feature-clig-off font-feature-calt-off text-decoration-none text-strikethrough-none\"> (Fondatrice de l\u2019association <a href=\"https:\/\/psrcom.wixsite.com\/vivrefemmes\">Vivre Femmes<\/a>)<\/span><\/span><\/em><\/li>\n<li><em><span style=\"font-size: 10pt;\"><span class=\"a_GcMg font-feature-liga-off font-feature-clig-off font-feature-calt-off text-decoration-none text-strikethrough-none\">Viviane <\/span><span class=\"a_GcMg font-feature-liga-off font-feature-clig-off font-feature-calt-off text-decoration-none text-strikethrough-none\">NAKOULMA<\/span><span class=\"a_GcMg font-feature-liga-off font-feature-clig-off font-feature-calt-off text-decoration-none text-strikethrough-none\"> (Juriste sp\u00e9cialiste de la justice restaurative)<\/span><\/span><\/em><\/li>\n<li><em><span style=\"font-size: 10pt;\"><span class=\"a_GcMg font-feature-liga-off font-feature-clig-off font-feature-calt-off text-decoration-none text-strikethrough-none\">S\u00e9verine <\/span><span class=\"a_GcMg font-feature-liga-off font-feature-clig-off font-feature-calt-off text-decoration-none text-strikethrough-none\">BLANC<\/span><span class=\"a_GcMg font-feature-liga-off font-feature-clig-off font-feature-calt-off text-decoration-none text-strikethrough-none\"> (Formatrice en travail social \u00e0 l\u2019IMF RIS)<\/span><\/span><\/em><\/li>\n<\/ul>\n<\/td>\n<\/tr>\n<\/tbody>\n<\/table>\n<table style=\"border-collapse: collapse; width: 100%;\">\n<tbody>\n<tr>\n<td style=\"width: 33.3333%;\"><img decoding=\"async\" loading=\"lazy\" class=\"alignnone size-full wp-image-16867\" src=\"https:\/\/www.imf.asso.fr\/pages\/wp-content\/uploads\/IMG_2200-scaled.jpeg\" alt=\"\" width=\"1000\" height=\"750\" \/><\/td>\n<td style=\"width: 33.3333%;\"><img decoding=\"async\" loading=\"lazy\" class=\"alignnone size-full wp-image-16864\" src=\"https:\/\/www.imf.asso.fr\/pages\/wp-content\/uploads\/IMG_2190-scaled.jpeg\" alt=\"\" width=\"1000\" height=\"750\" \/><\/td>\n<td style=\"width: 33.3333%;\"><img decoding=\"async\" loading=\"lazy\" class=\"alignnone size-full wp-image-16865\" src=\"https:\/\/www.imf.asso.fr\/pages\/wp-content\/uploads\/IMG_2223-scaled.jpeg\" alt=\"\" width=\"1000\" height=\"750\" \/><\/td>\n<\/tr>\n<tr>\n<td style=\"width: 33.3333%;\"><img decoding=\"async\" loading=\"lazy\" class=\"alignnone size-full wp-image-16860\" src=\"https:\/\/www.imf.asso.fr\/pages\/wp-content\/uploads\/IMG_2248-scaled.jpeg\" alt=\"\" width=\"1000\" height=\"750\" \/><\/td>\n<td style=\"width: 33.3333%;\"><img decoding=\"async\" loading=\"lazy\" class=\"alignnone size-full wp-image-16861\" src=\"https:\/\/www.imf.asso.fr\/pages\/wp-content\/uploads\/IMG_2208-scaled.jpeg\" alt=\"\" width=\"1000\" height=\"750\" \/><\/td>\n<td style=\"width: 33.3333%;\"><img decoding=\"async\" loading=\"lazy\" class=\"alignnone size-full wp-image-16863\" src=\"https:\/\/www.imf.asso.fr\/pages\/wp-content\/uploads\/IMG_2214-scaled.jpeg\" alt=\"\" width=\"1000\" height=\"750\" \/><\/td>\n<\/tr>\n<tr>\n<td style=\"width: 33.3333%;\"><img decoding=\"async\" loading=\"lazy\" class=\"alignnone size-full wp-image-16866\" src=\"https:\/\/www.imf.asso.fr\/pages\/wp-content\/uploads\/IMG_2194-scaled.jpeg\" alt=\"\" width=\"1000\" height=\"750\" \/><\/td>\n<td style=\"width: 33.3333%;\"><img decoding=\"async\" loading=\"lazy\" class=\"alignnone size-full wp-image-16862\" src=\"https:\/\/www.imf.asso.fr\/pages\/wp-content\/uploads\/IMG_2210-scaled.jpeg\" alt=\"\" width=\"1000\" height=\"750\" \/><\/td>\n<td style=\"width: 33.3333%;\"><img decoding=\"async\" loading=\"lazy\" class=\"alignnone size-full wp-image-16859\" src=\"https:\/\/www.imf.asso.fr\/pages\/wp-content\/uploads\/IMG_2255-scaled.jpeg\" alt=\"\" width=\"1000\" height=\"750\" \/><\/td>\n<\/tr>\n<\/tbody>\n<\/table>\n<p><img decoding=\"async\" loading=\"lazy\" class=\"alignnone size-large wp-image-16923\" src=\"https:\/\/www.imf.asso.fr\/pages\/wp-content\/uploads\/IMF-RIS-Avignon-Journee-culturelle-20260409-724x1024.png\" alt=\"\" width=\"724\" height=\"1024\" srcset=\"https:\/\/www.imf.asso.fr\/pages\/wp-content\/uploads\/IMF-RIS-Avignon-Journee-culturelle-20260409-724x1024.png 724w, https:\/\/www.imf.asso.fr\/pages\/wp-content\/uploads\/IMF-RIS-Avignon-Journee-culturelle-20260409-212x300.png 212w, https:\/\/www.imf.asso.fr\/pages\/wp-content\/uploads\/IMF-RIS-Avignon-Journee-culturelle-20260409-768x1086.png 768w, https:\/\/www.imf.asso.fr\/pages\/wp-content\/uploads\/IMF-RIS-Avignon-Journee-culturelle-20260409-1086x1536.png 1086w, https:\/\/www.imf.asso.fr\/pages\/wp-content\/uploads\/IMF-RIS-Avignon-Journee-culturelle-20260409-945x1337.png 945w, https:\/\/www.imf.asso.fr\/pages\/wp-content\/uploads\/IMF-RIS-Avignon-Journee-culturelle-20260409.png 1414w\" sizes=\"(max-width: 724px) 100vw, 724px\" \/><\/p>\n","protected":false},"excerpt":{"rendered":"","protected":false},"author":6,"featured_media":0,"parent":0,"menu_order":0,"comment_status":"closed","ping_status":"closed","template":"","meta":{"footnotes":""},"_links":{"self":[{"href":"https:\/\/www.imf.asso.fr\/pages\/index.php?rest_route=\/wp\/v2\/pages\/16718"}],"collection":[{"href":"https:\/\/www.imf.asso.fr\/pages\/index.php?rest_route=\/wp\/v2\/pages"}],"about":[{"href":"https:\/\/www.imf.asso.fr\/pages\/index.php?rest_route=\/wp\/v2\/types\/page"}],"author":[{"embeddable":true,"href":"https:\/\/www.imf.asso.fr\/pages\/index.php?rest_route=\/wp\/v2\/users\/6"}],"replies":[{"embeddable":true,"href":"https:\/\/www.imf.asso.fr\/pages\/index.php?rest_route=%2Fwp%2Fv2%2Fcomments&post=16718"}],"version-history":[{"count":3,"href":"https:\/\/www.imf.asso.fr\/pages\/index.php?rest_route=\/wp\/v2\/pages\/16718\/revisions"}],"predecessor-version":[{"id":17364,"href":"https:\/\/www.imf.asso.fr\/pages\/index.php?rest_route=\/wp\/v2\/pages\/16718\/revisions\/17364"}],"wp:attachment":[{"href":"https:\/\/www.imf.asso.fr\/pages\/index.php?rest_route=%2Fwp%2Fv2%2Fmedia&parent=16718"}],"curies":[{"name":"wp","href":"https:\/\/api.w.org\/{rel}","templated":true}]}}

Conférence Violences et Pouvoir d&rsquo;agir | IMF RIS Avignon | 09 Avril 26

<p><!--more--></p>
<div>
<div>
<div>
<div>
<p><span style="color: #1d60ab; font-size: 14pt;"><strong>Jeudi 9 avril 2026, l’IMF RIS Avignon a organisé une conférence consacrée à la compréhension des violences et leur gestion, la connaissance de leurs mécanismes et les différentes approches de l’accompagnement des personnes concernées.</strong></span></p>
<p>A travers des tables rondes animées par des professionnel·les reconnu·e·s et des structures spécialisées, nous avons abordé des thématiques telles que la gestion de la violence, la justice restaurative et le pouvoir d’agir dans un processus de reconstruction.</p>
</div>
<div>
<p>Des points de vue diversifiés pour favoriser le dialogue, mieux comprendre les enjeux liés aux violences et concevoir ensemble des solutions concrètes adaptées aux réalités sur le terrain.</p>
<p>Pour aller plus loin : consultez <a href="https://www.imf.asso.fr/pages/wp-content/uploads/Biblio-journee-culturelle-9-avril-2026.pdf">les références bibliographiques</a> de la journée, réalisées par les documentalistes du CRM.</p>
</div>
</div>
</div>
</div>
<p>&nbsp;</p>
<p><span style="font-size: 14pt;"><strong><span style="background: #1b60ab; color: white; padding: 10px;">DÉCOUVRIR LE PROGRAMME</span></strong></span></p>
<table style="border: medium; width: 92.6679%; height: 96px;">
<tbody>
<tr style="border-collapse: hidden; border: none;">
<td style="width: 9.16905%; text-align: left; height: 37px;">09h30-12h00</td>
<td style="width: 90.6877%; height: 37px;">
<p class="cvGsUA direction-ltr align-justify para-style-body"><span class="a_GcMg font-feature-liga-off font-feature-clig-off font-feature-calt-off text-decoration-none text-strikethrough-none"><span style="color: #1d60ab;"><strong>Gestion de la violence</strong></span><br />
</span><span style="font-size: 10pt;"><em><span class="a_GcMg font-feature-liga-off font-feature-clig-off font-feature-calt-off text-decoration-none text-strikethrough-none">Intervention de l’organisme de formation <a href="https://www.gesivi.fr/">GESIVI</a></span></em></span></p>
</td>
</tr>
<tr style="height: 63px;">
<td style="width: 9.16905%; height: 10px;">14h00-14h15</td>
<td style="width: 90.6877%; height: 10px;"><span style="color: #1d60ab;"><strong>Accueil et présentation de l&rsquo;après-midi</strong></span></td>
</tr>
<tr style="height: 39px;">
<td style="width: 9.16905%; height: 39px; text-align: left;"><span style="color: #1f1f1f;">14h15-15h00</span></td>
<td style="width: 90.6877%; height: 39px;">
<p class="cvGsUA direction-ltr align-start para-style-body"><span class="a_GcMg font-feature-liga-off font-feature-clig-off font-feature-calt-off text-decoration-none text-strikethrough-none"><span style="color: #1d60ab;"><strong>La justice restaurative</strong></span><br />
</span><span style="font-size: 10pt;"><em><span class="a_GcMg font-feature-liga-off font-feature-clig-off font-feature-calt-off text-decoration-none text-strikethrough-none">Diffusion d’un documentaire</span></em></span></p>
</td>
</tr>
<tr style="height: 85px;">
<td style="width: 9.16905%; text-align: left; height: 10px;"><span style="color: #1f1f1f;">14h00-17h00</span></td>
<td style="width: 90.6877%; height: 10px;"><span style="color: #333333;"><span style="color: #333333;"><span style="color: #1d60ab;"><strong>Table-ronde avec débats et échanges</strong></span><br />
</span></span></p>
<ul>
<li><em><span style="font-size: 10pt;"><a href="https://www.veroniquedurand.com/copie-de-portugues"><span class="a_GcMg font-feature-liga-off font-feature-clig-off font-feature-calt-off text-decoration-none text-strikethrough-none">Véronique </span><span class="a_GcMg font-feature-liga-off font-feature-clig-off font-feature-calt-off text-decoration-none text-strikethrough-none">DURAND</span></a><span class="a_GcMg font-feature-liga-off font-feature-clig-off font-feature-calt-off text-decoration-none text-strikethrough-none"> (Chercheuse Ethno-sociologue)</span></span></em></li>
<li><em><span style="font-size: 10pt;"><span class="a_GcMg font-feature-liga-off font-feature-clig-off font-feature-calt-off text-decoration-none text-strikethrough-none">Sandra </span><span class="a_GcMg font-feature-liga-off font-feature-clig-off font-feature-calt-off text-decoration-none text-strikethrough-none">BARBA</span><span class="a_GcMg font-feature-liga-off font-feature-clig-off font-feature-calt-off text-decoration-none text-strikethrough-none"> (Fondatrice de l’association <a href="https://psrcom.wixsite.com/vivrefemmes">Vivre Femmes</a>)</span></span></em></li>
<li><em><span style="font-size: 10pt;"><span class="a_GcMg font-feature-liga-off font-feature-clig-off font-feature-calt-off text-decoration-none text-strikethrough-none">Viviane </span><span class="a_GcMg font-feature-liga-off font-feature-clig-off font-feature-calt-off text-decoration-none text-strikethrough-none">NAKOULMA</span><span class="a_GcMg font-feature-liga-off font-feature-clig-off font-feature-calt-off text-decoration-none text-strikethrough-none"> (Juriste spécialiste de la justice restaurative)</span></span></em></li>
<li><em><span style="font-size: 10pt;"><span class="a_GcMg font-feature-liga-off font-feature-clig-off font-feature-calt-off text-decoration-none text-strikethrough-none">Séverine </span><span class="a_GcMg font-feature-liga-off font-feature-clig-off font-feature-calt-off text-decoration-none text-strikethrough-none">BLANC</span><span class="a_GcMg font-feature-liga-off font-feature-clig-off font-feature-calt-off text-decoration-none text-strikethrough-none"> (Formatrice en travail social à l’IMF RIS)</span></span></em></li>
</ul>
</td>
</tr>
</tbody>
</table>
<table style="border-collapse: collapse; width: 100%;">
<tbody>
<tr>
<td style="width: 33.3333%;"><img decoding="async" loading="lazy" class="alignnone size-full wp-image-16867" src="https://www.imf.asso.fr/pages/wp-content/uploads/IMG_2200-scaled.jpeg" alt="" width="1000" height="750" /></td>
<td style="width: 33.3333%;"><img decoding="async" loading="lazy" class="alignnone size-full wp-image-16864" src="https://www.imf.asso.fr/pages/wp-content/uploads/IMG_2190-scaled.jpeg" alt="" width="1000" height="750" /></td>
<td style="width: 33.3333%;"><img decoding="async" loading="lazy" class="alignnone size-full wp-image-16865" src="https://www.imf.asso.fr/pages/wp-content/uploads/IMG_2223-scaled.jpeg" alt="" width="1000" height="750" /></td>
</tr>
<tr>
<td style="width: 33.3333%;"><img decoding="async" loading="lazy" class="alignnone size-full wp-image-16860" src="https://www.imf.asso.fr/pages/wp-content/uploads/IMG_2248-scaled.jpeg" alt="" width="1000" height="750" /></td>
<td style="width: 33.3333%;"><img decoding="async" loading="lazy" class="alignnone size-full wp-image-16861" src="https://www.imf.asso.fr/pages/wp-content/uploads/IMG_2208-scaled.jpeg" alt="" width="1000" height="750" /></td>
<td style="width: 33.3333%;"><img decoding="async" loading="lazy" class="alignnone size-full wp-image-16863" src="https://www.imf.asso.fr/pages/wp-content/uploads/IMG_2214-scaled.jpeg" alt="" width="1000" height="750" /></td>
</tr>
<tr>
<td style="width: 33.3333%;"><img decoding="async" loading="lazy" class="alignnone size-full wp-image-16866" src="https://www.imf.asso.fr/pages/wp-content/uploads/IMG_2194-scaled.jpeg" alt="" width="1000" height="750" /></td>
<td style="width: 33.3333%;"><img decoding="async" loading="lazy" class="alignnone size-full wp-image-16862" src="https://www.imf.asso.fr/pages/wp-content/uploads/IMG_2210-scaled.jpeg" alt="" width="1000" height="750" /></td>
<td style="width: 33.3333%;"><img decoding="async" loading="lazy" class="alignnone size-full wp-image-16859" src="https://www.imf.asso.fr/pages/wp-content/uploads/IMG_2255-scaled.jpeg" alt="" width="1000" height="750" /></td>
</tr>
</tbody>
</table>
<p><img decoding="async" loading="lazy" class="alignnone size-large wp-image-16923" src="https://www.imf.asso.fr/pages/wp-content/uploads/IMF-RIS-Avignon-Journee-culturelle-20260409-724x1024.png" alt="" width="724" height="1024" srcset="https://www.imf.asso.fr/pages/wp-content/uploads/IMF-RIS-Avignon-Journee-culturelle-20260409-724x1024.png 724w, https://www.imf.asso.fr/pages/wp-content/uploads/IMF-RIS-Avignon-Journee-culturelle-20260409-212x300.png 212w, https://www.imf.asso.fr/pages/wp-content/uploads/IMF-RIS-Avignon-Journee-culturelle-20260409-768x1086.png 768w, https://www.imf.asso.fr/pages/wp-content/uploads/IMF-RIS-Avignon-Journee-culturelle-20260409-1086x1536.png 1086w, https://www.imf.asso.fr/pages/wp-content/uploads/IMF-RIS-Avignon-Journee-culturelle-20260409-945x1337.png 945w, https://www.imf.asso.fr/pages/wp-content/uploads/IMF-RIS-Avignon-Journee-culturelle-20260409.png 1414w" sizes="(max-width: 724px) 100vw, 724px" /></p>
