{"id":16695,"date":"2026-03-19T12:15:31","date_gmt":"2026-03-19T11:15:31","guid":{"rendered":"https:\/\/www.imf.asso.fr\/pages\/?page_id=16695"},"modified":"2026-04-15T15:24:33","modified_gmt":"2026-04-15T13:24:33","slug":"journee-culturelle-festival-culturel-marseille-31-mars-26","status":"publish","type":"page","link":"https:\/\/www.imf.asso.fr\/pages\/?page_id=16695","title":{"rendered":"Festival Culturel\u202f | Marseille | 31 Mars 26"},"content":{"rendered":"<p><span style=\"font-size: 14pt;\"><i>Une journ\u00e9e anim\u00e9e par les \u00e9tudiant.e.s pour se rencontrer, cr\u00e9er et partager<\/i><\/span><\/p>\n<p><!--more--><\/p>\n<div>\n<div><span class=\"break-words\n          tvm-parent-container\"><span dir=\"ltr\">\u2600\ufe0f Apr\u00e8s une ann\u00e9e de dur labeur, nos \u00e9tudiant\u00b7e\u00b7s ont bien m\u00e9rit\u00e9 de se d\u00e9tendre ! <span style=\"color: #1d60ab;\"><strong>Le Festival Culturel de l\u2019IMF RIS Marseille<\/strong><\/span> a rassembl\u00e9 de nombreuses activit\u00e9s pour permettre \u00e0 chacun de d\u00e9couvrir, cr\u00e9er et s\u2019amuser dans une ambiance festive.<\/p>\n<p>Tout au long de la journ\u00e9e, <strong><span style=\"color: #1d60ab;\">plusieurs ateliers \u00e9taient disponibles<\/span><\/strong> : cin\u00e9ma et courts-m\u00e9trages, jeux de soci\u00e9t\u00e9, fresque murale, \u00e9criture, s\u00e9rigraphie, karaok\u00e9, jeux vid\u00e9o, henn\u00e9&#8230; <span style=\"color: #1d60ab;\"><strong>Des animations ont \u00e9galement dynamis\u00e9 l&rsquo;\u00e9v\u00e9nement<\/strong><\/span> : un d\u00e9fil\u00e9 costum\u00e9, un speedbooking, un concours de p\u00e9tanque, un mini-concert, ainsi qu&rsquo;une activit\u00e9 photo et un repas partag\u00e9. <\/p>\n<p><span style=\"color: #1d60ab;\"><strong>Des rires, de la musique et un beau soleil qui nous ont fait un bien immense ! Merci \u00e0 toutes les personnes pr\u00e9sentes qui ont contribu\u00e9 \u00e0 rendre cet instant inoubliable.<\/strong><\/span><\/span><\/span><\/div>\n<div>\u00a0<\/div>\n<div>\n<table style=\"border-collapse: collapse; width: 100%;\">\n<tbody>\n<tr>\n<td style=\"width: 33.3333%;\"><img decoding=\"async\" loading=\"lazy\" class=\"alignnone size-large wp-image-17239\" src=\"https:\/\/www.imf.asso.fr\/pages\/wp-content\/uploads\/11-4-1024x768.png\" alt=\"\" width=\"945\" height=\"709\" srcset=\"https:\/\/www.imf.asso.fr\/pages\/wp-content\/uploads\/11-4-1024x768.png 1024w, https:\/\/www.imf.asso.fr\/pages\/wp-content\/uploads\/11-4-300x225.png 300w, https:\/\/www.imf.asso.fr\/pages\/wp-content\/uploads\/11-4-768x576.png 768w, https:\/\/www.imf.asso.fr\/pages\/wp-content\/uploads\/11-4-1536x1152.png 1536w, https:\/\/www.imf.asso.fr\/pages\/wp-content\/uploads\/11-4-2048x1536.png 2048w, https:\/\/www.imf.asso.fr\/pages\/wp-content\/uploads\/11-4-945x709.png 945w\" sizes=\"(max-width: 945px) 100vw, 945px\" \/><\/td>\n<td style=\"width: 33.3333%;\"><img decoding=\"async\" loading=\"lazy\" class=\"alignnone size-large wp-image-17240\" src=\"https:\/\/www.imf.asso.fr\/pages\/wp-content\/uploads\/14-2-1024x768.png\" alt=\"\" width=\"945\" height=\"709\" srcset=\"https:\/\/www.imf.asso.fr\/pages\/wp-content\/uploads\/14-2-1024x768.png 1024w, https:\/\/www.imf.asso.fr\/pages\/wp-content\/uploads\/14-2-300x225.png 300w, https:\/\/www.imf.asso.fr\/pages\/wp-content\/uploads\/14-2-768x576.png 768w, https:\/\/www.imf.asso.fr\/pages\/wp-content\/uploads\/14-2-1536x1152.png 1536w, https:\/\/www.imf.asso.fr\/pages\/wp-content\/uploads\/14-2-2048x1536.png 2048w, https:\/\/www.imf.asso.fr\/pages\/wp-content\/uploads\/14-2-945x709.png 945w\" sizes=\"(max-width: 945px) 100vw, 945px\" \/><\/td>\n<td style=\"width: 33.3333%;\"><img decoding=\"async\" loading=\"lazy\" class=\"alignnone size-large wp-image-17243\" src=\"https:\/\/www.imf.asso.fr\/pages\/wp-content\/uploads\/17-1024x768.png\" alt=\"\" width=\"945\" height=\"709\" srcset=\"https:\/\/www.imf.asso.fr\/pages\/wp-content\/uploads\/17-1024x768.png 1024w, https:\/\/www.imf.asso.fr\/pages\/wp-content\/uploads\/17-300x225.png 300w, https:\/\/www.imf.asso.fr\/pages\/wp-content\/uploads\/17-768x576.png 768w, https:\/\/www.imf.asso.fr\/pages\/wp-content\/uploads\/17-1536x1152.png 1536w, https:\/\/www.imf.asso.fr\/pages\/wp-content\/uploads\/17-2048x1536.png 2048w, https:\/\/www.imf.asso.fr\/pages\/wp-content\/uploads\/17-945x709.png 945w\" sizes=\"(max-width: 945px) 100vw, 945px\" \/><\/td>\n<\/tr>\n<tr>\n<td style=\"width: 33.3333%;\"><img decoding=\"async\" loading=\"lazy\" class=\"alignnone wp-image-17233 size-large\" src=\"https:\/\/www.imf.asso.fr\/pages\/wp-content\/uploads\/01-3-e1776259094866-1024x776.png\" alt=\"\" width=\"945\" height=\"716\" srcset=\"https:\/\/www.imf.asso.fr\/pages\/wp-content\/uploads\/01-3-e1776259094866-1024x776.png 1024w, https:\/\/www.imf.asso.fr\/pages\/wp-content\/uploads\/01-3-e1776259094866-300x227.png 300w, https:\/\/www.imf.asso.fr\/pages\/wp-content\/uploads\/01-3-e1776259094866-768x582.png 768w, https:\/\/www.imf.asso.fr\/pages\/wp-content\/uploads\/01-3-e1776259094866-1536x1165.png 1536w, https:\/\/www.imf.asso.fr\/pages\/wp-content\/uploads\/01-3-e1776259094866-2048x1553.png 2048w, https:\/\/www.imf.asso.fr\/pages\/wp-content\/uploads\/01-3-e1776259094866-945x716.png 945w\" sizes=\"(max-width: 945px) 100vw, 945px\" \/><\/td>\n<td style=\"width: 33.3333%;\"><img decoding=\"async\" loading=\"lazy\" class=\"alignnone wp-image-17237 size-large\" src=\"https:\/\/www.imf.asso.fr\/pages\/wp-content\/uploads\/08-2-e1776259253667-1024x754.png\" alt=\"\" width=\"945\" height=\"696\" srcset=\"https:\/\/www.imf.asso.fr\/pages\/wp-content\/uploads\/08-2-e1776259253667-1024x754.png 1024w, https:\/\/www.imf.asso.fr\/pages\/wp-content\/uploads\/08-2-e1776259253667-300x221.png 300w, https:\/\/www.imf.asso.fr\/pages\/wp-content\/uploads\/08-2-e1776259253667-768x566.png 768w, https:\/\/www.imf.asso.fr\/pages\/wp-content\/uploads\/08-2-e1776259253667-1536x1131.png 1536w, https:\/\/www.imf.asso.fr\/pages\/wp-content\/uploads\/08-2-e1776259253667-2048x1509.png 2048w, https:\/\/www.imf.asso.fr\/pages\/wp-content\/uploads\/08-2-e1776259253667-945x696.png 945w\" sizes=\"(max-width: 945px) 100vw, 945px\" \/><\/td>\n<td style=\"width: 33.3333%;\"><img decoding=\"async\" loading=\"lazy\" class=\"alignnone size-large wp-image-17241\" src=\"https:\/\/www.imf.asso.fr\/pages\/wp-content\/uploads\/15-1024x768.png\" alt=\"\" width=\"945\" height=\"709\" srcset=\"https:\/\/www.imf.asso.fr\/pages\/wp-content\/uploads\/15-1024x768.png 1024w, https:\/\/www.imf.asso.fr\/pages\/wp-content\/uploads\/15-300x225.png 300w, https:\/\/www.imf.asso.fr\/pages\/wp-content\/uploads\/15-768x576.png 768w, https:\/\/www.imf.asso.fr\/pages\/wp-content\/uploads\/15-1536x1152.png 1536w, https:\/\/www.imf.asso.fr\/pages\/wp-content\/uploads\/15-2048x1536.png 2048w, https:\/\/www.imf.asso.fr\/pages\/wp-content\/uploads\/15-945x709.png 945w\" sizes=\"(max-width: 945px) 100vw, 945px\" \/><\/td>\n<\/tr>\n<tr>\n<td style=\"width: 33.3333%;\"><img decoding=\"async\" loading=\"lazy\" class=\"alignnone size-large wp-image-17242\" src=\"https:\/\/www.imf.asso.fr\/pages\/wp-content\/uploads\/16-1024x768.png\" alt=\"\" width=\"945\" height=\"709\" srcset=\"https:\/\/www.imf.asso.fr\/pages\/wp-content\/uploads\/16-1024x768.png 1024w, https:\/\/www.imf.asso.fr\/pages\/wp-content\/uploads\/16-300x225.png 300w, https:\/\/www.imf.asso.fr\/pages\/wp-content\/uploads\/16-768x576.png 768w, https:\/\/www.imf.asso.fr\/pages\/wp-content\/uploads\/16-1536x1152.png 1536w, https:\/\/www.imf.asso.fr\/pages\/wp-content\/uploads\/16-2048x1536.png 2048w, https:\/\/www.imf.asso.fr\/pages\/wp-content\/uploads\/16-945x709.png 945w\" sizes=\"(max-width: 945px) 100vw, 945px\" \/><\/td>\n<td style=\"width: 33.3333%;\"><img decoding=\"async\" loading=\"lazy\" class=\"alignnone wp-image-17235 size-large\" src=\"https:\/\/www.imf.asso.fr\/pages\/wp-content\/uploads\/06-3-e1776259301682-1024x735.png\" alt=\"\" width=\"945\" height=\"678\" srcset=\"https:\/\/www.imf.asso.fr\/pages\/wp-content\/uploads\/06-3-e1776259301682-1024x735.png 1024w, https:\/\/www.imf.asso.fr\/pages\/wp-content\/uploads\/06-3-e1776259301682-300x215.png 300w, https:\/\/www.imf.asso.fr\/pages\/wp-content\/uploads\/06-3-e1776259301682-768x551.png 768w, https:\/\/www.imf.asso.fr\/pages\/wp-content\/uploads\/06-3-e1776259301682-1536x1102.png 1536w, https:\/\/www.imf.asso.fr\/pages\/wp-content\/uploads\/06-3-e1776259301682-2048x1470.png 2048w, https:\/\/www.imf.asso.fr\/pages\/wp-content\/uploads\/06-3-e1776259301682-945x678.png 945w\" sizes=\"(max-width: 945px) 100vw, 945px\" \/><\/td>\n<td style=\"width: 33.3333%;\"><img decoding=\"async\" src=\"https:\/\/www.imf.asso.fr\/pages\/wp-content\/uploads\/19-1.png\" \/><\/td>\n<\/tr>\n<\/tbody>\n<\/table>\n<p><\/p>\n<p><img decoding=\"async\" loading=\"lazy\" class=\"alignnone wp-image-16801 size-medium\" src=\"https:\/\/www.imf.asso.fr\/pages\/wp-content\/uploads\/programme-1-300x67.png\" alt=\"\" width=\"300\" height=\"67\" srcset=\"https:\/\/www.imf.asso.fr\/pages\/wp-content\/uploads\/programme-1-300x67.png 300w, https:\/\/www.imf.asso.fr\/pages\/wp-content\/uploads\/programme-1.png 534w\" sizes=\"(max-width: 300px) 100vw, 300px\" \/><\/p>\n<table style=\"border-collapse: collapse; width: 90.4%;\">\n<tbody>\n<tr>\n<td style=\"width: 14.9333%;\"><span style=\"color: #3bb071;\"><strong>09h-9h30<\/strong><\/span><\/td>\n<td style=\"width: 51.7333%;\"><span style=\"color: #1f1f1f;\"><span class=\"TextRun SCXW124778141 BCX0\" lang=\"FR-FR\" xml:lang=\"FR-FR\" data-contrast=\"auto\"><span class=\"NormalTextRun SCXW124778141 BCX0\">Accueil autour d\u2019un petit d\u00e9jeuner<\/span><\/span><\/span><\/td>\n<td style=\"width: 23.7333%;\">Salle Lapena<\/td>\n<\/tr>\n<tr>\n<td style=\"width: 14.9333%;\"><span style=\"color: #3bb071;\"><strong>09h30-10h<\/strong><\/span><\/td>\n<td style=\"width: 51.7333%;\"><span style=\"color: #1f1f1f;\"><span class=\"TextRun SCXW113186133 BCX0\" lang=\"FR-FR\" xml:lang=\"FR-FR\" data-contrast=\"auto\"><span class=\"NormalTextRun SCXW113186133 BCX0\">Pr\u00e9sentation de la journ\u00e9e par les apprenants<\/span><\/span><\/span><\/td>\n<td style=\"width: 23.7333%;\">Salle Lapena<\/td>\n<\/tr>\n<tr>\n<td style=\"width: 14.9333%;\"><span style=\"color: #3bb071;\"><strong>10h-12h<\/strong><\/span><\/td>\n<td style=\"width: 51.7333%;\"><span style=\"color: #1f1f1f;\">Ateliers culturels et artistiques &amp; d\u00e9fil\u00e9 d\u00e9guis\u00e9<\/span><\/td>\n<td style=\"width: 23.7333%;\"><em>Voir les d\u00e9tails plus bas<\/em><\/td>\n<\/tr>\n<tr>\n<td style=\"width: 14.9333%;\"><span style=\"color: #3bb071;\"><strong>12h-14h<\/strong><\/span><\/td>\n<td style=\"width: 51.7333%;\"><span style=\"color: #1f1f1f;\">D\u00e9jeuner partag\u00e9 &amp; sc\u00e8ne musicale<\/span><\/td>\n<td style=\"width: 23.7333%;\">Salle Lapena<\/td>\n<\/tr>\n<tr>\n<td style=\"width: 14.9333%;\"><span style=\"color: #3bb071;\"><strong>14h-16h30<\/strong><\/span><\/td>\n<td style=\"width: 51.7333%;\"><span style=\"color: #1f1f1f;\">Ateliers culturels et artistiques &amp; concours P\u00e9tanque<\/span><\/td>\n<td style=\"width: 23.7333%;\"><em>Voir les d\u00e9tails plus bas<\/em><\/td>\n<\/tr>\n<tr>\n<td style=\"width: 14.9333%;\"><span style=\"color: #3bb071;\"><strong>16h30-17h<\/strong><\/span><\/td>\n<td style=\"width: 51.7333%;\"><span style=\"color: #1f1f1f;\">Bilan\u202f de la journ\u00e9e<\/span><\/td>\n<td style=\"width: 23.7333%;\">Salle Lapena<\/td>\n<\/tr>\n<\/tbody>\n<\/table>\n<p>&nbsp;<\/p>\n<p><img decoding=\"async\" loading=\"lazy\" class=\"alignnone wp-image-16802 size-medium\" src=\"https:\/\/www.imf.asso.fr\/pages\/wp-content\/uploads\/ateliers-300x67.png\" alt=\"\" width=\"300\" height=\"67\" srcset=\"https:\/\/www.imf.asso.fr\/pages\/wp-content\/uploads\/ateliers-300x67.png 300w, https:\/\/www.imf.asso.fr\/pages\/wp-content\/uploads\/ateliers.png 534w\" sizes=\"(max-width: 300px) 100vw, 300px\" \/><\/p>\n<table style=\"border-collapse: collapse; width: 61.4644%; height: 429px;\">\n<tbody>\n<tr style=\"height: 39px;\">\n<td style=\"width: 38.6667%; height: 39px;\">Atelier <strong>Cin\u00e9ma et courts-m\u00e9trages<\/strong><\/td>\n<td style=\"width: 22.8%; height: 39px;\">CRM<\/td>\n<\/tr>\n<tr style=\"height: 39px;\">\n<td style=\"width: 38.6667%; height: 39px;\">Atelier <strong>Jeux de soci\u00e9t\u00e9<\/strong><\/td>\n<td style=\"width: 22.8%; height: 39px;\">Salle 10<\/td>\n<\/tr>\n<tr style=\"height: 39px;\">\n<td style=\"width: 38.6667%; height: 39px;\">Atelier <strong>Fresque Murale<\/strong><\/td>\n<td style=\"width: 22.8%; height: 39px;\">Foyer des \u00e9tudiants<\/td>\n<\/tr>\n<tr style=\"height: 39px;\">\n<td style=\"width: 38.6667%; height: 39px;\">Atelier<strong> Ecriture<\/strong><\/td>\n<td style=\"width: 22.8%; height: 39px;\">Salle 8<\/td>\n<\/tr>\n<tr style=\"height: 39px;\">\n<td style=\"width: 38.6667%; height: 39px;\">Atelier <strong>S\u00e9rigraphie<\/strong><\/td>\n<td style=\"width: 22.8%; height: 39px;\">Salle Pyth\u00e9as<\/td>\n<\/tr>\n<tr style=\"height: 39px;\">\n<td style=\"width: 38.6667%; height: 39px;\">Atelier <strong>Karaok\u00e9<\/strong><\/td>\n<td style=\"width: 22.8%; height: 39px;\">Salle 18<\/td>\n<\/tr>\n<tr style=\"height: 39px;\">\n<td style=\"width: 38.6667%; height: 39px;\">Atelier <strong>Jeux vid\u00e9os<\/strong><\/td>\n<td style=\"width: 22.8%; height: 39px;\">Salle 19<\/td>\n<\/tr>\n<tr style=\"height: 39px;\">\n<td style=\"width: 38.6667%; height: 39px;\">Atelier <strong>Henn\u00e9<\/strong><\/td>\n<td style=\"width: 22.8%; height: 39px;\">Salle 12<\/td>\n<\/tr>\n<tr style=\"height: 39px;\">\n<td style=\"width: 38.6667%; height: 39px;\">Concours <strong>P\u00e9tanque<\/strong><\/td>\n<td style=\"width: 22.8%; height: 39px;\">Derri\u00e8re le b\u00e2timent<\/td>\n<\/tr>\n<tr style=\"height: 39px;\">\n<td style=\"width: 38.6667%; height: 39px;\">Atelier <strong>Speedbooking<\/strong>\u00a0<\/td>\n<td style=\"width: 22.8%; height: 39px;\">Atelier nomade<\/td>\n<\/tr>\n<tr style=\"height: 39px;\">\n<td style=\"width: 38.6667%; height: 39px;\">Atelier <strong>D\u00e9guisement<\/strong><\/td>\n<td style=\"width: 22.8%; height: 39px;\">Bureaux d&rsquo;entretien (Diderot, Descartes, Aristote)<\/td>\n<\/tr>\n<\/tbody>\n<\/table>\n<p><img decoding=\"async\" loading=\"lazy\" class=\"alignnone size-large wp-image-16796\" src=\"https:\/\/www.imf.asso.fr\/pages\/wp-content\/uploads\/ladyfun-1024x536.png\" alt=\"\" width=\"945\" height=\"495\" srcset=\"https:\/\/www.imf.asso.fr\/pages\/wp-content\/uploads\/ladyfun-1024x536.png 1024w, https:\/\/www.imf.asso.fr\/pages\/wp-content\/uploads\/ladyfun-300x157.png 300w, https:\/\/www.imf.asso.fr\/pages\/wp-content\/uploads\/ladyfun-768x402.png 768w, https:\/\/www.imf.asso.fr\/pages\/wp-content\/uploads\/ladyfun-945x495.png 945w, https:\/\/www.imf.asso.fr\/pages\/wp-content\/uploads\/ladyfun.png 1322w\" sizes=\"(max-width: 945px) 100vw, 945px\" \/><\/p>\n<\/div>\n<\/div>\n","protected":false},"excerpt":{"rendered":"<p><span style=\"font-size: 14pt;\"><i>Une journ\u00e9e anim\u00e9e par les \u00e9tudiant.e.s pour se rencontrer, cr\u00e9er et partager<\/i><\/span><\/p><p><a class=\"more-link btn\" href=\"https:\/\/www.imf.asso.fr\/pages\/?page_id=16695\">Lire la suite<\/a><\/p>\n","protected":false},"author":6,"featured_media":0,"parent":0,"menu_order":0,"comment_status":"closed","ping_status":"closed","template":"","meta":{"footnotes":""},"_links":{"self":[{"href":"https:\/\/www.imf.asso.fr\/pages\/index.php?rest_route=\/wp\/v2\/pages\/16695"}],"collection":[{"href":"https:\/\/www.imf.asso.fr\/pages\/index.php?rest_route=\/wp\/v2\/pages"}],"about":[{"href":"https:\/\/www.imf.asso.fr\/pages\/index.php?rest_route=\/wp\/v2\/types\/page"}],"author":[{"embeddable":true,"href":"https:\/\/www.imf.asso.fr\/pages\/index.php?rest_route=\/wp\/v2\/users\/6"}],"replies":[{"embeddable":true,"href":"https:\/\/www.imf.asso.fr\/pages\/index.php?rest_route=%2Fwp%2Fv2%2Fcomments&post=16695"}],"version-history":[{"count":2,"href":"https:\/\/www.imf.asso.fr\/pages\/index.php?rest_route=\/wp\/v2\/pages\/16695\/revisions"}],"predecessor-version":[{"id":17247,"href":"https:\/\/www.imf.asso.fr\/pages\/index.php?rest_route=\/wp\/v2\/pages\/16695\/revisions\/17247"}],"wp:attachment":[{"href":"https:\/\/www.imf.asso.fr\/pages\/index.php?rest_route=%2Fwp%2Fv2%2Fmedia&parent=16695"}],"curies":[{"name":"wp","href":"https:\/\/api.w.org\/{rel}","templated":true}]}}