{"id":16472,"date":"2026-03-10T11:24:51","date_gmt":"2026-03-10T10:24:51","guid":{"rendered":"https:\/\/www.imf.asso.fr\/pages\/?page_id=16472"},"modified":"2026-04-02T09:11:14","modified_gmt":"2026-04-02T07:11:14","slug":"journee-mondiale-du-travail-social-2026","status":"publish","type":"page","link":"https:\/\/www.imf.asso.fr\/pages\/?page_id=16472","title":{"rendered":"Journ\u00e9e Mondiale du Travail Social 2026 | IMF RIS Marseille"},"content":{"rendered":"<p><!--more--><\/p>\n<p><img decoding=\"async\" loading=\"lazy\" class=\"alignnone size-large wp-image-16475\" src=\"https:\/\/www.imf.asso.fr\/pages\/wp-content\/uploads\/JMTS-1024x233.png\" alt=\"\" width=\"945\" height=\"215\" srcset=\"https:\/\/www.imf.asso.fr\/pages\/wp-content\/uploads\/JMTS-1024x233.png 1024w, https:\/\/www.imf.asso.fr\/pages\/wp-content\/uploads\/JMTS-300x68.png 300w, https:\/\/www.imf.asso.fr\/pages\/wp-content\/uploads\/JMTS-768x175.png 768w, https:\/\/www.imf.asso.fr\/pages\/wp-content\/uploads\/JMTS-945x215.png 945w, https:\/\/www.imf.asso.fr\/pages\/wp-content\/uploads\/JMTS.png 1386w\" sizes=\"(max-width: 945px) 100vw, 945px\" \/><\/p>\n<p><span data-olk-copy-source=\"MessageBody\">Le travail social est souvent pr\u00e9sent\u00e9 comme un levier de participation, d\u2019\u00e9mancipation et de pouvoir d\u2019agir. Dans quelle mesure contribue-t-il r\u00e9ellement \u00e0 faire vivre la d\u00e9mocratie ? Entre injonctions gestionnaires, contr\u00f4le social et accompagnement des citoyen.nes les plus pr\u00e9caris\u00e9.es, quelles pratiques d\u00e9mocratiques sont possibles ? \u00c0 l&rsquo;int\u00e9rieur ou \u00e0 l&rsquo;ext\u00e9rieur des institutions ?<\/span><\/p>\n<p><span class=\"a_GcMg font-feature-liga-off font-feature-clig-off font-feature-calt-off text-decoration-none text-strikethrough-none\">A l&rsquo;occasion de la Journ\u00e9e Mondiale du Travail Social, l\u2019IMF RIS Marseille a propos\u00e9 le vendredi 20 mars une journ\u00e9e de r\u00e9flexion et de d\u00e9bat autour de la question : <span style=\"color: #d11898;\"><strong>le travail social peut-il servir la d\u00e9mocratie ?<\/p>\n<p><\/strong><\/span><\/span><\/p>\n<table style=\"border-collapse: collapse; width: 100%;\">\n<tbody>\n<tr>\n<td style=\"width: 33.3333%;\"><img decoding=\"async\" loading=\"lazy\" class=\"alignnone size-full wp-image-16867\" src=\"https:\/\/www.imf.asso.fr\/pages\/wp-content\/uploads\/12-2.png\" alt=\"\" width=\"1000\" height=\"750\" srcset=\"https:\/\/www.imf.asso.fr\/pages\/wp-content\/uploads\/12-2.png 1000w, https:\/\/www.imf.asso.fr\/pages\/wp-content\/uploads\/12-2-300x225.png 300w, https:\/\/www.imf.asso.fr\/pages\/wp-content\/uploads\/12-2-768x576.png 768w, https:\/\/www.imf.asso.fr\/pages\/wp-content\/uploads\/12-2-945x709.png 945w\" sizes=\"(max-width: 1000px) 100vw, 1000px\" \/><\/td>\n<td style=\"width: 33.3333%;\"><img decoding=\"async\" loading=\"lazy\" class=\"alignnone size-full wp-image-16864\" src=\"https:\/\/www.imf.asso.fr\/pages\/wp-content\/uploads\/07-1.png\" alt=\"\" width=\"1000\" height=\"750\" srcset=\"https:\/\/www.imf.asso.fr\/pages\/wp-content\/uploads\/07-1.png 1000w, https:\/\/www.imf.asso.fr\/pages\/wp-content\/uploads\/07-1-300x225.png 300w, https:\/\/www.imf.asso.fr\/pages\/wp-content\/uploads\/07-1-768x576.png 768w, https:\/\/www.imf.asso.fr\/pages\/wp-content\/uploads\/07-1-945x709.png 945w\" sizes=\"(max-width: 1000px) 100vw, 1000px\" \/><\/td>\n<td style=\"width: 33.3333%;\"><img decoding=\"async\" loading=\"lazy\" class=\"alignnone size-full wp-image-16865\" src=\"https:\/\/www.imf.asso.fr\/pages\/wp-content\/uploads\/10-4.png\" alt=\"\" width=\"1000\" height=\"750\" srcset=\"https:\/\/www.imf.asso.fr\/pages\/wp-content\/uploads\/10-4.png 1000w, https:\/\/www.imf.asso.fr\/pages\/wp-content\/uploads\/10-4-300x225.png 300w, https:\/\/www.imf.asso.fr\/pages\/wp-content\/uploads\/10-4-768x576.png 768w, https:\/\/www.imf.asso.fr\/pages\/wp-content\/uploads\/10-4-945x709.png 945w\" sizes=\"(max-width: 1000px) 100vw, 1000px\" \/><\/td>\n<\/tr>\n<tr>\n<td style=\"width: 33.3333%;\"><img decoding=\"async\" loading=\"lazy\" class=\"alignnone size-full wp-image-16860\" src=\"https:\/\/www.imf.asso.fr\/pages\/wp-content\/uploads\/02-1.png\" alt=\"\" width=\"1000\" height=\"750\" srcset=\"https:\/\/www.imf.asso.fr\/pages\/wp-content\/uploads\/02-1.png 1000w, https:\/\/www.imf.asso.fr\/pages\/wp-content\/uploads\/02-1-300x225.png 300w, https:\/\/www.imf.asso.fr\/pages\/wp-content\/uploads\/02-1-768x576.png 768w, https:\/\/www.imf.asso.fr\/pages\/wp-content\/uploads\/02-1-945x709.png 945w\" sizes=\"(max-width: 1000px) 100vw, 1000px\" \/><\/td>\n<td style=\"width: 33.3333%;\"><img decoding=\"async\" loading=\"lazy\" class=\"alignnone size-full wp-image-16861\" src=\"https:\/\/www.imf.asso.fr\/pages\/wp-content\/uploads\/03-1.png\" alt=\"\" width=\"1000\" height=\"750\" srcset=\"https:\/\/www.imf.asso.fr\/pages\/wp-content\/uploads\/03-1.png 1000w, https:\/\/www.imf.asso.fr\/pages\/wp-content\/uploads\/03-1-300x225.png 300w, https:\/\/www.imf.asso.fr\/pages\/wp-content\/uploads\/03-1-768x576.png 768w, https:\/\/www.imf.asso.fr\/pages\/wp-content\/uploads\/03-1-945x709.png 945w\" sizes=\"(max-width: 1000px) 100vw, 1000px\" \/><\/td>\n<td style=\"width: 33.3333%;\"><img decoding=\"async\" loading=\"lazy\" class=\"alignnone size-full wp-image-16863\" src=\"https:\/\/www.imf.asso.fr\/pages\/wp-content\/uploads\/06-2.png\" alt=\"\" width=\"1000\" height=\"750\" srcset=\"https:\/\/www.imf.asso.fr\/pages\/wp-content\/uploads\/06-2.png 1000w, https:\/\/www.imf.asso.fr\/pages\/wp-content\/uploads\/06-2-300x225.png 300w, https:\/\/www.imf.asso.fr\/pages\/wp-content\/uploads\/06-2-768x576.png 768w, https:\/\/www.imf.asso.fr\/pages\/wp-content\/uploads\/06-2-945x709.png 945w\" sizes=\"(max-width: 1000px) 100vw, 1000px\" \/><\/td>\n<\/tr>\n<tr>\n<td style=\"width: 33.3333%;\"><img decoding=\"async\" loading=\"lazy\" class=\"alignnone size-full wp-image-16866\" src=\"https:\/\/www.imf.asso.fr\/pages\/wp-content\/uploads\/11-3.png\" alt=\"\" width=\"1000\" height=\"750\" srcset=\"https:\/\/www.imf.asso.fr\/pages\/wp-content\/uploads\/11-3.png 1000w, https:\/\/www.imf.asso.fr\/pages\/wp-content\/uploads\/11-3-300x225.png 300w, https:\/\/www.imf.asso.fr\/pages\/wp-content\/uploads\/11-3-768x576.png 768w, https:\/\/www.imf.asso.fr\/pages\/wp-content\/uploads\/11-3-945x709.png 945w\" sizes=\"(max-width: 1000px) 100vw, 1000px\" \/><\/td>\n<td style=\"width: 33.3333%;\"><img decoding=\"async\" loading=\"lazy\" class=\"alignnone size-full wp-image-16862\" src=\"https:\/\/www.imf.asso.fr\/pages\/wp-content\/uploads\/04-1.png\" alt=\"\" width=\"1000\" height=\"750\" srcset=\"https:\/\/www.imf.asso.fr\/pages\/wp-content\/uploads\/04-1.png 1000w, https:\/\/www.imf.asso.fr\/pages\/wp-content\/uploads\/04-1-300x225.png 300w, https:\/\/www.imf.asso.fr\/pages\/wp-content\/uploads\/04-1-768x576.png 768w, https:\/\/www.imf.asso.fr\/pages\/wp-content\/uploads\/04-1-945x709.png 945w\" sizes=\"(max-width: 1000px) 100vw, 1000px\" \/><\/td>\n<td style=\"width: 33.3333%;\"><img decoding=\"async\" loading=\"lazy\" class=\"alignnone size-full wp-image-16859\" src=\"https:\/\/www.imf.asso.fr\/pages\/wp-content\/uploads\/01-2.png\" alt=\"\" width=\"1000\" height=\"750\" srcset=\"https:\/\/www.imf.asso.fr\/pages\/wp-content\/uploads\/01-2.png 1000w, https:\/\/www.imf.asso.fr\/pages\/wp-content\/uploads\/01-2-300x225.png 300w, https:\/\/www.imf.asso.fr\/pages\/wp-content\/uploads\/01-2-768x576.png 768w, https:\/\/www.imf.asso.fr\/pages\/wp-content\/uploads\/01-2-945x709.png 945w\" sizes=\"(max-width: 1000px) 100vw, 1000px\" \/><\/td>\n<\/tr>\n<\/tbody>\n<\/table>\n<p>&nbsp;<\/p>\n<p><span style=\"margin: 0px; background: #d82b9f; padding: 15px; border-radius: 30px; color: #ffffff;\"><strong>RESSOURCES \u00c0 D\u00c9COUVRIR<\/strong><\/span><\/p>\n<ul>\n<li>Le texte \u00ab\u00a0<em><a href=\"https:\/\/www.imf.asso.fr\/pages\/wp-content\/uploads\/ou-ca-ne-va-decidement-pas-de-soi.pdf\"><strong>O\u00f9 \u00e7a ne va d\u00e9cid\u00e9ment pas de soi<\/strong><\/a><\/em>\u00a0\u00bb par S\u00e9bastien Ferrarini (2026)<\/li>\n<li>La <a href=\"https:\/\/www.imf.asso.fr\/pages\/wp-content\/uploads\/Ref-Biblio-CRM-JourneeTS-20mars2026-Participation-pouvoirdagir.pdf\"><strong>bibliographie<\/strong><\/a> propos\u00e9e par les documentalistes du CRM<\/li>\n<\/ul>\n<p>&nbsp;<\/p>\n<p><img decoding=\"async\" loading=\"lazy\" class=\"alignnone size-large wp-image-16525\" src=\"https:\/\/www.imf.asso.fr\/pages\/wp-content\/uploads\/JMTS-2026-IMF-RIS-Marseille-prog.png\" alt=\"\" width=\"725\" height=\"1024\" \/><\/p>\n","protected":false},"excerpt":{"rendered":"","protected":false},"author":4,"featured_media":0,"parent":0,"menu_order":0,"comment_status":"closed","ping_status":"closed","template":"","meta":{"footnotes":""},"_links":{"self":[{"href":"https:\/\/www.imf.asso.fr\/pages\/index.php?rest_route=\/wp\/v2\/pages\/16472"}],"collection":[{"href":"https:\/\/www.imf.asso.fr\/pages\/index.php?rest_route=\/wp\/v2\/pages"}],"about":[{"href":"https:\/\/www.imf.asso.fr\/pages\/index.php?rest_route=\/wp\/v2\/types\/page"}],"author":[{"embeddable":true,"href":"https:\/\/www.imf.asso.fr\/pages\/index.php?rest_route=\/wp\/v2\/users\/4"}],"replies":[{"embeddable":true,"href":"https:\/\/www.imf.asso.fr\/pages\/index.php?rest_route=%2Fwp%2Fv2%2Fcomments&post=16472"}],"version-history":[{"count":2,"href":"https:\/\/www.imf.asso.fr\/pages\/index.php?rest_route=\/wp\/v2\/pages\/16472\/revisions"}],"predecessor-version":[{"id":17020,"href":"https:\/\/www.imf.asso.fr\/pages\/index.php?rest_route=\/wp\/v2\/pages\/16472\/revisions\/17020"}],"wp:attachment":[{"href":"https:\/\/www.imf.asso.fr\/pages\/index.php?rest_route=%2Fwp%2Fv2%2Fmedia&parent=16472"}],"curies":[{"name":"wp","href":"https:\/\/api.w.org\/{rel}","templated":true}]}}

Journée Mondiale du Travail Social 2026 | IMF RIS Marseille

<p><!--more--></p>
<p><img decoding="async" loading="lazy" class="alignnone size-large wp-image-16475" src="https://www.imf.asso.fr/pages/wp-content/uploads/JMTS-1024x233.png" alt="" width="945" height="215" srcset="https://www.imf.asso.fr/pages/wp-content/uploads/JMTS-1024x233.png 1024w, https://www.imf.asso.fr/pages/wp-content/uploads/JMTS-300x68.png 300w, https://www.imf.asso.fr/pages/wp-content/uploads/JMTS-768x175.png 768w, https://www.imf.asso.fr/pages/wp-content/uploads/JMTS-945x215.png 945w, https://www.imf.asso.fr/pages/wp-content/uploads/JMTS.png 1386w" sizes="(max-width: 945px) 100vw, 945px" /></p>
<p><span data-olk-copy-source="MessageBody">Le travail social est souvent présenté comme un levier de participation, d’émancipation et de pouvoir d’agir. Dans quelle mesure contribue-t-il réellement à faire vivre la démocratie ? Entre injonctions gestionnaires, contrôle social et accompagnement des citoyen.nes les plus précarisé.es, quelles pratiques démocratiques sont possibles ? À l&rsquo;intérieur ou à l&rsquo;extérieur des institutions ?</span></p>
<p><span class="a_GcMg font-feature-liga-off font-feature-clig-off font-feature-calt-off text-decoration-none text-strikethrough-none">A l&rsquo;occasion de la Journée Mondiale du Travail Social, l’IMF RIS Marseille a proposé le vendredi 20 mars une journée de réflexion et de débat autour de la question : <span style="color: #d11898;"><strong>le travail social peut-il servir la démocratie ?</p>
<p></strong></span></span></p>
<table style="border-collapse: collapse; width: 100%;">
<tbody>
<tr>
<td style="width: 33.3333%;"><img decoding="async" loading="lazy" class="alignnone size-full wp-image-16867" src="https://www.imf.asso.fr/pages/wp-content/uploads/12-2.png" alt="" width="1000" height="750" srcset="https://www.imf.asso.fr/pages/wp-content/uploads/12-2.png 1000w, https://www.imf.asso.fr/pages/wp-content/uploads/12-2-300x225.png 300w, https://www.imf.asso.fr/pages/wp-content/uploads/12-2-768x576.png 768w, https://www.imf.asso.fr/pages/wp-content/uploads/12-2-945x709.png 945w" sizes="(max-width: 1000px) 100vw, 1000px" /></td>
<td style="width: 33.3333%;"><img decoding="async" loading="lazy" class="alignnone size-full wp-image-16864" src="https://www.imf.asso.fr/pages/wp-content/uploads/07-1.png" alt="" width="1000" height="750" srcset="https://www.imf.asso.fr/pages/wp-content/uploads/07-1.png 1000w, https://www.imf.asso.fr/pages/wp-content/uploads/07-1-300x225.png 300w, https://www.imf.asso.fr/pages/wp-content/uploads/07-1-768x576.png 768w, https://www.imf.asso.fr/pages/wp-content/uploads/07-1-945x709.png 945w" sizes="(max-width: 1000px) 100vw, 1000px" /></td>
<td style="width: 33.3333%;"><img decoding="async" loading="lazy" class="alignnone size-full wp-image-16865" src="https://www.imf.asso.fr/pages/wp-content/uploads/10-4.png" alt="" width="1000" height="750" srcset="https://www.imf.asso.fr/pages/wp-content/uploads/10-4.png 1000w, https://www.imf.asso.fr/pages/wp-content/uploads/10-4-300x225.png 300w, https://www.imf.asso.fr/pages/wp-content/uploads/10-4-768x576.png 768w, https://www.imf.asso.fr/pages/wp-content/uploads/10-4-945x709.png 945w" sizes="(max-width: 1000px) 100vw, 1000px" /></td>
</tr>
<tr>
<td style="width: 33.3333%;"><img decoding="async" loading="lazy" class="alignnone size-full wp-image-16860" src="https://www.imf.asso.fr/pages/wp-content/uploads/02-1.png" alt="" width="1000" height="750" srcset="https://www.imf.asso.fr/pages/wp-content/uploads/02-1.png 1000w, https://www.imf.asso.fr/pages/wp-content/uploads/02-1-300x225.png 300w, https://www.imf.asso.fr/pages/wp-content/uploads/02-1-768x576.png 768w, https://www.imf.asso.fr/pages/wp-content/uploads/02-1-945x709.png 945w" sizes="(max-width: 1000px) 100vw, 1000px" /></td>
<td style="width: 33.3333%;"><img decoding="async" loading="lazy" class="alignnone size-full wp-image-16861" src="https://www.imf.asso.fr/pages/wp-content/uploads/03-1.png" alt="" width="1000" height="750" srcset="https://www.imf.asso.fr/pages/wp-content/uploads/03-1.png 1000w, https://www.imf.asso.fr/pages/wp-content/uploads/03-1-300x225.png 300w, https://www.imf.asso.fr/pages/wp-content/uploads/03-1-768x576.png 768w, https://www.imf.asso.fr/pages/wp-content/uploads/03-1-945x709.png 945w" sizes="(max-width: 1000px) 100vw, 1000px" /></td>
<td style="width: 33.3333%;"><img decoding="async" loading="lazy" class="alignnone size-full wp-image-16863" src="https://www.imf.asso.fr/pages/wp-content/uploads/06-2.png" alt="" width="1000" height="750" srcset="https://www.imf.asso.fr/pages/wp-content/uploads/06-2.png 1000w, https://www.imf.asso.fr/pages/wp-content/uploads/06-2-300x225.png 300w, https://www.imf.asso.fr/pages/wp-content/uploads/06-2-768x576.png 768w, https://www.imf.asso.fr/pages/wp-content/uploads/06-2-945x709.png 945w" sizes="(max-width: 1000px) 100vw, 1000px" /></td>
</tr>
<tr>
<td style="width: 33.3333%;"><img decoding="async" loading="lazy" class="alignnone size-full wp-image-16866" src="https://www.imf.asso.fr/pages/wp-content/uploads/11-3.png" alt="" width="1000" height="750" srcset="https://www.imf.asso.fr/pages/wp-content/uploads/11-3.png 1000w, https://www.imf.asso.fr/pages/wp-content/uploads/11-3-300x225.png 300w, https://www.imf.asso.fr/pages/wp-content/uploads/11-3-768x576.png 768w, https://www.imf.asso.fr/pages/wp-content/uploads/11-3-945x709.png 945w" sizes="(max-width: 1000px) 100vw, 1000px" /></td>
<td style="width: 33.3333%;"><img decoding="async" loading="lazy" class="alignnone size-full wp-image-16862" src="https://www.imf.asso.fr/pages/wp-content/uploads/04-1.png" alt="" width="1000" height="750" srcset="https://www.imf.asso.fr/pages/wp-content/uploads/04-1.png 1000w, https://www.imf.asso.fr/pages/wp-content/uploads/04-1-300x225.png 300w, https://www.imf.asso.fr/pages/wp-content/uploads/04-1-768x576.png 768w, https://www.imf.asso.fr/pages/wp-content/uploads/04-1-945x709.png 945w" sizes="(max-width: 1000px) 100vw, 1000px" /></td>
<td style="width: 33.3333%;"><img decoding="async" loading="lazy" class="alignnone size-full wp-image-16859" src="https://www.imf.asso.fr/pages/wp-content/uploads/01-2.png" alt="" width="1000" height="750" srcset="https://www.imf.asso.fr/pages/wp-content/uploads/01-2.png 1000w, https://www.imf.asso.fr/pages/wp-content/uploads/01-2-300x225.png 300w, https://www.imf.asso.fr/pages/wp-content/uploads/01-2-768x576.png 768w, https://www.imf.asso.fr/pages/wp-content/uploads/01-2-945x709.png 945w" sizes="(max-width: 1000px) 100vw, 1000px" /></td>
</tr>
</tbody>
</table>
<p>&nbsp;</p>
<p><span style="margin: 0px; background: #d82b9f; padding: 15px; border-radius: 30px; color: #ffffff;"><strong>RESSOURCES À DÉCOUVRIR</strong></span></p>
<ul>
<li>Le texte « <em><a href="https://www.imf.asso.fr/pages/wp-content/uploads/ou-ca-ne-va-decidement-pas-de-soi.pdf"><strong>Où ça ne va décidément pas de soi</strong></a></em> » par Sébastien Ferrarini (2026)</li>
<li>La <a href="https://www.imf.asso.fr/pages/wp-content/uploads/Ref-Biblio-CRM-JourneeTS-20mars2026-Participation-pouvoirdagir.pdf"><strong>bibliographie</strong></a> proposée par les documentalistes du CRM</li>
</ul>
<p>&nbsp;</p>
<p><img decoding="async" loading="lazy" class="alignnone size-large wp-image-16525" src="https://www.imf.asso.fr/pages/wp-content/uploads/JMTS-2026-IMF-RIS-Marseille-prog.png" alt="" width="725" height="1024" /></p>
