{"id":15379,"date":"2025-12-03T15:23:46","date_gmt":"2025-12-03T14:23:46","guid":{"rendered":"https:\/\/www.imf.asso.fr\/pages\/?page_id=15379"},"modified":"2026-04-28T15:19:43","modified_gmt":"2026-04-28T13:19:43","slug":"tp-accueillant-educatif","status":"publish","type":"page","link":"https:\/\/www.imf.asso.fr\/pages\/?page_id=15379","title":{"rendered":"FC2501 | Double diplomation Petite Enfance"},"content":{"rendered":"<p><!--more--><\/p>\n<p>\n<span style=\"font-size: 12pt;\">Un parcours innovant d&rsquo;un an menant \u00e0 une <span style=\"color: #1d60ab;\"><strong>double diplomation<\/strong><\/span> dans le champ de l\u2019accueil de l\u2019enfant et de sa famille. <\/span><span style=\"font-size: 14pt;\"><span style=\"font-size: 12pt;\">Gr\u00e2ce \u00e0 cette formule mixte, <strong><span style=\"color: #1d60ab;\">les professionnels de la Petite Enfance seront polyvalents et op\u00e9rationnels<\/span> <\/strong>pour travailler en structures petite enfance (cr\u00e8ches, micro-cr\u00e8ches, garde \u00e0 <\/span><\/span><span style=\"font-size: 14pt;\"><span style=\"font-size: 12pt;\">domicile, \u00e9coles, etc.), en combinant les comp\u00e9tences reconnues des deux certifications.<\/span><\/span><span style=\"color: #1d60ab; font-size: 14pt;\"><br \/>\n<\/span><span style=\"font-size: 12pt;\"><br \/>\n<\/span><\/p>\n<div style=\"width: 500px; float: left; margin-bottom: 50px;\">\n<p style=\"margin: 0 0 10px 0;\"><span style=\"color: #1d60ab;\">\u25cb<\/span> Intitul\u00e9 des deux dipl\u00f4mes :<\/p>\n<p><span style=\"color: #1d60ab;\"><span style=\"padding: 5px 10px; background: #e7ecf0; border: 1px solid #e0e7ed; border-radius: 20px;\">Titre RNCP <strong>Accueillant \u00c9ducatif (AE)\u00a0<\/strong><\/span><\/span><\/p>\n<p><span style=\"color: #1d60ab;\"><span style=\"padding: 5px 10px; background: #e7ecf0; border: 1px solid #e0e7ed; border-radius: 20px;\">Titre Professionnel <strong>Intervenant \u00c9ducatif Petite Enfance (IEPE)<\/strong><\/span><\/span><\/p>\n<p style=\"margin: 0 0 10px 0;\"><span style=\"color: #1d60ab;\">\u25cb<\/span> Dur\u00e9e :<\/p>\n<p><span style=\"color: #1d60ab;\"><strong><span style=\"padding: 5px 10px; background: #e7ecf0; border: 1px solid #e0e7ed; border-radius: 20px;\">1 an<\/span><\/strong><\/span> \u00a0<br \/>\n<span style=\"color: #1d60ab;\"><strong><span style=\"padding: 5px 10px; background: #e7ecf0; border: 1px solid #e0e7ed; border-radius: 20px; margin: 10px 0 0 0; display: inline-block;\">&#8211; 602 h de formation th\u00e9orique (AE)<\/span><\/strong><\/span> \u00a0<br \/>\n<span style=\"color: #1d60ab;\"><strong><span style=\"padding: 5px 10px; background: #e7ecf0; border: 1px solid #e0e7ed; border-radius: 20px; margin: 10px 0 0 0; display: inline-block;\">&#8211; 630 h de formation pratique (AE)<\/span><\/strong><\/span><span style=\"color: #1d60ab;\"><strong><span style=\"padding: 5px 10px; background: #e7ecf0; border: 1px solid #e0e7ed; border-radius: 20px; margin: 10px 0 0 0; display: inline-block;\">&#8211; 21h d&rsquo;accompagnement \u00e0 la VAE (IEPE)<\/span><\/strong><\/span><\/p>\n<p style=\"margin: 0 0 10px 0;\"><span style=\"color: #1d60ab;\">\u25cb<\/span> Niveau des dipl\u00f4mes :\u00a0<\/p>\n<p>\u00a0<span style=\"padding: 5px 10px; background: #e7ecf0; border: 1px solid #e0e7ed; border-radius: 20px; color: #1d60ab;\"><strong>Niveau 4 <\/strong>\/<strong> \u00e9quivalent Bac<\/strong><\/span><\/p>\n<p style=\"margin: 0 0 10px 0;\"><span style=\"color: #1d60ab;\">\u25cb<\/span> Lieux de la formation (sous r\u00e9serve de candidatures suffisantes) :<\/p>\n<p><span style=\"padding: 5px 10px; background: #e7ecf0; border: 1px solid #e0e7ed; border-radius: 20px; color: #1d60ab;\"><strong>IMF RIS Arles<\/strong><\/span><\/p>\n<p><span style=\"padding: 5px 10px; background: #e7ecf0; border: 1px solid #e0e7ed; border-radius: 20px; color: #1d60ab;\"><strong>IMF RIS Marseille<\/strong><\/span><\/p>\n<\/div>\n<div style=\"width: 300px; float: left;\">\n<p style=\"margin: 0 0 10px 0;\"><span style=\"color: #1d60ab;\">\u25cb<\/span> Prochaine session (sous r\u00e9serve de candidatures suffisantes) :<\/p>\n<p><strong><span style=\"padding: 5px 10px; background: #e7ecf0; border: 1px solid #e0e7ed; border-radius: 20px; margin: 0px 0 0 0; display: inline-block;\"><span style=\"color: #1d60ab;\">Septembre 2026<br \/>\n<\/span><\/span><\/strong> <\/p>\n<p style=\"margin: 0 0 10px 0;\"><span style=\"color: #1d60ab;\">\u25cb<\/span> S&rsquo;inscrire ou s&rsquo;informer :<\/p>\n<p><span style=\"padding: 5px 10px; background: #e7ecf0; border: 1px solid #e0e7ed; border-radius: 20px; color: #1d60ab;\"><strong>imfinfos@imf.asso.fr<\/strong><\/span><\/p>\n<p><span style=\"padding: 5px 10px; background: #e7ecf0; border: 1px solid #e0e7ed; border-radius: 20px; color: #1d60ab;\"><strong><span data-olk-copy-source=\"MessageBody\">Arles : 04 13 35 46 86<\/span><\/strong><\/span><\/p>\n<p><span style=\"padding: 5px 10px; background: #e7ecf0; border: 1px solid #e0e7ed; border-radius: 20px; color: #1d60ab;\"><strong><span data-olk-copy-source=\"MessageBody\">Marseille : <b>04 91 24 61 12<\/b><\/span><\/strong><\/span><\/p>\n<p><a href=\"https:\/\/imf.ymag.cloud\/index.php\/preinscription\/\"><span style=\"padding: 5px 10px; background: #f4f3fa; border: 1px solid purple; border-radius: 20px;\"><strong>S&rsquo;inscrire<\/strong><\/span><\/a><\/p>\n<p><a href=\"https:\/\/www.imf.asso.fr\/pages\/?page_id=2994\"><span style=\"padding: 5px 10px; background: #f4f3fa; border: 1px solid purple; border-radius: 20px;\"><strong>Participer \u00e0 une r\u00e9union d&rsquo;information<\/strong><\/span><\/a><\/p>\n<p style=\"margin: 0 0 10px 0;\"><span style=\"color: #1d60ab;\">\u25cb<\/span> La fiche de la formation :<\/p>\n<p><a href=\"https:\/\/www.imf.asso.fr\/pages\/wp-content\/uploads\/FC2501-Double-Diplomation-Petite-Enfance.pdf\"><span style=\"padding: 5px 10px; background: #f4f3fa; border: 1px solid purple; border-radius: 20px;\"><strong>\u00a0Double Diplomation Petite Enfance<\/strong><\/span><\/a><\/p>\n<p>&nbsp;<\/p>\n<\/div>\n<div style=\"clear: both;\">\n<p>\n<a href=\"https:\/\/www.imf.asso.fr\/pages\/wp-content\/uploads\/IMF-RIS-2026-Double-Diplomation-Petite-Enfance-190326.pdf\"><img decoding=\"async\" loading=\"lazy\" class=\"alignnone size-large\" src=\"https:\/\/www.imf.asso.fr\/pages\/wp-content\/uploads\/IMF-RIS-2026-Double-Diplomation-Petite-Enfance-190326.png\" alt=\"\" width=\"724\" height=\"1024\" \/><\/a><\/div>\n","protected":false},"excerpt":{"rendered":"","protected":false},"author":4,"featured_media":0,"parent":47,"menu_order":0,"comment_status":"closed","ping_status":"closed","template":"template-twocolumnsleft.php","meta":{"footnotes":""},"_links":{"self":[{"href":"https:\/\/www.imf.asso.fr\/pages\/index.php?rest_route=\/wp\/v2\/pages\/15379"}],"collection":[{"href":"https:\/\/www.imf.asso.fr\/pages\/index.php?rest_route=\/wp\/v2\/pages"}],"about":[{"href":"https:\/\/www.imf.asso.fr\/pages\/index.php?rest_route=\/wp\/v2\/types\/page"}],"author":[{"embeddable":true,"href":"https:\/\/www.imf.asso.fr\/pages\/index.php?rest_route=\/wp\/v2\/users\/4"}],"replies":[{"embeddable":true,"href":"https:\/\/www.imf.asso.fr\/pages\/index.php?rest_route=%2Fwp%2Fv2%2Fcomments&post=15379"}],"version-history":[{"count":3,"href":"https:\/\/www.imf.asso.fr\/pages\/index.php?rest_route=\/wp\/v2\/pages\/15379\/revisions"}],"predecessor-version":[{"id":17367,"href":"https:\/\/www.imf.asso.fr\/pages\/index.php?rest_route=\/wp\/v2\/pages\/15379\/revisions\/17367"}],"up":[{"embeddable":true,"href":"https:\/\/www.imf.asso.fr\/pages\/index.php?rest_route=\/wp\/v2\/pages\/47"}],"wp:attachment":[{"href":"https:\/\/www.imf.asso.fr\/pages\/index.php?rest_route=%2Fwp%2Fv2%2Fmedia&parent=15379"}],"curies":[{"name":"wp","href":"https:\/\/api.w.org\/{rel}","templated":true}]}}