{"id":13646,"date":"2025-06-24T13:25:36","date_gmt":"2025-06-24T11:25:36","guid":{"rendered":"https:\/\/www.imf.asso.fr\/pages\/?page_id=13646"},"modified":"2025-11-13T13:25:49","modified_gmt":"2025-11-13T12:25:49","slug":"diffusion","status":"publish","type":"page","link":"https:\/\/www.imf.asso.fr\/pages\/?page_id=13646","title":{"rendered":"Diffusion"},"content":{"rendered":"<p><!--more--><\/p>\n<p>&nbsp;<\/p>\n<p><strong><a style=\"background: #ace1f8; padding: 20px 20px 20px 15px; border-radius: 35px; display: block; color: #1d60ab; text-transform: uppercase;\" href=\"https:\/\/www.imf.asso.fr\/pages\/?p=14585\"><span style=\"background: white; border-radius: 50px; padding: 10px 7px; margin-right: 20px; font-size: 15px;\">\u00a007\/07\/2025 <\/span>BIG\u00a0 BEN ET LE PREMIER \u00c9LARGISSEMENT DE L&rsquo;EUROPE<\/a><\/strong><\/p>\n<p><strong><a style=\"background: #ace1f8; padding: 20px 20px 20px 15px; border-radius: 35px; display: block; color: #1d60ab; text-transform: uppercase;\" href=\" https:\/\/www.imf.asso.fr\/pages\/?p=14558\"><span style=\"background: white; border-radius: 50px; padding: 10px 7px; margin-right: 20px; font-size: 15px;\">\u00a019\/09\/2025 <\/span>Winston Churchill et la naissance de l\u2019id\u00e9e europ\u00e9enne<\/a><\/strong><\/p>\n<p><strong><a style=\"background: #ace1f8; padding: 20px 20px 20px 15px; border-radius: 35px; display: block; color: #1d60ab; text-transform: uppercase;\" href=\"https:\/\/www.linkedin.com\/posts\/imf-institutmediterraneendeformationetrechercheentravailsocial_euxfuture-europeanhistory-euintegration-activity-7394708705646215168-vP0U?utm_source=share&amp;utm_medium=member_desktop&amp;rcm=ACoAACfKZfgBXnJIo9RhUvsWzfnIkuefI57kE_c\"><span style=\"background: white; border-radius: 50px; padding: 10px 7px; margin-right: 20px; font-size: 15px;\">\u00a013\/11\/2025 <\/span><span class=\"break-words\n          tvm-parent-container\"><span dir=\"ltr\">M\u00e9moire, identit\u00e9 et r\u00e9silience : des voix europ\u00e9ennes \u00e0 d\u00e9couvrir<\/span><\/span><\/a><\/strong><\/p>\n","protected":false},"excerpt":{"rendered":"","protected":false},"author":4,"featured_media":0,"parent":13288,"menu_order":0,"comment_status":"closed","ping_status":"closed","template":"template-twocolumnsright.php","meta":{"footnotes":""},"_links":{"self":[{"href":"https:\/\/www.imf.asso.fr\/pages\/index.php?rest_route=\/wp\/v2\/pages\/13646"}],"collection":[{"href":"https:\/\/www.imf.asso.fr\/pages\/index.php?rest_route=\/wp\/v2\/pages"}],"about":[{"href":"https:\/\/www.imf.asso.fr\/pages\/index.php?rest_route=\/wp\/v2\/types\/page"}],"author":[{"embeddable":true,"href":"https:\/\/www.imf.asso.fr\/pages\/index.php?rest_route=\/wp\/v2\/users\/4"}],"replies":[{"embeddable":true,"href":"https:\/\/www.imf.asso.fr\/pages\/index.php?rest_route=%2Fwp%2Fv2%2Fcomments&post=13646"}],"version-history":[{"count":2,"href":"https:\/\/www.imf.asso.fr\/pages\/index.php?rest_route=\/wp\/v2\/pages\/13646\/revisions"}],"predecessor-version":[{"id":15215,"href":"https:\/\/www.imf.asso.fr\/pages\/index.php?rest_route=\/wp\/v2\/pages\/13646\/revisions\/15215"}],"up":[{"embeddable":true,"href":"https:\/\/www.imf.asso.fr\/pages\/index.php?rest_route=\/wp\/v2\/pages\/13288"}],"wp:attachment":[{"href":"https:\/\/www.imf.asso.fr\/pages\/index.php?rest_route=%2Fwp%2Fv2%2Fmedia&parent=13646"}],"curies":[{"name":"wp","href":"https:\/\/api.w.org\/{rel}","templated":true}]}}

<p><!--more--></p>
<p>&nbsp;</p>
<p><strong><a style="background: #ace1f8; padding: 20px 20px 20px 15px; border-radius: 35px; display: block; color: #1d60ab; text-transform: uppercase;" href="https://www.imf.asso.fr/pages/?p=14585"><span style="background: white; border-radius: 50px; padding: 10px 7px; margin-right: 20px; font-size: 15px;"> 07/07/2025 </span>BIG  BEN ET LE PREMIER ÉLARGISSEMENT DE L&rsquo;EUROPE</a></strong></p>
<p><strong><a style="background: #ace1f8; padding: 20px 20px 20px 15px; border-radius: 35px; display: block; color: #1d60ab; text-transform: uppercase;" href=" https://www.imf.asso.fr/pages/?p=14558"><span style="background: white; border-radius: 50px; padding: 10px 7px; margin-right: 20px; font-size: 15px;"> 19/09/2025 </span>Winston Churchill et la naissance de l’idée européenne</a></strong></p>
<p><strong><a style="background: #ace1f8; padding: 20px 20px 20px 15px; border-radius: 35px; display: block; color: #1d60ab; text-transform: uppercase;" href="https://www.linkedin.com/posts/imf-institutmediterraneendeformationetrechercheentravailsocial_euxfuture-europeanhistory-euintegration-activity-7394708705646215168-vP0U?utm_source=share&amp;utm_medium=member_desktop&amp;rcm=ACoAACfKZfgBXnJIo9RhUvsWzfnIkuefI57kE_c"><span style="background: white; border-radius: 50px; padding: 10px 7px; margin-right: 20px; font-size: 15px;"> 13/11/2025 </span><span class="break-words
          tvm-parent-container"><span dir="ltr">Mémoire, identité et résilience : des voix européennes à découvrir</span></span></a></strong></p>
