{"id":13288,"date":"2025-04-28T15:26:41","date_gmt":"2025-04-28T13:26:41","guid":{"rendered":"https:\/\/www.imf.asso.fr\/pages\/?page_id=13288"},"modified":"2025-09-03T15:36:04","modified_gmt":"2025-09-03T13:36:04","slug":"euxfuture","status":"publish","type":"page","link":"https:\/\/www.imf.asso.fr\/pages\/?page_id=13288","title":{"rendered":"EUxFuture"},"content":{"rendered":"<p><!--more--><\/p>\n<p>Nous sommes ravis d&rsquo;annoncer que l&rsquo;<span style=\"color: #1d60ab;\"><strong>Institut M\u00e9diterran\u00e9en de Formation et de Recherche en Intervention Sociale<\/strong><\/span> (IMF RIS), aux c\u00f4t\u00e9 de nos pr\u00e9cieux partenaires <strong><span style=\"color: #1d60ab;\">Asociaci\u00f3n Iniciativa Internacional Joven<\/span><\/strong> (Espagne \u2013 coordinateur), <span style=\"color: #1d60ab;\"><strong>Youth Bridges Budapest<\/strong><\/span> (Hongrie), <span style=\"color: #1d60ab;\"><strong>Travelogue APS<\/strong><\/span> (Italie) et<strong><span style=\"color: #1d60ab;\"> Associa\u00e7\u00e3o de Artistas<\/span> <span style=\"color: #1d60ab;\">Urbanos e de Transforma\u00e7\u00e3o Social<\/span><\/strong> (Portugal), fait partie des laur\u00e9ats du programme europ\u00e9en <strong>CERV<\/strong> (Citizens, Equality, Rights and Values) de la <span style=\"color: #1d60ab;\"><strong>Commission Europ\u00e9enne<\/strong><\/span> avec le projet <span style=\"color: #1d60ab;\"><em><strong>EUxFuture &#8211; European common history for a better future<\/strong><\/em><\/span>.<\/p>\n<p>&nbsp;<\/p>\n<p><span style=\"color: #1d60ab; font-size: 18pt;\"><strong>Les objectifs :<\/strong><\/span><\/p>\n<ul>\n<li><strong>Comm\u00e9morer le 75\u1d49 anniversaire de la D\u00e9claration Schuman<\/strong>, qui a men\u00e9 \u00e0 la cr\u00e9ation de la CECA (Communaut\u00e9 Europ\u00e9enne du Charbon et de l&rsquo;Acier), organisation internationale qui a pos\u00e9 les bases de l&rsquo;Union Europ\u00e9enne actuelle.<\/li>\n<li><strong>D\u00e9velopper des activit\u00e9s interg\u00e9n\u00e9rationnelles<\/strong> pour partager et co-construire des connaissances sur l&rsquo;UE.<\/li>\n<li><strong>Renforcer le sentiment d\u2019appartenance des citoyens \u00e0 l\u2019Union Europ\u00e9enne<\/strong> \u00e0 travers l\u2019analyse de son impact sur nos vies.<\/li>\n<li><strong>\u00c9tablir un r\u00e9seau d\u2019organisations de cinq pays europ\u00e9ens engag\u00e9s<\/strong> pour une meilleure compr\u00e9hension de l\u2019UE.<\/li>\n<\/ul>\n<p>&nbsp;<\/p>\n<p><span style=\"color: #1d60ab; font-size: 18pt;\"><strong>Les principales actions :<\/strong><\/span><\/p>\n<ul>\n<li>Collecte de <strong>t\u00e9moignages vid\u00e9o<\/strong> de personnes de plus de 70 ans ayant \u00e9t\u00e9 t\u00e9moins des d\u00e9buts de l&rsquo;int\u00e9gration europ\u00e9enne.<\/li>\n<li>Organisation d&rsquo;<strong>expositions photo<\/strong> et de<strong> tables rondes<\/strong> sur les transformations europ\u00e9ennes depuis la D\u00e9claration Schuman.<\/li>\n<li>Cr\u00e9ation d\u2019une <strong>fresque murale participative<\/strong> pour mettre en lumi\u00e8re notre histoire commune et r\u00e9aliser des activit\u00e9s de m\u00e9diation culturelle.<\/li>\n<\/ul>\n<p>&nbsp;<\/p>\n<p>Nous sommes impatients de contribuer \u00e0 ce projet et d&rsquo;\u00e9changer avec vous sur l&rsquo;histoire et l&rsquo;avenir de l&rsquo;Europe. Restez connect\u00e9s pour suivre les prochaines \u00e9tapes de cette aventure !<\/p>\n<p>&nbsp;<\/p>\n<p><img decoding=\"async\" loading=\"lazy\" class=\"alignnone wp-image-13451 size-full\" src=\"https:\/\/www.imf.asso.fr\/pages\/wp-content\/uploads\/Logo-EU-X-FUTURE-logo-co-funded-by-the-EU.png\" alt=\"\" width=\"523\" height=\"163\" srcset=\"https:\/\/www.imf.asso.fr\/pages\/wp-content\/uploads\/Logo-EU-X-FUTURE-logo-co-funded-by-the-EU.png 523w, https:\/\/www.imf.asso.fr\/pages\/wp-content\/uploads\/Logo-EU-X-FUTURE-logo-co-funded-by-the-EU-300x93.png 300w\" sizes=\"(max-width: 523px) 100vw, 523px\" \/><\/p>\n","protected":false},"excerpt":{"rendered":"","protected":false},"author":4,"featured_media":10476,"parent":4391,"menu_order":1,"comment_status":"closed","ping_status":"closed","template":"template-twocolumnsright.php","meta":{"footnotes":""},"_links":{"self":[{"href":"https:\/\/www.imf.asso.fr\/pages\/index.php?rest_route=\/wp\/v2\/pages\/13288"}],"collection":[{"href":"https:\/\/www.imf.asso.fr\/pages\/index.php?rest_route=\/wp\/v2\/pages"}],"about":[{"href":"https:\/\/www.imf.asso.fr\/pages\/index.php?rest_route=\/wp\/v2\/types\/page"}],"author":[{"embeddable":true,"href":"https:\/\/www.imf.asso.fr\/pages\/index.php?rest_route=\/wp\/v2\/users\/4"}],"replies":[{"embeddable":true,"href":"https:\/\/www.imf.asso.fr\/pages\/index.php?rest_route=%2Fwp%2Fv2%2Fcomments&post=13288"}],"version-history":[{"count":2,"href":"https:\/\/www.imf.asso.fr\/pages\/index.php?rest_route=\/wp\/v2\/pages\/13288\/revisions"}],"predecessor-version":[{"id":13453,"href":"https:\/\/www.imf.asso.fr\/pages\/index.php?rest_route=\/wp\/v2\/pages\/13288\/revisions\/13453"}],"up":[{"embeddable":true,"href":"https:\/\/www.imf.asso.fr\/pages\/index.php?rest_route=\/wp\/v2\/pages\/4391"}],"wp:featuredmedia":[{"embeddable":true,"href":"https:\/\/www.imf.asso.fr\/pages\/index.php?rest_route=\/wp\/v2\/media\/10476"}],"wp:attachment":[{"href":"https:\/\/www.imf.asso.fr\/pages\/index.php?rest_route=%2Fwp%2Fv2%2Fmedia&parent=13288"}],"curies":[{"name":"wp","href":"https:\/\/api.w.org\/{rel}","templated":true}]}}

<p><!--more--></p>
<p>Nous sommes ravis d&rsquo;annoncer que l&rsquo;<span style="color: #1d60ab;"><strong>Institut Méditerranéen de Formation et de Recherche en Intervention Sociale</strong></span> (IMF RIS), aux côté de nos précieux partenaires <strong><span style="color: #1d60ab;">Asociación Iniciativa Internacional Joven</span></strong> (Espagne – coordinateur), <span style="color: #1d60ab;"><strong>Youth Bridges Budapest</strong></span> (Hongrie), <span style="color: #1d60ab;"><strong>Travelogue APS</strong></span> (Italie) et<strong><span style="color: #1d60ab;"> Associação de Artistas</span> <span style="color: #1d60ab;">Urbanos e de Transformação Social</span></strong> (Portugal), fait partie des lauréats du programme européen <strong>CERV</strong> (Citizens, Equality, Rights and Values) de la <span style="color: #1d60ab;"><strong>Commission Européenne</strong></span> avec le projet <span style="color: #1d60ab;"><em><strong>EUxFuture &#8211; European common history for a better future</strong></em></span>.</p>
<p>&nbsp;</p>
<p><span style="color: #1d60ab; font-size: 18pt;"><strong>Les objectifs :</strong></span></p>
<ul>
<li><strong>Commémorer le 75ᵉ anniversaire de la Déclaration Schuman</strong>, qui a mené à la création de la CECA (Communauté Européenne du Charbon et de l&rsquo;Acier), organisation internationale qui a posé les bases de l&rsquo;Union Européenne actuelle.</li>
<li><strong>Développer des activités intergénérationnelles</strong> pour partager et co-construire des connaissances sur l&rsquo;UE.</li>
<li><strong>Renforcer le sentiment d’appartenance des citoyens à l’Union Européenne</strong> à travers l’analyse de son impact sur nos vies.</li>
<li><strong>Établir un réseau d’organisations de cinq pays européens engagés</strong> pour une meilleure compréhension de l’UE.</li>
</ul>
<p>&nbsp;</p>
<p><span style="color: #1d60ab; font-size: 18pt;"><strong>Les principales actions :</strong></span></p>
<ul>
<li>Collecte de <strong>témoignages vidéo</strong> de personnes de plus de 70 ans ayant été témoins des débuts de l&rsquo;intégration européenne.</li>
<li>Organisation d&rsquo;<strong>expositions photo</strong> et de<strong> tables rondes</strong> sur les transformations européennes depuis la Déclaration Schuman.</li>
<li>Création d’une <strong>fresque murale participative</strong> pour mettre en lumière notre histoire commune et réaliser des activités de médiation culturelle.</li>
</ul>
<p>&nbsp;</p>
<p>Nous sommes impatients de contribuer à ce projet et d&rsquo;échanger avec vous sur l&rsquo;histoire et l&rsquo;avenir de l&rsquo;Europe. Restez connectés pour suivre les prochaines étapes de cette aventure !</p>
<p>&nbsp;</p>
<p><img decoding="async" loading="lazy" class="alignnone wp-image-13451 size-full" src="https://www.imf.asso.fr/pages/wp-content/uploads/Logo-EU-X-FUTURE-logo-co-funded-by-the-EU.png" alt="" width="523" height="163" srcset="https://www.imf.asso.fr/pages/wp-content/uploads/Logo-EU-X-FUTURE-logo-co-funded-by-the-EU.png 523w, https://www.imf.asso.fr/pages/wp-content/uploads/Logo-EU-X-FUTURE-logo-co-funded-by-the-EU-300x93.png 300w" sizes="(max-width: 523px) 100vw, 523px" /></p>
