{"id":13153,"date":"2025-04-10T10:05:39","date_gmt":"2025-04-10T08:05:39","guid":{"rendered":"https:\/\/www.imf.asso.fr\/pages\/?page_id=13153"},"modified":"2025-11-17T16:29:10","modified_gmt":"2025-11-17T15:29:10","slug":"2024-2","status":"publish","type":"page","link":"https:\/\/www.imf.asso.fr\/pages\/?page_id=13153","title":{"rendered":"2024-2025"},"content":{"rendered":"<p><!--more--><\/p>\n<p><span class=\"OYPEnA font-feature-liga-off font-feature-clig-off font-feature-calt-off text-decoration-none text-strikethrough-none\"><span style=\"color: #1d60ab;\"><strong>L&rsquo;IMF RIS est une association regorgeant d&rsquo;initiatives \u00e9tudiantes et de projets vari\u00e9s<\/strong><\/span> : festivals, s\u00e9minaires, expositions, conf\u00e9rences, concours, collectes solidaires&#8230; Cette page vise \u00e0 documenter nos actions et \u00e0 les mettre en lumi\u00e8re. <span style=\"color: #1d60ab;\"><strong>D\u00e9couvrez les actions mises en place pendant l&rsquo;ann\u00e9e scolaire 2024-2025<\/strong><\/span>.<\/span><\/p>\n<p>&nbsp;<\/p>\n<p><span style=\"font-size: 18pt; color: #1d60ab;\"><strong>JUILLET<\/strong><\/span><\/p>\n<p><a style=\"padding: 20px 15px; background: #eee; border-radius: 40px; border: 1px solid #daecf2; margin: 0; display: inline-block;\" href=\"https:\/\/www.imf.asso.fr\/pages\/?page_id=13670\"><strong><span style=\"text-align: center; background: #1d60ab; padding: 5px 10px; display: inline-block; width: 35px; margin: 0px 10px 0 0; border-radius: 20px; color: white;\">\u2794<\/span><span style=\"text-align: center; background: white; padding: 5px 10px; display: inline-block; width: 150px; margin: 0px 10px 0 0; border-radius: 20px; color: #1d60ab;\">01 Juillet 2025<\/span><span style=\"text-align: center; background: white; padding: 5px 20px; display: inline-block; margin: 0; border-radius: 20px; color: #1d60ab;\">Europe Sociale : Regards citoyens, Regards Inclusifs<\/span><\/strong><\/a><\/p>\n<p>&nbsp;<\/p>\n<p><span style=\"font-size: 18pt; color: #1d60ab;\"><strong>JUIN<\/strong><\/span><\/p>\n<p><a style=\"padding: 20px 15px; background: #eee; border-radius: 40px; border: 1px solid #daecf2; margin: 0; display: inline-block;\" href=\"https:\/\/www.imf.asso.fr\/pages\/?page_id=13688&amp;preview=true\"><strong><span style=\"text-align: center; background: #1d60ab; padding: 5px 10px; display: inline-block; width: 35px; margin: 0px 10px 0 0; border-radius: 20px; color: white;\">\u2794<\/span><span style=\"text-align: center; background: white; padding: 5px 10px; display: inline-block; width: 150px; margin: 0px 10px 0 0; border-radius: 20px; color: #1d60ab;\">Juin 2025<\/span><span style=\"text-align: center; background: white; padding: 5px 20px; display: inline-block; margin: 0; border-radius: 20px; color: #1d60ab;\">S\u00e9minaire Arts et Travail Social<\/span><\/strong><\/a><\/p>\n<p>&nbsp;<\/p>\n<p><span style=\"font-size: 18pt; color: #1d60ab;\"><strong>MAI<\/strong><\/span><\/p>\n<p><a style=\"padding: 20px 15px; background: #eee; border-radius: 40px; border: 1px solid #daecf2; margin: 0; display: inline-block;\" href=\"https:\/\/www.imf.asso.fr\/pages\/?page_id=13431\"><strong><span style=\"text-align: center; background: #1d60ab; padding: 5px 10px; display: inline-block; width: 35px; margin: 0px 10px 0 0; border-radius: 20px; color: white;\">\u2794<\/span><span style=\"text-align: center; background: white; padding: 5px 10px; display: inline-block; width: 150px; margin: 0px 10px 0 0; border-radius: 20px; color: #1d60ab;\">14 Mai 2025<\/span><span style=\"text-align: center; background: white; padding: 5px 20px; display: inline-block; margin: 0; border-radius: 20px; color: #1d60ab;\">Expo photos : les valeurs europ\u00e9ennes<\/span><\/strong><\/a><\/p>\n<p><a style=\"padding: 20px 15px; background: #eee; border-radius: 40px; border: 1px solid #daecf2; margin: 0; display: inline-block;\" href=\"https:\/\/youtube.com\/shorts\/mwOJZqAMsQA\"><strong><span style=\"text-align: center; background: #1d60ab; padding: 5px 10px; display: inline-block; width: 35px; margin: 0px 10px 0 0; border-radius: 20px; color: white;\">\u2794<\/span><span style=\"text-align: center; background: white; padding: 5px 10px; display: inline-block; width: 150px; margin: 0px 10px 0 0; border-radius: 20px; color: #1d60ab;\">Mai 2025<\/span><span style=\"text-align: center; background: white; padding: 5px 20px; display: inline-block; margin: 0; border-radius: 20px; color: #1d60ab;\">Parcours OASISS : t\u00e9moignages<\/span><\/strong><\/a><\/p>\n<p>&nbsp;<\/p>\n<p><span style=\"font-size: 18pt; color: #1d60ab;\"><strong>AVRIL<\/strong> <\/span><\/p>\n<p><a style=\"padding: 20px 15px; background: #eee; border-radius: 40px; margin: 0; display: inline-block; border: 1px solid #daecf2;\" href=\"https:\/\/www.linkedin.com\/feed\/update\/urn:li:activity:7309890853492219904\"><strong><span style=\"text-align: center; background: #1d60ab; padding: 5px 10px; display: inline-block; width: 35px; margin: 0px 10px 0 0; border-radius: 20px; color: white;\">\u2794<\/span><span style=\"text-align: center; background: white; padding: 5px 10px; display: inline-block; width: 150px; margin: 0px 10px 0 0; border-radius: 20px; color: #1d60ab;\">Avril 2025<\/span><span style=\"text-align: center; background: white; padding: 5px 20px; display: inline-block; margin: 0; border-radius: 20px; color: #1d60ab;\">Caf\u00e9 pour la Paix<\/span><\/strong><\/a><\/p>\n<p><a style=\"padding: 20px 15px; background: #eee; border-radius: 40px; margin: 0; display: inline-block; border: 1px solid #daecf2;\" href=\"https:\/\/www.linkedin.com\/feed\/update\/urn:li:activity:7310695030925529088\"><strong><span style=\"text-align: center; background: #1d60ab; padding: 5px 10px; display: inline-block; width: 35px; margin: 0px 10px 0 0; border-radius: 20px; color: white;\">\u2794<\/span><span style=\"text-align: center; background: white; padding: 5px 10px; display: inline-block; width: 150px; margin: 0px 10px 0 0; border-radius: 20px; color: #1d60ab;\">Avril 2025<\/span><span style=\"text-align: center; background: white; padding: 5px 20px; display: inline-block; margin: 0; border-radius: 20px; color: #1d60ab;\">Journ\u00e9e du Travail Social avec les auteurs P. Pujol et S. Allemand <br \/>\n<\/span><\/strong><\/a><\/p>\n<p><span style=\"font-size: 18pt; color: #1d60ab;\"><strong><br \/>\nMARS<\/strong> <\/span><\/p>\n<p><a style=\"padding: 20px 15px; background: #eee; border-radius: 40px; margin: 0; display: inline-block; border: 1px solid #daecf2;\" href=\"https:\/\/www.imf.asso.fr\/pages\/?page_id=12975\"><strong><span style=\"text-align: center; background: #1d60ab; padding: 5px 10px; display: inline-block; width: 35px; margin: 0px 10px 0 0; border-radius: 20px; color: white;\">\u2794<\/span><span style=\"text-align: center; background: white; padding: 5px 10px; display: inline-block; width: 150px; margin: 0px 10px 0 0; border-radius: 20px; color: #1d60ab;\">Mars-Mai 2025<\/span><span style=\"text-align: center; background: white; padding: 5px 20px; display: inline-block; margin: 0; border-radius: 20px; color: #1d60ab;\">Concours Youth For Peace<\/span><\/strong><\/a><\/p>\n<p><a style=\"padding: 20px 15px; background: #eee; border-radius: 40px; margin: 0; display: inline-block; border: 1px solid #daecf2;\" href=\"https:\/\/www.linkedin.com\/feed\/update\/urn:li:activity:7309963821324943362\"><strong><span style=\"text-align: center; background: #1d60ab; padding: 5px 10px; display: inline-block; width: 35px; margin: 0px 10px 0 0; border-radius: 20px; color: white;\">\u2794<\/span><span style=\"text-align: center; background: white; padding: 5px 10px; display: inline-block; width: 150px; margin: 0px 10px 0 0; border-radius: 20px; color: #1d60ab;\">Mars\u00a0 2025<\/span><span style=\"text-align: center; background: white; padding: 5px 20px; display: inline-block; margin: 0; border-radius: 20px; color: #1d60ab;\">Exposition : le soutien \u00e0 la parentalit\u00e9<\/span><\/strong><\/a><\/p>\n<p><a style=\"padding: 20px 15px; background: #eee; border-radius: 40px; margin: 0; display: inline-block; border: 1px solid #daecf2;\" href=\"https:\/\/www.linkedin.com\/feed\/update\/urn:li:activity:7313536083906985986\/\"><strong><span style=\"text-align: center; background: #1d60ab; padding: 5px 10px; display: inline-block; width: 35px; margin: 0px 10px 0 0; border-radius: 20px; color: white;\">\u2794<\/span><span style=\"text-align: center; background: white; padding: 5px 10px; display: inline-block; width: 150px; margin: 0px 10px 0 0; border-radius: 20px; color: #1d60ab;\">Mars 2025<\/span><span style=\"text-align: center; background: white; padding: 5px 20px; display: inline-block; margin: 0; border-radius: 20px; color: #1d60ab;\">Exposition : la Journ\u00e9e des Droits des Femmes<\/span><\/strong><\/a><\/p>\n<p><a style=\"padding: 20px 15px; background: #eee; border-radius: 40px; margin: 0; display: inline-block; border: 1px solid #daecf2;\" href=\"https:\/\/www.linkedin.com\/feed\/update\/urn:li:activity:7308127941941424128\/\"><strong><span style=\"text-align: center; background: #1d60ab; padding: 5px 10px; display: inline-block; width: 35px; margin: 0px 10px 0 0; border-radius: 20px; color: white;\">\u2794<\/span><span style=\"text-align: center; background: white; padding: 5px 10px; display: inline-block; width: 150px; margin: 0px 10px 0 0; border-radius: 20px; color: #1d60ab;\">Mars 2025<\/span><span style=\"text-align: center; background: white; padding: 5px 20px; display: inline-block; margin: 0; border-radius: 20px; color: #1d60ab;\">PRMSE : le discours de Clara devant Renaud Muselier<\/span><\/strong><\/a><\/p>\n<p><a style=\"padding: 20px 15px; background: #eee; border-radius: 40px; margin: 0; display: inline-block; border: 1px solid #daecf2;\" href=\"https:\/\/www.linkedin.com\/feed\/update\/urn:li:activity:7308186834096779264\/\"><strong><span style=\"text-align: center; background: #1d60ab; padding: 5px 10px; display: inline-block; width: 35px; margin: 0px 10px 0 0; border-radius: 20px; color: white;\">\u2794<\/span><span style=\"text-align: center; background: white; padding: 5px 10px; display: inline-block; width: 150px; margin: 0px 10px 0 0; border-radius: 20px; color: #1d60ab;\">Mars 2025<\/span><span style=\"text-align: center; background: white; padding: 5px 20px; display: inline-block; margin: 0; border-radius: 20px; color: #1d60ab;\">La semaine \u00ab\u00a0Apprendre autrement en situation de travail\u00a0\u00bb<\/span><\/strong><\/a><\/p>\n<p><span style=\"font-size: 18pt; color: #1d60ab;\"><strong><br \/>\nF\u00c9VRIER<\/strong> <\/span><\/p>\n<p><a style=\"padding: 20px 15px; background: #eee; border-radius: 40px; margin: 0; display: inline-block; border: 1px solid #daecf2;\" href=\"https:\/\/youtu.be\/HXjnM_QdfGs\"><strong><span style=\"text-align: center; background: #1d60ab; padding: 5px 10px; display: inline-block; width: 35px; margin: 0px 10px 0 0; border-radius: 20px; color: white;\">\u2794<\/span><span style=\"text-align: center; background: white; padding: 5px 10px; display: inline-block; width: 150px; margin: 0px 10px 0 0; border-radius: 20px; color: #1d60ab;\">F\u00e9vrier 2025<\/span><span style=\"text-align: center; background: white; padding: 5px 20px; display: inline-block; margin: 0; border-radius: 20px; color: #1d60ab;\">Mobilit\u00e9s : le stage de Shobha en Belgique<\/span><\/strong><\/a><\/p>\n<p><span style=\"font-size: 18pt; color: #1d60ab;\"><strong><br \/>\nJANVIER<\/strong><\/span><\/p>\n<p><a style=\"padding: 20px 15px; background: #eee; border-radius: 40px; margin: 0; display: inline-block; border: 1px solid #daecf2;\" href=\"https:\/\/www.linkedin.com\/feed\/update\/urn:li:activity:7293223936182382592\"><strong><span style=\"text-align: center; background: #1d60ab; padding: 5px 10px; display: inline-block; width: 35px; margin: 0px 10px 0 0; border-radius: 20px; color: white;\">\u2794<\/span><span style=\"text-align: center; background: white; padding: 5px 10px; display: inline-block; width: 150px; margin: 0px 10px 0 0; border-radius: 20px; color: #1d60ab;\">Janvier 2025<\/span><span style=\"text-align: center; background: white; padding: 5px 20px; display: inline-block; margin: 0; border-radius: 20px; color: #1d60ab;\">Collecte Solidaire de denr\u00e9es alimentaires<\/span><\/strong><\/a><\/p>\n<p><a style=\"padding: 20px 15px; background: #eee; border-radius: 40px; margin: 0; display: inline-block; border: 1px solid #daecf2;\" href=\"https:\/\/www.imf.asso.fr\/pages\/?page_id=11637\"><strong><span style=\"text-align: center; background: #1d60ab; padding: 5px 10px; display: inline-block; width: 35px; margin: 0px 10px 0 0; border-radius: 20px; color: white;\">\u2794<\/span><span style=\"text-align: center; background: white; padding: 5px 10px; display: inline-block; width: 150px; margin: 0px 10px 0 0; border-radius: 20px; color: #1d60ab;\">Janvier 2025<\/span><span style=\"text-align: center; background: white; padding: 5px 20px; display: inline-block; margin: 0; border-radius: 20px; color: #1d60ab;\">Festival du Cin\u00e9ma Social Hors les Murs<\/span><\/strong><\/a><\/p>\n<p>&nbsp;<\/p>\n<p><span style=\"color: #1d60ab; font-size: 18pt;\"><strong>DECEMBRE<\/strong><\/span><\/p>\n<p><a style=\"padding: 20px 15px; background: #eee; border-radius: 40px; margin: 0; display: inline-block;\" href=\"https:\/\/www.imf.asso.fr\/pages\/?p=15230\"><strong><span style=\"text-align: center; background: #1d60ab; padding: 5px 10px; display: inline-block; width: 35px; margin: 0px 10px 0 0; border-radius: 20px; color: white;\">\u2794<\/span><span style=\"text-align: center; background: white; padding: 5px 10px; display: inline-block; width: 150px; margin: 0px 10px 0 0; border-radius: 20px; color: #1d60ab;\">D\u00e9cembre 2024<\/span><span style=\"text-align: center; background: white; padding: 5px 20px; display: inline-block; margin: 0; border-radius: 20px; color: #1d60ab;\">DuoDays<\/span><\/strong><\/a><\/p>\n<p>&nbsp;<\/p>\n<p><span style=\"color: #1d60ab; font-size: 18pt;\"><strong>SEPTEMBRE<\/strong><\/span><\/p>\n<p><a style=\"padding: 20px 15px; background: #eee; border-radius: 40px; margin: 0; display: inline-block;\" href=\"https:\/\/www.imf.asso.fr\/pages\/?page_id=11692\"><strong><span style=\"text-align: center; background: #1d60ab; padding: 5px 10px; display: inline-block; width: 35px; margin: 0px 10px 0 0; border-radius: 20px; color: white;\">\u2794<\/span><span style=\"text-align: center; background: white; padding: 5px 10px; display: inline-block; width: 150px; margin: 0px 10px 0 0; border-radius: 20px; color: #1d60ab;\">Septembre 2024<\/span><span style=\"text-align: center; background: white; padding: 5px 20px; display: inline-block; margin: 0; border-radius: 20px; color: #1d60ab;\">Fiction Sonore : un retard myst\u00e9rieux<\/span><\/strong><\/a><\/p>\n<p>&nbsp;<\/p>\n<p><span style=\"color: #1d60ab; font-size: 18pt;\"><strong>JUIN<\/strong><\/span><\/p>\n<p><a style=\"padding: 20px 15px; background: #eee; border-radius: 40px; margin: 0; display: inline-block;\" href=\"https:\/\/www.imf.asso.fr\/pages\/?p=10656\"><strong><span style=\"text-align: center; background: #1d60ab; padding: 5px 10px; display: inline-block; width: 35px; margin: 0px 10px 0 0; border-radius: 20px; color: white;\">\u2794<\/span><span style=\"text-align: center; background: white; padding: 5px 10px; display: inline-block; width: 150px; margin: 0px 10px 0 0; border-radius: 20px; color: #1d60ab;\">Juin 2024<\/span><span style=\"text-align: center; background: white; padding: 5px 20px; display: inline-block; margin: 0; border-radius: 20px; color: #1d60ab;\">Concours Filme Ton Job : la victoire de Clara<\/span><\/strong><\/a><\/p>\n<p>&nbsp;<\/p>\n","protected":false},"excerpt":{"rendered":"","protected":false},"author":4,"featured_media":0,"parent":13080,"menu_order":1,"comment_status":"closed","ping_status":"closed","template":"template-twocolumnsleft.php","meta":{"footnotes":""},"_links":{"self":[{"href":"https:\/\/www.imf.asso.fr\/pages\/index.php?rest_route=\/wp\/v2\/pages\/13153"}],"collection":[{"href":"https:\/\/www.imf.asso.fr\/pages\/index.php?rest_route=\/wp\/v2\/pages"}],"about":[{"href":"https:\/\/www.imf.asso.fr\/pages\/index.php?rest_route=\/wp\/v2\/types\/page"}],"author":[{"embeddable":true,"href":"https:\/\/www.imf.asso.fr\/pages\/index.php?rest_route=\/wp\/v2\/users\/4"}],"replies":[{"embeddable":true,"href":"https:\/\/www.imf.asso.fr\/pages\/index.php?rest_route=%2Fwp%2Fv2%2Fcomments&post=13153"}],"version-history":[{"count":4,"href":"https:\/\/www.imf.asso.fr\/pages\/index.php?rest_route=\/wp\/v2\/pages\/13153\/revisions"}],"predecessor-version":[{"id":15258,"href":"https:\/\/www.imf.asso.fr\/pages\/index.php?rest_route=\/wp\/v2\/pages\/13153\/revisions\/15258"}],"up":[{"embeddable":true,"href":"https:\/\/www.imf.asso.fr\/pages\/index.php?rest_route=\/wp\/v2\/pages\/13080"}],"wp:attachment":[{"href":"https:\/\/www.imf.asso.fr\/pages\/index.php?rest_route=%2Fwp%2Fv2%2Fmedia&parent=13153"}],"curies":[{"name":"wp","href":"https:\/\/api.w.org\/{rel}","templated":true}]}}