{"id":13080,"date":"2025-04-09T16:09:36","date_gmt":"2025-04-09T14:09:36","guid":{"rendered":"https:\/\/www.imf.asso.fr\/pages\/?page_id=13080"},"modified":"2026-04-21T16:33:13","modified_gmt":"2026-04-21T14:33:13","slug":"valorisation","status":"publish","type":"page","link":"https:\/\/www.imf.asso.fr\/pages\/?page_id=13080","title":{"rendered":"Nos actions"},"content":{"rendered":"<p>&nbsp;<\/p>\n<p><span class=\"OYPEnA font-feature-liga-off font-feature-clig-off font-feature-calt-off text-decoration-none text-strikethrough-none\"><span style=\"color: #1d60ab;\"><strong>L&rsquo;IMF RIS est une association regorgeant d&rsquo;initiatives \u00e9tudiantes, \u00e9v\u00e8nements et projets vari\u00e9s<\/strong><\/span> : festivals, s\u00e9minaires, expositions, conf\u00e9rences, concours, collectes solidaires, c\u00e9r\u00e9monies&#8230; Cette page vise \u00e0 documenter nos actions sur l&rsquo;ann\u00e9e scolaire en cours et \u00e0 les mettre en lumi\u00e8re.<\/span><\/p>\n<p>&nbsp;<\/p>\n<p style=\"font-size: 18pt; background-color: #1d60ab; color: #fff; padding: 7px 10px 8px 10px; display: inline;\"><strong>AVRIL 2026<\/strong><\/p>\n<p>&nbsp;<\/p>\n<p><a style=\"border: 1px solid #fff; padding: 0 30px 0 0; background: #efefef; border-radius: 20px; margin: 5px 0; display: inline-block; box-shadow: 3px 3px 8px #ccc;\" href=\"https:\/\/www.imf.asso.fr\/pages\/?page_id=16718\"><strong><img decoding=\"async\" style=\"height: 80px; padding: 0; border-radius: 20px 100px 0 20px; margin: 0 10px 1px 3px;\" src=\"https:\/\/www.imf.asso.fr\/pages\/wp-content\/uploads\/Slider-site-IMF-29.png\" \/><\/strong><span style=\"text-align: center; display: inline-block; color: #333; padding: 0px; margin: 10px 10px 0px; font-size: 12pt;\"><span style=\"color: #1b60ab;\"><strong>9 Avril 26<\/strong><\/span>\u00a0 \u00a0|\u00a0 \u00a0<strong>Avignon<\/strong>\u00a0 \u00a0|<\/span><span style=\"text-align: center; display: inline-block; margin: 10px 0 0 0; padding: 5px 0 0 0; color: #1d60ab;\"><span style=\"color: #000000;\"><span style=\"color: #1d60ab;\"><strong>Journ\u00e9e Culturelle<\/strong><\/span><\/span><\/span><\/a><\/p>\n<p><a style=\"border: 1px solid #fff; padding: 0 30px 0 0; background: #efefef; border-radius: 20px; margin: 5px 0; display: inline-block; box-shadow: 3px 3px 8px #ccc;\" href=\"https:\/\/crm.imf.asso.fr\/index.php?lvl=cmspage&amp;pageid=6&amp;id_rubrique=4\"><strong><img decoding=\"async\" style=\"height: 80px; padding: 0; border-radius: 20px 100px 0 20px; margin: 0 10px 1px 3px;\" src=\"https:\/\/www.imf.asso.fr\/pages\/wp-content\/uploads\/ecrans-de-la-doc.png\" \/><\/strong><span style=\"text-align: center; display: inline-block; color: #333; padding: 0px; margin: 10px 10px 0px; font-size: 12pt;\"><span style=\"color: #1b60ab;\"><strong>9 Avril 26<\/strong><\/span>\u00a0 \u00a0|\u00a0 \u00a0<strong>Marseille<\/strong>\u00a0 \u00a0|<\/span><span style=\"text-align: center; display: inline-block; margin: 10px 0 0 0; padding: 5px 0 0 0; color: #1d60ab;\"><span style=\"color: #000000;\"><span style=\"color: #1d60ab;\"><strong>Les \u00c9crans de la doc<\/strong><\/span><\/span><\/span><\/a><\/p>\n<p><a style=\"border: 1px solid #fff; padding: 0 30px 0 0; background: #efefef; border-radius: 20px; margin: 5px 0; display: inline-block; box-shadow: 3px 3px 8px #ccc;\" href=\"https:\/\/www.imf.asso.fr\/pages\/?p=15436\"><strong><img decoding=\"async\" style=\"height: 80px; padding: 0; border-radius: 20px 100px 0 20px; margin: 0 10px 1px 3px;\" src=\"https:\/\/www.imf.asso.fr\/pages\/wp-content\/uploads\/lecturespartage-speedbooking.png\" \/><\/strong><span style=\"text-align: center; display: inline-block; color: #333; padding: 0px; margin: 10px 10px 0px; font-size: 12pt;\"><span style=\"color: #1b60ab;\"><strong>27 Avril 26<\/strong><\/span>\u00a0 \u00a0|\u00a0 <strong>Marseille<\/strong>\u00a0 |<\/span><span style=\"text-align: center; display: inline-block; margin: 10px 0 0 0; padding: 5px 0 0 0; color: #1d60ab;\"><span style=\"color: #000000;\"><span style=\"color: #1d60ab;\"><strong>Speed Booking<\/strong><\/span><\/span><\/span><\/a><\/p>\n<p>&nbsp;<\/p>\n<p style=\"font-size: 18pt; background-color: #1d60ab; color: #fff; padding: 7px 10px 8px 10px; display: inline;\"><strong>MAI 2026<\/strong><\/p>\n<p>&nbsp;<\/p>\n<p><a style=\"border: 1px solid #fff; padding: 0 30px 0 0; background: #efefef; border-radius: 20px; margin: 5px 0; display: inline-block; box-shadow: 3px 3px 8px #ccc;\" href=\"https:\/\/www.imf.asso.fr\/pages\/?p=15436\"><strong><img decoding=\"async\" style=\"height: 80px; padding: 0; border-radius: 20px 100px 0 20px; margin: 0 10px 1px 3px;\" src=\"https:\/\/www.imf.asso.fr\/pages\/wp-content\/uploads\/lecturespartage-speedbooking.png\" \/><\/strong><span style=\"text-align: center; display: inline-block; color: #333; padding: 0px; margin: 10px 10px 0px; font-size: 12pt;\"><span style=\"color: #1b60ab;\"><strong>7 Mai 26<\/strong><\/span>\u00a0 \u00a0|\u00a0 <strong>Marseille<\/strong>\u00a0 |<\/span><span style=\"text-align: center; display: inline-block; margin: 10px 0 0 0; padding: 5px 0 0 0; color: #1d60ab;\"><span style=\"color: #000000;\"><span style=\"color: #1d60ab;\"><strong>Speed Booking<\/strong><\/span><\/span><\/span><\/a><\/p>\n<p><a style=\"border: 1px solid #fff; padding: 0 30px 0 0; background: #efefef; border-radius: 20px; margin: 5px 0; display: inline-block; box-shadow: 3px 3px 8px #ccc;\" href=\"https:\/\/crm.imf.asso.fr\/index.php?lvl=cmspage&amp;pageid=6&amp;id_rubrique=4\"><strong><img decoding=\"async\" style=\"height: 80px; padding: 0; border-radius: 20px 100px 0 20px; margin: 0 10px 1px 3px;\" src=\"https:\/\/www.imf.asso.fr\/pages\/wp-content\/uploads\/ecrans-de-la-doc.png\" \/><\/strong><span style=\"text-align: center; display: inline-block; color: #333; padding: 0px; margin: 10px 10px 0px; font-size: 12pt;\"><span style=\"color: #1b60ab;\"><strong>11 Mai 26<\/strong><\/span>\u00a0 \u00a0|\u00a0 \u00a0<strong>Marseille<\/strong>\u00a0 \u00a0|<\/span><span style=\"text-align: center; display: inline-block; margin: 10px 0 0 0; padding: 5px 0 0 0; color: #1d60ab;\"><span style=\"color: #000000;\"><span style=\"color: #1d60ab;\"><strong>Les \u00c9crans de la doc<\/strong><\/span><\/span><\/span><\/a><\/p>\n<p><a style=\"border: 1px solid #fff; padding: 0 30px 0 0; background: #efefef; border-radius: 20px; margin: 5px 0; display: inline-block; box-shadow: 3px 3px 8px #ccc;\" href=\"https:\/\/www.imf.asso.fr\/pages\/?page_id=17303\"><strong><img decoding=\"async\" style=\"height: 80px; padding: 0; border-radius: 20px 100px 0 20px; margin: 0 10px 1px 3px;\" src=\"https:\/\/www.imf.asso.fr\/pages\/wp-content\/uploads\/Slider-site-IMF-31.png\" \/><\/strong><span style=\"text-align: center; display: inline-block; color: #333; padding: 0px; margin: 10px 10px 0px; font-size: 12pt;\"><span style=\"color: #1b60ab;\"><strong>20 Mai 26<\/strong><\/span>\u00a0 \u00a0|\u00a0 \u00a0<strong>Avignon<\/strong>\u00a0 \u00a0|<\/span><span style=\"text-align: center; display: inline-block; margin: 10px 0 0 0; padding: 5px 0 0 0; color: #1d60ab;\"><span style=\"color: #000000;\"><span style=\"color: #1d60ab;\"><strong>Design Social<\/strong><\/span><\/span><\/span><\/a><\/p>\n<p><a style=\"border: 1px solid #fff; padding: 0 30px 0 0; background: #efefef; border-radius: 20px; margin: 5px 0; display: inline-block; box-shadow: 3px 3px 8px #ccc;\" href=\"https:\/\/www.imf.asso.fr\/pages\/?page_id=17317\"><strong><img decoding=\"async\" style=\"height: 80px; padding: 0; border-radius: 20px 100px 0 20px; margin: 0 10px 1px 3px;\" src=\"https:\/\/www.imf.asso.fr\/pages\/wp-content\/uploads\/Slider-site-IMF-32.png\" \/><\/strong><span style=\"text-align: center; display: inline-block; color: #333; padding: 0px; margin: 10px 10px 0px; font-size: 12pt;\"><span style=\"color: #1b60ab;\"><strong>28 Mai 26<\/strong><\/span>\u00a0 \u00a0|\u00a0 \u00a0<strong>Marseille<\/strong>\u00a0 \u00a0|<\/span><span style=\"text-align: center; display: inline-block; margin: 10px 0 0 0; padding: 5px 0 0 0; color: #1d60ab;\"><span style=\"color: #000000;\"><span style=\"color: #1d60ab;\"><strong>Int\u00e9graSports<\/strong><\/span><\/span><\/span><\/a><\/p>\n<p>&nbsp;<\/p>\n<p style=\"font-size: 18pt; background-color: #1d60ab; color: #fff; padding: 7px 10px 8px 10px; display: inline;\"><strong>JUIN 2026<\/strong><\/p>\n<p>&nbsp;<\/p>\n<p><a style=\"border: 1px solid #fff; padding: 0 30px 0 0; background: #efefef; border-radius: 20px; margin: 5px 0; display: inline-block; box-shadow: 3px 3px 8px #ccc;\" href=\"https:\/\/www.imf.asso.fr\/pages\/?page_id=17335\"><strong><img decoding=\"async\" style=\"height: 80px; padding: 0; border-radius: 20px 100px 0 20px; margin: 0 10px 1px 3px;\" src=\"https:\/\/www.imf.asso.fr\/pages\/wp-content\/uploads\/Slider-site-IMF-34.png\" \/><\/strong><span style=\"text-align: center; display: inline-block; color: #333; padding: 0px; margin: 10px 10px 0px; font-size: 12pt;\"><span style=\"color: #1b60ab;\"><strong>1 Juin 26<\/strong><\/span>\u00a0 \u00a0|\u00a0 \u00a0<strong>Marseille<\/strong>\u00a0 \u00a0|<\/span><span style=\"text-align: center; display: inline-block; margin: 10px 0 0 0; padding: 5px 0 0 0; color: #1d60ab;\"><span style=\"color: #000000;\"><span style=\"color: #1d60ab;\"><strong>Monde Pluriel<\/strong><\/span><\/span><\/span><\/a><\/p>\n<p>&nbsp;<\/p>\n<p><span style=\"color: #1d60ab; font-size: 18pt;\"><strong>Les actions pass\u00e9es :<\/strong><\/span><\/p>\n","protected":false},"excerpt":{"rendered":"<p>&nbsp;<\/p>\n<p><span class=\"OYPEnA font-feature-liga-off font-feature-clig-off font-feature-calt-off text-decoration-none text-strikethrough-none\"><span style=\"color: #1d60ab;\"><strong>L&rsquo;IMF RIS est une association regorgeant d&rsquo;initiatives \u00e9tudiantes, \u00e9v\u00e8nements et projets vari\u00e9s<\/strong><\/span> : festivals, s\u00e9minaires, expositions, conf\u00e9rences, concours, collectes solidaires, c\u00e9r\u00e9monies&#8230; Cette page vise \u00e0 documenter nos actions sur l&rsquo;ann\u00e9e scolaire en cours et \u00e0 les mettre en lumi\u00e8re.<\/span><\/p>\n<p>&nbsp;<\/p>\n<p style=\"font-size: 18pt; background-color: #1d60ab; color: &hellip; <\/p>\n<p><a class=\"more-link btn\" href=\"https:\/\/www.imf.asso.fr\/pages\/?page_id=13080\">Lire la suite<\/a><\/p>\n","protected":false},"author":4,"featured_media":0,"parent":0,"menu_order":0,"comment_status":"closed","ping_status":"closed","template":"template-twocolumnsright.php","meta":{"footnotes":""},"_links":{"self":[{"href":"https:\/\/www.imf.asso.fr\/pages\/index.php?rest_route=\/wp\/v2\/pages\/13080"}],"collection":[{"href":"https:\/\/www.imf.asso.fr\/pages\/index.php?rest_route=\/wp\/v2\/pages"}],"about":[{"href":"https:\/\/www.imf.asso.fr\/pages\/index.php?rest_route=\/wp\/v2\/types\/page"}],"author":[{"embeddable":true,"href":"https:\/\/www.imf.asso.fr\/pages\/index.php?rest_route=\/wp\/v2\/users\/4"}],"replies":[{"embeddable":true,"href":"https:\/\/www.imf.asso.fr\/pages\/index.php?rest_route=%2Fwp%2Fv2%2Fcomments&post=13080"}],"version-history":[{"count":4,"href":"https:\/\/www.imf.asso.fr\/pages\/index.php?rest_route=\/wp\/v2\/pages\/13080\/revisions"}],"predecessor-version":[{"id":17340,"href":"https:\/\/www.imf.asso.fr\/pages\/index.php?rest_route=\/wp\/v2\/pages\/13080\/revisions\/17340"}],"wp:attachment":[{"href":"https:\/\/www.imf.asso.fr\/pages\/index.php?rest_route=%2Fwp%2Fv2%2Fmedia&parent=13080"}],"curies":[{"name":"wp","href":"https:\/\/api.w.org\/{rel}","templated":true}]}}

<p>&nbsp;</p>
<p><span class="OYPEnA font-feature-liga-off font-feature-clig-off font-feature-calt-off text-decoration-none text-strikethrough-none"><span style="color: #1d60ab;"><strong>L&rsquo;IMF RIS est une association regorgeant d&rsquo;initiatives étudiantes, évènements et projets variés</strong></span> : festivals, séminaires, expositions, conférences, concours, collectes solidaires, cérémonies&#8230; Cette page vise à documenter nos actions sur l&rsquo;année scolaire en cours et à les mettre en lumière.</span></p>
<p>&nbsp;</p>
<p style="font-size: 18pt; background-color: #1d60ab; color: #fff; padding: 7px 10px 8px 10px; display: inline;"><strong>AVRIL 2026</strong></p>
<p>&nbsp;</p>
<p><a style="border: 1px solid #fff; padding: 0 30px 0 0; background: #efefef; border-radius: 20px; margin: 5px 0; display: inline-block; box-shadow: 3px 3px 8px #ccc;" href="https://www.imf.asso.fr/pages/?page_id=16718"><strong><img decoding="async" style="height: 80px; padding: 0; border-radius: 20px 100px 0 20px; margin: 0 10px 1px 3px;" src="https://www.imf.asso.fr/pages/wp-content/uploads/Slider-site-IMF-29.png" /></strong><span style="text-align: center; display: inline-block; color: #333; padding: 0px; margin: 10px 10px 0px; font-size: 12pt;"><span style="color: #1b60ab;"><strong>9 Avril 26</strong></span>   |   <strong>Avignon</strong>   |</span><span style="text-align: center; display: inline-block; margin: 10px 0 0 0; padding: 5px 0 0 0; color: #1d60ab;"><span style="color: #000000;"><span style="color: #1d60ab;"><strong>Journée Culturelle</strong></span></span></span></a></p>
<p><a style="border: 1px solid #fff; padding: 0 30px 0 0; background: #efefef; border-radius: 20px; margin: 5px 0; display: inline-block; box-shadow: 3px 3px 8px #ccc;" href="https://crm.imf.asso.fr/index.php?lvl=cmspage&amp;pageid=6&amp;id_rubrique=4"><strong><img decoding="async" style="height: 80px; padding: 0; border-radius: 20px 100px 0 20px; margin: 0 10px 1px 3px;" src="https://www.imf.asso.fr/pages/wp-content/uploads/ecrans-de-la-doc.png" /></strong><span style="text-align: center; display: inline-block; color: #333; padding: 0px; margin: 10px 10px 0px; font-size: 12pt;"><span style="color: #1b60ab;"><strong>9 Avril 26</strong></span>   |   <strong>Marseille</strong>   |</span><span style="text-align: center; display: inline-block; margin: 10px 0 0 0; padding: 5px 0 0 0; color: #1d60ab;"><span style="color: #000000;"><span style="color: #1d60ab;"><strong>Les Écrans de la doc</strong></span></span></span></a></p>
<p><a style="border: 1px solid #fff; padding: 0 30px 0 0; background: #efefef; border-radius: 20px; margin: 5px 0; display: inline-block; box-shadow: 3px 3px 8px #ccc;" href="https://www.imf.asso.fr/pages/?p=15436"><strong><img decoding="async" style="height: 80px; padding: 0; border-radius: 20px 100px 0 20px; margin: 0 10px 1px 3px;" src="https://www.imf.asso.fr/pages/wp-content/uploads/lecturespartage-speedbooking.png" /></strong><span style="text-align: center; display: inline-block; color: #333; padding: 0px; margin: 10px 10px 0px; font-size: 12pt;"><span style="color: #1b60ab;"><strong>27 Avril 26</strong></span>   |  <strong>Marseille</strong>  |</span><span style="text-align: center; display: inline-block; margin: 10px 0 0 0; padding: 5px 0 0 0; color: #1d60ab;"><span style="color: #000000;"><span style="color: #1d60ab;"><strong>Speed Booking</strong></span></span></span></a></p>
<p>&nbsp;</p>
<p style="font-size: 18pt; background-color: #1d60ab; color: #fff; padding: 7px 10px 8px 10px; display: inline;"><strong>MAI 2026</strong></p>
<p>&nbsp;</p>
<p><a style="border: 1px solid #fff; padding: 0 30px 0 0; background: #efefef; border-radius: 20px; margin: 5px 0; display: inline-block; box-shadow: 3px 3px 8px #ccc;" href="https://www.imf.asso.fr/pages/?p=15436"><strong><img decoding="async" style="height: 80px; padding: 0; border-radius: 20px 100px 0 20px; margin: 0 10px 1px 3px;" src="https://www.imf.asso.fr/pages/wp-content/uploads/lecturespartage-speedbooking.png" /></strong><span style="text-align: center; display: inline-block; color: #333; padding: 0px; margin: 10px 10px 0px; font-size: 12pt;"><span style="color: #1b60ab;"><strong>7 Mai 26</strong></span>   |  <strong>Marseille</strong>  |</span><span style="text-align: center; display: inline-block; margin: 10px 0 0 0; padding: 5px 0 0 0; color: #1d60ab;"><span style="color: #000000;"><span style="color: #1d60ab;"><strong>Speed Booking</strong></span></span></span></a></p>
<p><a style="border: 1px solid #fff; padding: 0 30px 0 0; background: #efefef; border-radius: 20px; margin: 5px 0; display: inline-block; box-shadow: 3px 3px 8px #ccc;" href="https://crm.imf.asso.fr/index.php?lvl=cmspage&amp;pageid=6&amp;id_rubrique=4"><strong><img decoding="async" style="height: 80px; padding: 0; border-radius: 20px 100px 0 20px; margin: 0 10px 1px 3px;" src="https://www.imf.asso.fr/pages/wp-content/uploads/ecrans-de-la-doc.png" /></strong><span style="text-align: center; display: inline-block; color: #333; padding: 0px; margin: 10px 10px 0px; font-size: 12pt;"><span style="color: #1b60ab;"><strong>11 Mai 26</strong></span>   |   <strong>Marseille</strong>   |</span><span style="text-align: center; display: inline-block; margin: 10px 0 0 0; padding: 5px 0 0 0; color: #1d60ab;"><span style="color: #000000;"><span style="color: #1d60ab;"><strong>Les Écrans de la doc</strong></span></span></span></a></p>
<p><a style="border: 1px solid #fff; padding: 0 30px 0 0; background: #efefef; border-radius: 20px; margin: 5px 0; display: inline-block; box-shadow: 3px 3px 8px #ccc;" href="https://www.imf.asso.fr/pages/?page_id=17303"><strong><img decoding="async" style="height: 80px; padding: 0; border-radius: 20px 100px 0 20px; margin: 0 10px 1px 3px;" src="https://www.imf.asso.fr/pages/wp-content/uploads/Slider-site-IMF-31.png" /></strong><span style="text-align: center; display: inline-block; color: #333; padding: 0px; margin: 10px 10px 0px; font-size: 12pt;"><span style="color: #1b60ab;"><strong>20 Mai 26</strong></span>   |   <strong>Avignon</strong>   |</span><span style="text-align: center; display: inline-block; margin: 10px 0 0 0; padding: 5px 0 0 0; color: #1d60ab;"><span style="color: #000000;"><span style="color: #1d60ab;"><strong>Design Social</strong></span></span></span></a></p>
<p><a style="border: 1px solid #fff; padding: 0 30px 0 0; background: #efefef; border-radius: 20px; margin: 5px 0; display: inline-block; box-shadow: 3px 3px 8px #ccc;" href="https://www.imf.asso.fr/pages/?page_id=17317"><strong><img decoding="async" style="height: 80px; padding: 0; border-radius: 20px 100px 0 20px; margin: 0 10px 1px 3px;" src="https://www.imf.asso.fr/pages/wp-content/uploads/Slider-site-IMF-32.png" /></strong><span style="text-align: center; display: inline-block; color: #333; padding: 0px; margin: 10px 10px 0px; font-size: 12pt;"><span style="color: #1b60ab;"><strong>28 Mai 26</strong></span>   |   <strong>Marseille</strong>   |</span><span style="text-align: center; display: inline-block; margin: 10px 0 0 0; padding: 5px 0 0 0; color: #1d60ab;"><span style="color: #000000;"><span style="color: #1d60ab;"><strong>IntégraSports</strong></span></span></span></a></p>
<p>&nbsp;</p>
<p style="font-size: 18pt; background-color: #1d60ab; color: #fff; padding: 7px 10px 8px 10px; display: inline;"><strong>JUIN 2026</strong></p>
<p>&nbsp;</p>
<p><a style="border: 1px solid #fff; padding: 0 30px 0 0; background: #efefef; border-radius: 20px; margin: 5px 0; display: inline-block; box-shadow: 3px 3px 8px #ccc;" href="https://www.imf.asso.fr/pages/?page_id=17335"><strong><img decoding="async" style="height: 80px; padding: 0; border-radius: 20px 100px 0 20px; margin: 0 10px 1px 3px;" src="https://www.imf.asso.fr/pages/wp-content/uploads/Slider-site-IMF-34.png" /></strong><span style="text-align: center; display: inline-block; color: #333; padding: 0px; margin: 10px 10px 0px; font-size: 12pt;"><span style="color: #1b60ab;"><strong>1 Juin 26</strong></span>   |   <strong>Marseille</strong>   |</span><span style="text-align: center; display: inline-block; margin: 10px 0 0 0; padding: 5px 0 0 0; color: #1d60ab;"><span style="color: #000000;"><span style="color: #1d60ab;"><strong>Monde Pluriel</strong></span></span></span></a></p>
<p>&nbsp;</p>
<p><span style="color: #1d60ab; font-size: 18pt;"><strong>Les actions passées :</strong></span></p>

<p>&nbsp;</p>
<p><span class="OYPEnA font-feature-liga-off font-feature-clig-off font-feature-calt-off text-decoration-none text-strikethrough-none"><span style="color: #1d60ab;"><strong>L&rsquo;IMF RIS est une association regorgeant d&rsquo;initiatives étudiantes, évènements et projets variés</strong></span> : festivals, séminaires, expositions, conférences, concours, collectes solidaires, cérémonies&#8230; Cette page vise à documenter nos actions sur l&rsquo;année scolaire en cours et à les mettre en lumière.</span></p>
<p>&nbsp;</p>
<p style="font-size: 18pt; background-color: #1d60ab; color: &hellip; </p>
<p><a class="more-link btn" href="https://www.imf.asso.fr/pages/?page_id=13080">Lire la suite</a></p>
