{"id":11821,"date":"2024-10-23T16:13:06","date_gmt":"2024-10-23T14:13:06","guid":{"rendered":"https:\/\/www.imf.asso.fr\/pages\/?page_id=11821"},"modified":"2025-03-06T10:20:26","modified_gmt":"2025-03-06T09:20:26","slug":"fc2408-intimite-et-sexualite-de-la-personne-agee","status":"publish","type":"page","link":"https:\/\/www.imf.asso.fr\/pages\/?page_id=11821","title":{"rendered":"FC2408 &#8211; Intimit\u00e9 et sexualit\u00e9 de la personne \u00e2g\u00e9e"},"content":{"rendered":"<div class=\"post_sous-title; non-visible\">FC2408 &#8211; Intimit\u00e9 et sexualit\u00e9 de la personne \u00e2g\u00e9e<\/div>\n<p><!--more--><\/p>\n<table>\n<tbody>\n<tr>\n<td class=\"cell_background_img\"><a href=\"https:\/\/www.imf.asso.fr\/pages\/wp-content\/uploads\/FC2408-SENIORLAB-Intimite-et-sexualite-de-la-personne-agee_converted.pdf\"><img decoding=\"async\" loading=\"lazy\" class=\"alignnone wp-image-10738 size-large\" src=\"https:\/\/www.imf.asso.fr\/pages\/wp-content\/uploads\/FC2408-SENIORLAB-Intimite-et-sexualite-de-la-personne-agee_converted.png\" alt=\"\" width=\"945\" height=\"669\" \/><\/a><\/td>\n<\/tr>\n<\/tbody>\n<\/table>\n<p><em>Documentation \u00e0 t\u00e9l\u00e9charger (plaquette, dossier d&rsquo;inscription, calendriers&#8230;) en page 2.<br \/>\n<\/em><!--nextpage--><\/p>\n<table>\n<tbody>\n<tr>\n<td>\n<h4><em>FC2408 &#8211; Intimit\u00e9 et sexualit\u00e9 de la personne \u00e2g\u00e9e<\/em><\/h4>\n<\/td>\n<\/tr>\n<\/tbody>\n<\/table>\n<table style=\"width: 100%; height: 118px;\">\n<tbody>\n<tr style=\"height: 118px;\">\n<td style=\"width: 81.7333%; height: 118px;\">\n<ul>\n<li><a href=\"https:\/\/www.imf.asso.fr\/pages\/wp-content\/uploads\/FC2408-SENIORLAB-Intimite-et-sexualite-de-la-personne-agee_converted.pdf\">Fiche FC2408 &#8211; Intimit\u00e9 et sexualit\u00e9 de la personne \u00e2g\u00e9e<\/a><\/li>\n<li><a href=\"https:\/\/forms.office.com\/Pages\/ResponsePage.aspx?id=8t8My6u1x0Gyi9OndG5U_BgGgOekM1FNgjjUOfZM9plURDk5T1JJU0JPT0lTSzhJN0xRN1c2NEhNMC4u\">S&rsquo;inscrire<\/a><\/li>\n<li><a href=\"mailto:seniorlab@imf.asso.fr\">Nous contacter<\/a><\/li>\n<\/ul>\n<\/td>\n<td style=\"width: 18.1334%; height: 118px;\">\u00a0<\/td>\n<\/tr>\n<\/tbody>\n<\/table>\n","protected":false},"excerpt":{"rendered":"<div class=\"post_sous-title; non-visible\">FC2408 &#8211; Intimit\u00e9 et sexualit\u00e9 de la personne \u00e2g\u00e9e<\/div>\n","protected":false},"author":4,"featured_media":0,"parent":11125,"menu_order":5,"comment_status":"closed","ping_status":"closed","template":"","meta":{"footnotes":""},"_links":{"self":[{"href":"https:\/\/www.imf.asso.fr\/pages\/index.php?rest_route=\/wp\/v2\/pages\/11821"}],"collection":[{"href":"https:\/\/www.imf.asso.fr\/pages\/index.php?rest_route=\/wp\/v2\/pages"}],"about":[{"href":"https:\/\/www.imf.asso.fr\/pages\/index.php?rest_route=\/wp\/v2\/types\/page"}],"author":[{"embeddable":true,"href":"https:\/\/www.imf.asso.fr\/pages\/index.php?rest_route=\/wp\/v2\/users\/4"}],"replies":[{"embeddable":true,"href":"https:\/\/www.imf.asso.fr\/pages\/index.php?rest_route=%2Fwp%2Fv2%2Fcomments&post=11821"}],"version-history":[{"count":2,"href":"https:\/\/www.imf.asso.fr\/pages\/index.php?rest_route=\/wp\/v2\/pages\/11821\/revisions"}],"predecessor-version":[{"id":12691,"href":"https:\/\/www.imf.asso.fr\/pages\/index.php?rest_route=\/wp\/v2\/pages\/11821\/revisions\/12691"}],"up":[{"embeddable":true,"href":"https:\/\/www.imf.asso.fr\/pages\/index.php?rest_route=\/wp\/v2\/pages\/11125"}],"wp:attachment":[{"href":"https:\/\/www.imf.asso.fr\/pages\/index.php?rest_route=%2Fwp%2Fv2%2Fmedia&parent=11821"}],"curies":[{"name":"wp","href":"https:\/\/api.w.org\/{rel}","templated":true}]}}

FC2408 &#8211; Intimité et sexualité de la personne âgée

<div class="post_sous-title; non-visible">FC2408 &#8211; Intimité et sexualité de la personne âgée</div>
<p><!--more--></p>
<table>
<tbody>
<tr>
<td class="cell_background_img"><a href="https://www.imf.asso.fr/pages/wp-content/uploads/FC2408-SENIORLAB-Intimite-et-sexualite-de-la-personne-agee_converted.pdf"><img decoding="async" loading="lazy" class="alignnone wp-image-10738 size-large" src="https://www.imf.asso.fr/pages/wp-content/uploads/FC2408-SENIORLAB-Intimite-et-sexualite-de-la-personne-agee_converted.png" alt="" width="945" height="669" /></a></td>
</tr>
</tbody>
</table>
<p><em>Documentation à télécharger (plaquette, dossier d&rsquo;inscription, calendriers&#8230;) en page 2.<br />
</em><!--nextpage--></p>
<table>
<tbody>
<tr>
<td>
<h4><em>FC2408 &#8211; Intimité et sexualité de la personne âgée</em></h4>
</td>
</tr>
</tbody>
</table>
<table style="width: 100%; height: 118px;">
<tbody>
<tr style="height: 118px;">
<td style="width: 81.7333%; height: 118px;">
<ul>
<li><a href="https://www.imf.asso.fr/pages/wp-content/uploads/FC2408-SENIORLAB-Intimite-et-sexualite-de-la-personne-agee_converted.pdf">Fiche FC2408 &#8211; Intimité et sexualité de la personne âgée</a></li>
<li><a href="https://forms.office.com/Pages/ResponsePage.aspx?id=8t8My6u1x0Gyi9OndG5U_BgGgOekM1FNgjjUOfZM9plURDk5T1JJU0JPT0lTSzhJN0xRN1c2NEhNMC4u">S&rsquo;inscrire</a></li>
<li><a href="mailto:seniorlab@imf.asso.fr">Nous contacter</a></li>
</ul>
</td>
<td style="width: 18.1334%; height: 118px;"> </td>
</tr>
</tbody>
</table>

<div class="post_sous-title; non-visible">FC2408 &#8211; Intimité et sexualité de la personne âgée</div>
