{"id":11272,"date":"2024-07-17T18:46:01","date_gmt":"2024-07-17T16:46:01","guid":{"rendered":"https:\/\/www.imf.asso.fr\/pages\/?page_id=11272"},"modified":"2025-07-25T11:41:34","modified_gmt":"2025-07-25T09:41:34","slug":"decouvrir-oasiss","status":"publish","type":"page","link":"https:\/\/www.imf.asso.fr\/pages\/?page_id=11272","title":{"rendered":"D\u00e9couvrir OASISS"},"content":{"rendered":"<p>&nbsp;<\/p>\n<div style=\"background: #f6f6f6; border-radius: 20px; padding: 30px;\">Pour en savoir plus sur le parcours<a href=\"https:\/\/www.imf.asso.fr\/pages\/?page_id=5823\"><strong> OASISS Handicap<\/strong><\/a>, venez nous rencontrer et d\u00e9couvrir nos locaux avignonnais.<\/p>\n<div>\u00a0<\/div>\n<div>Adresse :\u00a0 <span style=\"color: #1d60ab;\"><span style=\"color: #1d60ab;\"><b>IMF RIS AVIGNON<\/b> &#8211; <\/span>Hamadryade Bat B &#8211; 55 all\u00e9e Camille Claudel &#8211; Montfavet<\/p>\n<p><\/span><\/div>\n<div>\u00a0<\/div>\n<ul style=\"margin: 15px 0 0 0;\">\n<li><span style=\"font-size: 14pt; color: #1d60ab;\"><strong>Les r\u00e9unions d&rsquo;information collective<\/strong><\/span><span style=\"color: #1d60ab; font-size: 14pt;\"><br \/>\n<strong>\u2794\u00a0<\/strong> <a href=\"https:\/\/forms.office.com\/Pages\/ResponsePage.aspx?id=8t8My6u1x0Gyi9OndG5U_JL8Z7qBqxFIv5_wahf5Hz9UQ1E4UVA0N1A1QTc5MEhKMUhOWlVTREZJNy4u\"><em><span style=\"font-size: 12pt;\">S&rsquo;inscrire en remplissant le formulaire.<\/span><\/em><\/a><\/span><\/li>\n<\/ul>\n<div style=\"background: #eee; border: 1px solid #efefef; border-radius: 30px; padding: 20px; width: 600px;\">\n<ul>\n<li style=\"list-style-type: none;\">\n<ul>\n<li style=\"list-style-type: none;\">\n<ul>\n<li style=\"padding: 10px 0 10px 0; border-bottom: 1px solid #fff;\"><span style=\"width: 200px; display: inline-block;\">Vendredi <strong>29 ao\u00fbt<\/strong><\/span> 11h30-12h00<\/li>\n<li style=\"padding: 10px 0 10px 0; border-bottom: 1px solid #fff;\"><span style=\"width: 200px; display: inline-block;\">Mercredi <strong>03 septembre<\/strong><\/span> 11h30-12h00<\/li>\n<li style=\"padding: 10px 0 10px 0; border-bottom: 1px solid #fff;\"><span style=\"width: 200px; display: inline-block;\">Mercredi <strong>01 octobre<\/strong><\/span> 11h30-12h00<\/li>\n<li style=\"padding: 10px 0 10px 0; border-bottom: 1px solid #fff;\"><span style=\"width: 200px; display: inline-block;\">Mardi <strong>18 novembre<\/strong><\/span> 15h30-16h00<\/li>\n<li style=\"padding: 10px 0 10px 0; border-bottom: 1px solid #fff;\"><span style=\"width: 200px; display: inline-block;\">Jeudi <strong>27 novembre<\/strong><\/span> 11h30-12h00<\/li>\n<li style=\"padding: 10px 0 10px 0; border-bottom: 1px solid #fff;\"><span style=\"width: 200px; display: inline-block;\">Lundi <strong>08 d\u00e9cembre<\/strong><\/span> 11h30-12h00<\/li>\n<li style=\"padding: 10px 0 10px 0; border-bottom: 1px solid #fff;\"><span style=\"width: 200px; display: inline-block;\">Mercredi <strong>17 d\u00e9cembre<\/strong><\/span> 11h30-12h00<\/li>\n<\/ul>\n<\/li>\n<\/ul>\n<\/li>\n<\/ul>\n<\/div>\n<p><!--\n\n\n\n\n\n\n\n\n\n\n\n\n\n\n<div style=\"background: #fff; border: 1px solid #efefef; border-radius: 30px; padding: 20px;\">\n\n\n<ul>\n\t\n\n<li><span style=\"color: #1d60ab;\"><strong><span style=\"font-size: 14pt;\">PERMANENCES<br \/>\n<\/span><\/strong><\/span><span style=\"font-size: 12pt;\"><i>Inscription obligatoire par mail (<\/i><i>oasiss.avignon@imf.asso.fr),<\/i><i> en pr\u00e9cisant NOM Pr\u00e9nom, date et le cr\u00e9neau horaire choisi<\/i>.<\/span><span style=\"color: #1d60ab;\"><strong><span style=\"font-size: 14pt;\"><br \/>\n<\/span><\/strong><\/span><\/li>\n\n\n<\/ul>\n\n\n\n\n<table style=\"width: 90%; border-collapse: collapse; border-style: hidden; margin: 0 auto;\">\n\n\n<tbody>\n\n\n<tr>\n\n\n<td style=\"width: 33.3%;\">\n\n\n<p><span style=\"font-size: 10pt; color: #1d60ab;\"><strong>DATES<\/strong><\/span><br \/>\n<span style=\"font-size: 10pt;\"><strong>\u00e0 venir<\/strong><\/span><\/p>\n\n\n<\/td>\n\n\n\n\n<td style=\"width: 33.3%;\">\n\n\n<p>&nbsp;<\/p>\n\n\n\n\n\n\n\n\n\n\n\n\n\n\n\n\n\u00a0<\/td>\n\n\n\n\n<td style=\"width: 33.3%;\">\n\n\n<p>&nbsp;<\/p>\n\n\n<\/td>\n\n\n<\/tr>\n\n\n<\/tbody>\n\n\n<\/table>\n\n\n<\/div>\n\n\n\n\n\n\n\n\n\n\n\n\n\n\n--><\/p>\n<p>&nbsp;<\/p>\n<\/div>\n","protected":false},"excerpt":{"rendered":"<p>&nbsp;<\/p>\n<div style=\"background: #f6f6f6; border-radius: 20px; padding: 30px;\">Pour en savoir plus sur le parcours<a href=\"https:\/\/www.imf.asso.fr\/pages\/?page_id=5823\"><strong> OASISS Handicap<\/strong><\/a>, venez nous rencontrer et d\u00e9couvrir nos locaux avignonnais. <\/p>\n<div>\u00a0<\/div>\n<div>Adresse :\u00a0 <span style=\"color: #1d60ab;\"><span style=\"color: #1d60ab;\"><b>IMF RIS AVIGNON<\/b> &#8211; <\/span>Hamadryade Bat B &#8211; 55 all\u00e9e Camille Claudel &#8211; Montfavet <\/p>\n<p><\/span><\/div>\n<div>\u00a0<\/div>\n<ul style=\"margin: 15px 0 0 0;\">\n<li><span &hellip; <\/p>\n<p><a class=\"more-link btn\" href=\"https:\/\/www.imf.asso.fr\/pages\/?page_id=11272\">Lire la suite<\/a><\/p>\n<p><\/span><\/li>\n<\/ul>\n<\/div>\n","protected":false},"author":4,"featured_media":0,"parent":0,"menu_order":0,"comment_status":"closed","ping_status":"closed","template":"","meta":{"footnotes":""},"_links":{"self":[{"href":"https:\/\/www.imf.asso.fr\/pages\/index.php?rest_route=\/wp\/v2\/pages\/11272"}],"collection":[{"href":"https:\/\/www.imf.asso.fr\/pages\/index.php?rest_route=\/wp\/v2\/pages"}],"about":[{"href":"https:\/\/www.imf.asso.fr\/pages\/index.php?rest_route=\/wp\/v2\/types\/page"}],"author":[{"embeddable":true,"href":"https:\/\/www.imf.asso.fr\/pages\/index.php?rest_route=\/wp\/v2\/users\/4"}],"replies":[{"embeddable":true,"href":"https:\/\/www.imf.asso.fr\/pages\/index.php?rest_route=%2Fwp%2Fv2%2Fcomments&post=11272"}],"version-history":[{"count":2,"href":"https:\/\/www.imf.asso.fr\/pages\/index.php?rest_route=\/wp\/v2\/pages\/11272\/revisions"}],"predecessor-version":[{"id":14129,"href":"https:\/\/www.imf.asso.fr\/pages\/index.php?rest_route=\/wp\/v2\/pages\/11272\/revisions\/14129"}],"wp:attachment":[{"href":"https:\/\/www.imf.asso.fr\/pages\/index.php?rest_route=%2Fwp%2Fv2%2Fmedia&parent=11272"}],"curies":[{"name":"wp","href":"https:\/\/api.w.org\/{rel}","templated":true}]}}