{"id":105,"date":"2017-07-05T11:13:39","date_gmt":"2017-07-05T09:13:39","guid":{"rendered":"http:\/\/www.imf.asso.fr\/pages\/?page_id=105"},"modified":"2026-04-13T12:37:20","modified_gmt":"2026-04-13T10:37:20","slug":"fc2103-surveillant-e-de-nuit","status":"publish","type":"page","link":"https:\/\/www.imf.asso.fr\/pages\/?page_id=105","title":{"rendered":"FC2103 | Surveillant-e de nuit"},"content":{"rendered":"<div class=\"post_sous-title; non-visible\"><a title=\"Permalien vers FC2103 - Surveillant-e de nuit\" href=\"\/pages\/?page_id=105\" rel=\"bookmark\">Surveillant-e de nuit<\/a><\/div>\n<p><!--more--><\/p>\n<p><span style=\"font-size: 14pt; color: #1d60ab;\"><strong>Dans le cadre des secteurs social, m\u00e9dico-social, et sanitaire,<\/strong> <strong>le ou la Surveillant(e) de nuit assure une veille active quant \u00e0 la s\u00e9curit\u00e9 des personnes accompagn\u00e9es et garantit les conditions de leurs repos dans le respect des modalit\u00e9s de leur accompagnement.<\/strong> <\/span><\/p>\n<p><span style=\"font-size: 12pt;\">Il ou elle peut intervenir aupr\u00e8s de publics vari\u00e9s<\/span><span style=\"font-size: 12pt;\"> : enfants, jeunes, adultes, en situation de pr\u00e9carit\u00e9 ou de difficult\u00e9s sociales ou familiales, personnes \u00e2g\u00e9es ou personnes en situation de handicap.<\/span><span style=\"font-size: 12pt;\"><br \/>\n<\/span><\/p>\n<div style=\"width: 500px; float: left; margin-bottom: 50px;\">\n<p style=\"margin: 0;\"><span style=\"color: #1d60ab;\">\u25cb<\/span> La formation :<\/p>\n<p style=\"margin: 0;\"><span style=\"color: #1d60ab;\"><span style=\"padding: 5px 10px; border-radius: 20px;\">CQP\u00a0<strong>Surveillant de Nuit\u00a0<\/strong>(SN) &#8211; Niveau 3 (\u00e9quivalent CAP)<\/span><\/span><\/p>\n<p style=\"margin: 10px 0;\"><a href=\"https:\/\/www.imf.asso.fr\/pages\/wp-content\/uploads\/FC2103-\u2013-Surveillant-e-de-nuit.pdf\"><span style=\"margin: 0 0 0 10px; padding: 5px 10px; background: #f4f3fa; border: 1px solid purple; border-radius: 20px;\"><strong>\u00a0T\u00e9l\u00e9charger la fiche de la formation<\/strong><\/span><\/a><\/p>\n<p style=\"margin: 10px 0;\"><a href=\"https:\/\/www.imf.asso.fr\/pages\/formations\/catalogue\/docs\/fc2103c.pdf\"><span style=\"margin: 0 0 0 10px; padding: 5px 10px; background: #f4f3fa; border: 1px solid purple; border-radius: 20px;\"><strong>\u00a0T\u00e9l\u00e9charger la fiche compl\u00e9mentaire<\/strong><\/span><\/a><\/p>\n<p><\/p>\n<p style=\"margin: 0 0 10px 0;\"><span style=\"color: #1d60ab;\">\u25cb<\/span> Sites disponibles :<\/p>\n<p><span style=\"padding: 0 10px; border-radius: 20px; color: #1d60ab;\"><strong>IMF RIS Avignon <\/strong>(55 all\u00e9e Camille Claudel &#8211; 84 140)<strong><br \/>\n<\/strong><span style=\"padding: 0 10px; border-radius: 20px; color: #1d60ab;\"><strong>IMF RIS Marseille <\/strong>(59 av. St Just &#8211; 13013)<\/span><\/span><\/p>\n<p style=\"margin: 0 0 10px 0;\"><span style=\"color: #1d60ab;\">\u25cb<\/span> R\u00e9f\u00e9rentiel :<\/p>\n<p><a style=\"margin: 0 0 0 10px; padding: 5px 10px; background: #f4f3fa; border: 1px solid purple; border-radius: 20px;\" href=\"\/pages\/formations\/catalogue\/docs\/ref_fc2103.pdf\"><strong>Le r\u00e9f\u00e9rentiel<\/strong><\/a><\/p>\n<p style=\"margin: 0;\"><span style=\"color: #1d60ab;\">\u25cb<\/span> S&rsquo;informer :<\/p>\n<p style=\"margin: 0 0 10px 0;\"><span style=\"padding: 0 10px; border-radius: 20px; color: #1d60ab;\"><strong>Avignon :<\/strong><\/span><span style=\"color: #333333;\">\u00a0l.guyot@imf.asso.fr &#8211; 04 32 40 41 81<\/span><br \/>\n<span style=\"padding: 0 10px; border-radius: 20px; color: #1d60ab;\"><strong>Marseille :<\/strong><\/span><span style=\"color: #333333;\">a.belhaj@imf.asso.fr &#8211; 04 91 24 61 15<br \/>\n<\/span><\/p>\n<p><a style=\"margin: 0 0 0 10px; padding: 5px 10px 5px; background: #f4f3fa; border: 1px solid purple; border-radius: 20px;\" href=\"https:\/\/www.imf.asso.fr\/pages\/?page_id=2994\"><strong>Prochaines R\u00e9unions d&rsquo;Information Collective<\/strong><\/a><\/div>\n<div style=\"width: 300px; float: left;\">\n<p style=\"margin: 0;\"><span style=\"color: #1d60ab;\">\u25cb<\/span> Prochaines sessions :<\/p>\n<p style=\"margin: 0 0 10px 0;\"><strong><span style=\"padding: 0 10px; border-radius: 20px; margin: 0; display: inline-block;\"><span style=\"color: #1d60ab;\">Septembre 2026<br \/>\n<\/span><\/span><\/strong><span style=\"padding: 0px 10px; border-radius: 20px; margin: 0px; display: inline-block; font-size: 10pt;\"><span style=\"color: #1d60ab;\">(sous r\u00e9serve de candidatures suffisantes)<\/span><\/span><\/p>\n<p style=\"margin: 0 0 10px;\"><a style=\"margin: 0 0 0 10px; padding: 5px 10px; background: #f4f3fa; border: 1px solid purple; border-radius: 20px;\" href=\"https:\/\/www.imf.asso.fr\/pages\/wp-content\/uploads\/SN_Marseille-2026-1.pdf\"><strong>Calendrier IMF RIS Marseille<\/strong><\/a><\/p>\n<p style=\"margin: 15px 0;\"><a style=\"margin: 0 0 0 10px; padding: 5px 10px; background: #f4f3fa; border: 1px solid purple; border-radius: 20px;\" href=\"https:\/\/www.imf.asso.fr\/pages\/wp-content\/uploads\/SN_2627.pdf\"><strong>Calendrier IMF RIS Avignon<\/strong><\/a><\/p>\n<p><\/p>\n<p style=\"margin: 0 0 10px 0;\"><span style=\"color: #1d60ab;\">\u25cb<\/span> S&rsquo;inscrire :<\/p>\n<p style=\"margin: 0;\"><a href=\"https:\/\/www.imf.asso.fr\/pages\/wp-content\/uploads\/IMF-RIS-26-27-Fiche-renseignements-employeur-SN-MM.pdf\"><span style=\"margin: 0 0 0 10px; padding: 5px 10px; background: #f4f3fa; border: 1px solid purple; border-radius: 20px;\"><strong>La fiche d&rsquo;inscription<\/strong><\/span><\/a><\/p>\n<p style=\"margin: 10px 0 0 10px;\"><span style=\"font-size: 10pt;\">Vous serez contact\u00e9 prochainement pour un <strong>entretien de positionnement<\/strong>, se d\u00e9roulant habituellement au mois de juin ou de septembre.<\/span>\u00a0<\/p>\n<p><\/p>\n<p style=\"margin: 0;\"><span style=\"color: #1d60ab;\">\u25cb<\/span> Nos taux :<\/p>\n<p style=\"margin: 0;\"><span style=\"color: #1d60ab;\"><span style=\"padding: 5px 10px; border-radius: 20px;\">Taux de r\u00e9ussite : <strong>100%<\/strong><\/span><\/span><\/p>\n<p style=\"margin: 0;\"><span style=\"color: #1d60ab;\"><span style=\"padding: 5px 10px; border-radius: 20px;\">Taux d&rsquo;insertion : <strong>100%<\/strong>\u00a0<\/span><\/span><\/p>\n<\/div>\n<div style=\"clear: both;\">\n<\/div>\n","protected":false},"excerpt":{"rendered":"<div class=\"post_sous-title; non-visible\"><a title=\"Permalien vers FC2103 - Surveillant-e de nuit\" href=\"\/pages\/?page_id=105\" rel=\"bookmark\">Surveillant-e de nuit<\/a><\/div>\n","protected":false},"author":1,"featured_media":10771,"parent":47,"menu_order":11,"comment_status":"closed","ping_status":"closed","template":"template-twocolumnsleft.php","meta":{"footnotes":""},"_links":{"self":[{"href":"https:\/\/www.imf.asso.fr\/pages\/index.php?rest_route=\/wp\/v2\/pages\/105"}],"collection":[{"href":"https:\/\/www.imf.asso.fr\/pages\/index.php?rest_route=\/wp\/v2\/pages"}],"about":[{"href":"https:\/\/www.imf.asso.fr\/pages\/index.php?rest_route=\/wp\/v2\/types\/page"}],"author":[{"embeddable":true,"href":"https:\/\/www.imf.asso.fr\/pages\/index.php?rest_route=\/wp\/v2\/users\/1"}],"replies":[{"embeddable":true,"href":"https:\/\/www.imf.asso.fr\/pages\/index.php?rest_route=%2Fwp%2Fv2%2Fcomments&post=105"}],"version-history":[{"count":4,"href":"https:\/\/www.imf.asso.fr\/pages\/index.php?rest_route=\/wp\/v2\/pages\/105\/revisions"}],"predecessor-version":[{"id":17094,"href":"https:\/\/www.imf.asso.fr\/pages\/index.php?rest_route=\/wp\/v2\/pages\/105\/revisions\/17094"}],"up":[{"embeddable":true,"href":"https:\/\/www.imf.asso.fr\/pages\/index.php?rest_route=\/wp\/v2\/pages\/47"}],"wp:featuredmedia":[{"embeddable":true,"href":"https:\/\/www.imf.asso.fr\/pages\/index.php?rest_route=\/wp\/v2\/media\/10771"}],"wp:attachment":[{"href":"https:\/\/www.imf.asso.fr\/pages\/index.php?rest_route=%2Fwp%2Fv2%2Fmedia&parent=105"}],"curies":[{"name":"wp","href":"https:\/\/api.w.org\/{rel}","templated":true}]}}

<div class="post_sous-title; non-visible"><a title="Permalien vers FC2103 - Surveillant-e de nuit" href="/pages/?page_id=105" rel="bookmark">Surveillant-e de nuit</a></div>
<p><!--more--></p>
<p><span style="font-size: 14pt; color: #1d60ab;"><strong>Dans le cadre des secteurs social, médico-social, et sanitaire,</strong> <strong>le ou la Surveillant(e) de nuit assure une veille active quant à la sécurité des personnes accompagnées et garantit les conditions de leurs repos dans le respect des modalités de leur accompagnement.</strong> </span></p>
<p><span style="font-size: 12pt;">Il ou elle peut intervenir auprès de publics variés</span><span style="font-size: 12pt;"> : enfants, jeunes, adultes, en situation de précarité ou de difficultés sociales ou familiales, personnes âgées ou personnes en situation de handicap.</span><span style="font-size: 12pt;"><br />
</span></p>
<div style="width: 500px; float: left; margin-bottom: 50px;">
<p style="margin: 0;"><span style="color: #1d60ab;">○</span> La formation :</p>
<p style="margin: 0;"><span style="color: #1d60ab;"><span style="padding: 5px 10px; border-radius: 20px;">CQP <strong>Surveillant de Nuit </strong>(SN) &#8211; Niveau 3 (équivalent CAP)</span></span></p>
<p style="margin: 10px 0;"><a href="https://www.imf.asso.fr/pages/wp-content/uploads/FC2103-–-Surveillant-e-de-nuit.pdf"><span style="margin: 0 0 0 10px; padding: 5px 10px; background: #f4f3fa; border: 1px solid purple; border-radius: 20px;"><strong> Télécharger la fiche de la formation</strong></span></a></p>
<p style="margin: 10px 0;"><a href="https://www.imf.asso.fr/pages/formations/catalogue/docs/fc2103c.pdf"><span style="margin: 0 0 0 10px; padding: 5px 10px; background: #f4f3fa; border: 1px solid purple; border-radius: 20px;"><strong> Télécharger la fiche complémentaire</strong></span></a></p>
<p></p>
<p style="margin: 0 0 10px 0;"><span style="color: #1d60ab;">○</span> Sites disponibles :</p>
<p><span style="padding: 0 10px; border-radius: 20px; color: #1d60ab;"><strong>IMF RIS Avignon </strong>(55 allée Camille Claudel &#8211; 84 140)<strong><br />
</strong><span style="padding: 0 10px; border-radius: 20px; color: #1d60ab;"><strong>IMF RIS Marseille </strong>(59 av. St Just &#8211; 13013)</span></span></p>
<p style="margin: 0 0 10px 0;"><span style="color: #1d60ab;">○</span> Référentiel :</p>
<p><a style="margin: 0 0 0 10px; padding: 5px 10px; background: #f4f3fa; border: 1px solid purple; border-radius: 20px;" href="/pages/formations/catalogue/docs/ref_fc2103.pdf"><strong>Le référentiel</strong></a></p>
<p style="margin: 0;"><span style="color: #1d60ab;">○</span> S&rsquo;informer :</p>
<p style="margin: 0 0 10px 0;"><span style="padding: 0 10px; border-radius: 20px; color: #1d60ab;"><strong>Avignon :</strong></span><span style="color: #333333;"> l.guyot@imf.asso.fr &#8211; 04 32 40 41 81</span><br />
<span style="padding: 0 10px; border-radius: 20px; color: #1d60ab;"><strong>Marseille :</strong></span><span style="color: #333333;">a.belhaj@imf.asso.fr &#8211; 04 91 24 61 15<br />
</span></p>
<p><a style="margin: 0 0 0 10px; padding: 5px 10px 5px; background: #f4f3fa; border: 1px solid purple; border-radius: 20px;" href="https://www.imf.asso.fr/pages/?page_id=2994"><strong>Prochaines Réunions d&rsquo;Information Collective</strong></a></div>
<div style="width: 300px; float: left;">
<p style="margin: 0;"><span style="color: #1d60ab;">○</span> Prochaines sessions :</p>
<p style="margin: 0 0 10px 0;"><strong><span style="padding: 0 10px; border-radius: 20px; margin: 0; display: inline-block;"><span style="color: #1d60ab;">Septembre 2026<br />
</span></span></strong><span style="padding: 0px 10px; border-radius: 20px; margin: 0px; display: inline-block; font-size: 10pt;"><span style="color: #1d60ab;">(sous réserve de candidatures suffisantes)</span></span></p>
<p style="margin: 0 0 10px;"><a style="margin: 0 0 0 10px; padding: 5px 10px; background: #f4f3fa; border: 1px solid purple; border-radius: 20px;" href="https://www.imf.asso.fr/pages/wp-content/uploads/SN_Marseille-2026-1.pdf"><strong>Calendrier IMF RIS Marseille</strong></a></p>
<p style="margin: 15px 0;"><a style="margin: 0 0 0 10px; padding: 5px 10px; background: #f4f3fa; border: 1px solid purple; border-radius: 20px;" href="https://www.imf.asso.fr/pages/wp-content/uploads/SN_2627.pdf"><strong>Calendrier IMF RIS Avignon</strong></a></p>
<p></p>
<p style="margin: 0 0 10px 0;"><span style="color: #1d60ab;">○</span> S&rsquo;inscrire :</p>
<p style="margin: 0;"><a href="https://www.imf.asso.fr/pages/wp-content/uploads/IMF-RIS-26-27-Fiche-renseignements-employeur-SN-MM.pdf"><span style="margin: 0 0 0 10px; padding: 5px 10px; background: #f4f3fa; border: 1px solid purple; border-radius: 20px;"><strong>La fiche d&rsquo;inscription</strong></span></a></p>
<p style="margin: 10px 0 0 10px;"><span style="font-size: 10pt;">Vous serez contacté prochainement pour un <strong>entretien de positionnement</strong>, se déroulant habituellement au mois de juin ou de septembre.</span> </p>
<p></p>
<p style="margin: 0;"><span style="color: #1d60ab;">○</span> Nos taux :</p>
<p style="margin: 0;"><span style="color: #1d60ab;"><span style="padding: 5px 10px; border-radius: 20px;">Taux de réussite : <strong>100%</strong></span></span></p>
<p style="margin: 0;"><span style="color: #1d60ab;"><span style="padding: 5px 10px; border-radius: 20px;">Taux d&rsquo;insertion : <strong>100%</strong> </span></span></p>
</div>
<div style="clear: both;">
</div>
