{"id":10296,"date":"2024-05-06T14:04:00","date_gmt":"2024-05-06T12:04:00","guid":{"rendered":"https:\/\/www.imf.asso.fr\/pages\/?page_id=10296"},"modified":"2026-04-13T09:14:49","modified_gmt":"2026-04-13T07:14:49","slug":"reunions-dinformation-imf-ris-avignon","status":"publish","type":"page","link":"https:\/\/www.imf.asso.fr\/pages\/?page_id=10296","title":{"rendered":"R\u00e9unions d&rsquo;information IMF RIS AVIGNON (en pr\u00e9sentiel)"},"content":{"rendered":"<p>&nbsp;<\/p>\n<p>Pour en savoir plus sur les m\u00e9tiers de l&rsquo;intervention sociale, venez nous rencontrer et d\u00e9couvrir nos locaux avignonnais lors de nos r\u00e9unions d&rsquo;information collective en pr\u00e9sentiel.<\/p>\n<p>Adresse :\u00a0 <span style=\"color: #1d60ab;\"><span style=\"color: #1d60ab;\"><b>IMF RIS AVIGNON<\/b> &#8211; <\/span>Hamadryade Bat B &#8211; 55 all\u00e9e Camille Claudel &#8211; Montfavet<\/span><\/p>\n<ul>\n<li id=\"deiscafdes\" style=\"text-align: left;\"><span style=\"color: #1d60ab; font-size: 14pt;\"><strong>Les formations cadres : <\/strong><span style=\"color: #000000;\"><span style=\"font-size: 12pt;\">DEIS &#8211; CAFDES<\/span><span style=\"font-size: 12pt;\"> &#8211; CAFERUIS<\/span><\/span> <br \/>\n<span style=\"font-size: 12pt;\"><em><strong><span style=\"font-size: 14pt;\">\u2794<\/span>\u00a0<\/strong><\/em><a href=\"https:\/\/www.imf.asso.fr\/pages\/?page_id=10293\"><em> Dates disponibles en visio-conf\u00e9rence<\/em><\/a><\/span><br \/>\n<\/span><\/li>\n<\/ul>\n<p>&nbsp;<\/p>\n<ul>\n<li><span style=\"font-size: 14pt; color: #1d60ab;\"><strong>Les formations de niveau 6 :<\/strong><\/span> <span style=\"font-size: 12pt; color: #000000;\">\u00c9ducateur Sp\u00e9cialis\u00e9<em> &#8211; <\/em>\u00c9ducateur de Jeunes Enfants &#8211; Assistant de Service Social<\/span><span style=\"color: #1d60ab; font-size: 14pt;\"><br \/>\n<strong>\u2794\u00a0<\/strong> <a href=\"https:\/\/forms.office.com\/Pages\/ResponsePage.aspx?id=8t8My6u1x0Gyi9OndG5U_JL8Z7qBqxFIv5_wahf5Hz9URjBZTkNQMllDRDYxRzFVMEs0M0E0OEFaNS4u\"><em><span style=\"font-size: 12pt;\">S&rsquo;inscrire en remplissant le formulaire.<\/span><\/em><\/a><\/span><\/li>\n<\/ul>\n<div style=\"background: #eee; border: 1px solid #efefef; border-radius: 30px; padding: 20px; width: 600px;\">\n<ul>\n<li style=\"padding: 10px 0 10px 0; border-bottom: 1px solid #fff;\"><span style=\"width: 200px; display: inline-block;\">Mardi <strong>28 avril<\/strong><\/span> 14h00-16h00<\/li>\n<\/ul>\n<\/div>\n<ul style=\"margin: 20px 0 0 0;\">\n<li id=\"aestisfme\" style=\"text-align: left;\"><span style=\"color: #1d60ab; font-size: 14pt;\"><strong>Les formations de niveaux 3\/4 :<\/strong>\u00a0 <span style=\"font-size: 12pt; color: #000000;\">Accompagnant \u00c9ducatif et Social<em> &#8211; <\/em>T<\/span><\/span><span style=\"font-size: 12pt; color: #000000;\">echnicien de l&rsquo;Intervention Sociale et Familiale &#8211; Moniteur \u00c9ducateur<\/span><span style=\"color: #1d60ab; font-size: 14pt;\"><span style=\"font-size: 12pt; color: #000000;\"> &#8211; les formations pr\u00e9paratoires<\/span><br \/>\n<em><strong>\u2794<\/strong> <\/em><a href=\"https:\/\/forms.office.com\/Pages\/ResponsePage.aspx?id=8t8My6u1x0Gyi9OndG5U_JL8Z7qBqxFIv5_wahf5Hz9UMjhPV1hFVFI2S0FOWFRIVTZPWDNaRFgwTi4u\"><em><span style=\"font-size: 12pt;\">S&rsquo;inscrire en remplissant le formulaire.<\/span><\/em><\/a><\/span><\/li>\n<\/ul>\n<div style=\"background: #eee; border: 1px solid #efefef; border-radius: 30px; padding: 20px; width: 600px;\">\n<ul>\n<li style=\"list-style-type: none;\">\n<ul>\n<li style=\"padding: 10px 0 10px 0; border-bottom: 1px solid #fff;\"><span style=\"width: 200px; display: inline-block;\">Jeudi <strong>16 avril<\/strong><\/span> 14h00-16h00<\/li>\n<li style=\"padding: 10px 0 10px 0; border-bottom: 1px solid #fff;\"><span style=\"width: 200px; display: inline-block;\">Jeudi <strong>07 mai<\/strong><\/span> 14h00-16h00<\/li>\n<\/ul>\n<\/li>\n<\/ul>\n<\/div>\n<ul style=\"margin: 15px 0 0 0;\">\n<li><span style=\"color: #1d60ab; font-size: 14pt;\"><strong>OASISS Handicap<\/strong><\/span><span style=\"color: #1d60ab; font-size: 14pt;\"><br \/>\n<em><strong>\u2794<\/strong>\u00a0<a href=\"https:\/\/www.imf.asso.fr\/pages\/?page_id=5823\"><span style=\"font-size: 12pt;\"> D\u00e9couvrir OASISS<\/span><\/a><\/em><br \/>\n<em><strong>\u2794<\/strong> \u00a0<a href=\"https:\/\/www.imf.asso.fr\/pages\/?page_id=11272\"><span style=\"font-size: 12pt;\">Horaires des permanences<\/span><\/a><\/em><br \/>\n<\/span><\/li>\n<\/ul>\n<p>&nbsp;<\/p>\n<ul style=\"margin: 15px 0 0 0;\">\n<li><span style=\"color: #1d60ab; font-size: 14pt;\"><strong><em>TRACE TON AVENIR<\/em><\/strong>, la pr\u00e9paration aux formations du social<\/span><span style=\"color: #1d60ab; font-size: 14pt;\"><br \/>\n<em><strong>\u2794<\/strong>\u00a0<a href=\"https:\/\/www.imf.asso.fr\/pages\/?page_id=9941\"><span style=\"font-size: 12pt;\"> D\u00e9couvrir la pr\u00e9pa et consulter les dates des r\u00e9unions d&rsquo;information collective<\/span><\/a><\/em><\/p>\n<p>\n<\/span><\/li>\n<\/ul>\n<p><a href=\"https:\/\/www.imf.asso.fr\/pages\/?page_id=2994\"><span style=\"color: #1d60ab; font-size: 14pt;\"><strong>\u2794 Consulter les autres dates de nos r\u00e9unions d&rsquo;information collective<\/strong><\/span><\/a><span style=\"color: #1d60ab; font-size: 14pt;\"><br \/>\n<\/span><\/p>\n","protected":false},"excerpt":{"rendered":"<p>&nbsp;<\/p>\n<p>Pour en savoir plus sur les m\u00e9tiers de l&rsquo;intervention sociale, venez nous rencontrer et d\u00e9couvrir nos locaux avignonnais lors de nos r\u00e9unions d&rsquo;information collective en pr\u00e9sentiel.<\/p>\n<p>Adresse :\u00a0 <span style=\"color: #1d60ab;\"><span style=\"color: #1d60ab;\"><b>IMF RIS AVIGNON<\/b> &#8211; <\/span>Hamadryade Bat B &#8211; 55 all\u00e9e Camille Claudel &#8211; Montfavet<\/span><\/p>\n<ul>\n<li id=\"deiscafdes\" style=\"text-align: left;\"><span style=\"color: #1d60ab; font-size: &hellip; <\/p>\n<p><a class=\"more-link btn\" href=\"https:\/\/www.imf.asso.fr\/pages\/?page_id=10296\">Lire la suite<\/a><\/p>\n<p><\/span><\/li>\n<\/ul>\n","protected":false},"author":4,"featured_media":0,"parent":0,"menu_order":0,"comment_status":"closed","ping_status":"closed","template":"","meta":{"footnotes":""},"_links":{"self":[{"href":"https:\/\/www.imf.asso.fr\/pages\/index.php?rest_route=\/wp\/v2\/pages\/10296"}],"collection":[{"href":"https:\/\/www.imf.asso.fr\/pages\/index.php?rest_route=\/wp\/v2\/pages"}],"about":[{"href":"https:\/\/www.imf.asso.fr\/pages\/index.php?rest_route=\/wp\/v2\/types\/page"}],"author":[{"embeddable":true,"href":"https:\/\/www.imf.asso.fr\/pages\/index.php?rest_route=\/wp\/v2\/users\/4"}],"replies":[{"embeddable":true,"href":"https:\/\/www.imf.asso.fr\/pages\/index.php?rest_route=%2Fwp%2Fv2%2Fcomments&post=10296"}],"version-history":[{"count":2,"href":"https:\/\/www.imf.asso.fr\/pages\/index.php?rest_route=\/wp\/v2\/pages\/10296\/revisions"}],"predecessor-version":[{"id":10306,"href":"https:\/\/www.imf.asso.fr\/pages\/index.php?rest_route=\/wp\/v2\/pages\/10296\/revisions\/10306"}],"wp:attachment":[{"href":"https:\/\/www.imf.asso.fr\/pages\/index.php?rest_route=%2Fwp%2Fv2%2Fmedia&parent=10296"}],"curies":[{"name":"wp","href":"https:\/\/api.w.org\/{rel}","templated":true}]}}